{"id":361,"date":"2012-12-18T11:08:23","date_gmt":"2012-12-18T11:08:23","guid":{"rendered":"https:\/\/webs.uab.cat\/lrec\/publicacions-2000-2004\/"},"modified":"2012-12-18T11:08:23","modified_gmt":"2012-12-18T11:08:23","slug":"publicacions-2000-2004","status":"publish","type":"page","link":"https:\/\/webs.uab.cat\/lrec\/publicacions-2000-2004\/","title":{"rendered":"Publicacions 2000-2004"},"content":{"rendered":"<p>\u2022 A Bota, FJ Gella, F Canalias. <strong>Purification of human adenosine deaminase for the preparation of a reference material.<\/strong> J Chromatogr B 2000;737:237-44<\/p>\n<p>\u2022 A Bota, FJ Gella, F Canalias. <strong>Optimization of adenosine deaminase assay by response surface methodology<\/strong>. Clin Chim Acta 2000;290:145-57<\/p>\n<p>\u2022 D Balsells, FJ Gella, F Canalias. <strong>Valores de referencia de la concentraci\u00f3n catal\u00edtica de a-amilasa en suero y orina utilizando el procedimiento de medida recomendado por la SEQC<\/strong>. Qu\u00edm Cl\u00edn 2000;19:17-21<\/p>\n<p>\u2022 FJ Gella, F Canalias, C Dirscherl. <strong>The certification of the catalytic concentration of human creatine kinase-2 (CK-MB) in a reconstituted lyophilised material CRM 608.<\/strong> EUR-Reports of the CEC. EUR-19681-EN 2000<\/p>\n<p>\u2022 A Bota, FJ Gella, C Profilis, G F\u00e9rard, AG Hadjivassiliou, M H\u00f8rder, F Schiele, R Segura, F Canalias. <strong>Production and certification of an enzyme reference material for adenosine deaminase 1 (BCR 647)<\/strong>. Clin Chim Acta 2001;306:79-89<\/p>\n<p>\u2022 M S\u00e1nchez, FJ Gella, C Profilis, F Ceriotti, E Cus\u00f3,&nbsp; X Fuentes-Arderiu, K Hallermayer, M H\u00f8rder, M Panteghini, G Schumann, F Canalias.<strong> Certification of the mass concentration of creatine kinase isoenzyme 2 (CK-MB) in the reference material BCR 608<\/strong>. Clin Chem Lab Med 2001;39:858-65<\/p>\n<p>\u2022 F Canalias, M S\u00e1nchez, FJ Gella, C Profilis. <strong>The certification of the mass concentration of human creatine kinase-2 (CK-MB) in a reconstituted lyophilised material CRM 608<\/strong>. EUR-Reports of the CEC. EUR-19995-EN 2002<\/p>\n<p>\u2022 F Canalias, A Bota, FJ Gella, C Profilis. <strong>The certification of the catalytic concentration of human adenosine deaminase (ADA 1) in a reconstituted lyophilised material CRM 647<\/strong>. EUR-Reports of the CEC. EUR-19996-EN 2002<\/p>\n","protected":false},"excerpt":{"rendered":"<p>\u2022 A Bota, FJ Gella, F Canalias. Purification of human adenosine deaminase for the preparation of a reference material. J Chromatogr B 2000;737:237-44 \u2022 A Bota, FJ Gella, F Canalias. Optimization of adenosine deaminase assay by response surface methodology. Clin Chim Acta 2000;290:145-57 \u2022 D Balsells, FJ Gella, F Canalias. Valores de referencia de la [&hellip;]<\/p>\n","protected":false},"author":20,"featured_media":0,"parent":0,"menu_order":0,"comment_status":"closed","ping_status":"closed","template":"","meta":{"footnotes":""},"class_list":["post-361","page","type-page","status-publish","hentry"],"_links":{"self":[{"href":"https:\/\/webs.uab.cat\/lrec\/wp-json\/wp\/v2\/pages\/361","targetHints":{"allow":["GET"]}}],"collection":[{"href":"https:\/\/webs.uab.cat\/lrec\/wp-json\/wp\/v2\/pages"}],"about":[{"href":"https:\/\/webs.uab.cat\/lrec\/wp-json\/wp\/v2\/types\/page"}],"author":[{"embeddable":true,"href":"https:\/\/webs.uab.cat\/lrec\/wp-json\/wp\/v2\/users\/20"}],"replies":[{"embeddable":true,"href":"https:\/\/webs.uab.cat\/lrec\/wp-json\/wp\/v2\/comments?post=361"}],"version-history":[{"count":0,"href":"https:\/\/webs.uab.cat\/lrec\/wp-json\/wp\/v2\/pages\/361\/revisions"}],"wp:attachment":[{"href":"https:\/\/webs.uab.cat\/lrec\/wp-json\/wp\/v2\/media?parent=361"}],"curies":[{"name":"wp","href":"https:\/\/api.w.org\/{rel}","templated":true}]}}