{"id":515,"date":"2013-01-23T15:30:20","date_gmt":"2013-01-23T15:30:20","guid":{"rendered":"https:\/\/webs.uab.cat\/lrec\/enllacos\/"},"modified":"2023-01-18T09:28:12","modified_gmt":"2023-01-18T09:28:12","slug":"enllacos","status":"publish","type":"page","link":"https:\/\/webs.uab.cat\/lrec\/enllacos\/","title":{"rendered":"Enlla\u00e7os"},"content":{"rendered":"\n<ul class=\"wp-block-list\"><li><strong>Associaci\u00f3 Catalana de Ci\u00e8ncies de Laboratori Cl\u00ednic (ACCLC)<\/strong><br><a href=\"http:\/\/www.acclc.cat\/ca\">http:\/\/www.acclc.cat\/ca<\/a><br><\/li><li><strong style=\"font-size: revert;letter-spacing: 0.05rem\">Biocat<br><\/strong><a style=\"font-size: revert;letter-spacing: 0.05rem\" href=\"http:\/\/www.biocat.cat\">http:\/\/www.biocat.cat<\/a><br><\/li><li><strong style=\"font-size: revert;letter-spacing: 0.05rem\">Clinical and Laboratory Standards Institute (CLSI)<br><\/strong><a style=\"font-size: revert;letter-spacing: 0.05rem\" href=\"http:\/\/www.clsi.org\">http:\/\/www.clsi.org<\/a><br><\/li><li><strong style=\"font-size: revert;letter-spacing: 0.05rem\">European Federation of Clinical Chemistry and Laboratory Medicine (EFLM)<br><\/strong><a style=\"font-size: revert;letter-spacing: 0.05rem\" href=\"http:\/\/eflm.eu\/\">http:\/\/eflm.eu<\/a><br><\/li><li><strong style=\"font-size: revert;letter-spacing: 0.05rem\">Entidad Nacional de Acreditaci\u00f3n (ENAC)<br><\/strong><a style=\"font-size: revert;letter-spacing: 0.05rem\" href=\"http:\/\/www.enac.es\/web\/enac\/inicio\">http:\/\/www.enac.es\/web\/enac\/inicio<\/a><br><\/li><li><strong style=\"font-size: revert;letter-spacing: 0.05rem\">IFCC-DGKL-RELA<\/strong>, programa d\u2019avaluaci\u00f3 externa de la qualitat per laboratoris de refer\u00e8ncia<span style=\"font-size: revert;letter-spacing: 0.05rem\"> amb els resultats dels diferents programes anuals<br><\/span>http:\/\/www.dgkl-rfb.de:81\/<br><\/li><li><strong style=\"font-size: revert;letter-spacing: 0.05rem\">International Federation of Clinical Chemistry and Laboratory Medicine (IFCC)<br><\/strong><a style=\"font-size: revert;letter-spacing: 0.05rem\" href=\"http:\/\/www.ifcc.org\">http:\/\/www.ifcc.org<\/a><br><\/li><li><strong style=\"font-size: revert;letter-spacing: 0.05rem\">Joint Research Centre (JRC)<br><\/strong><a style=\"font-size: revert;letter-spacing: 0.05rem\" href=\"https:\/\/ec.europa.eu\/jrc\/en\/reference-materials\">https:\/\/ec.europa.eu\/jrc\/en\/reference-materials<\/a><br><\/li><li><strong style=\"font-size: revert;letter-spacing: 0.05rem\">International Organization for Standardization (ISO)<\/strong><br><a style=\"font-size: revert;letter-spacing: 0.05rem\" href=\"http:\/\/www.iso.org\">http:\/\/www.iso.org<\/a><br><\/li><li><strong style=\"font-size: revert;letter-spacing: 0.05rem\">Joint Committee for Traceability in Laboratory Medicine (JCTLM)<\/strong>, base\u00a0 de dades<span style=\"font-size: revert;letter-spacing: 0.05rem\"> de procediments de mesura de refer\u00e8ncia, materials de refer\u00e8ncia i laboratoris de refer\u00e8ncia<br><\/span><a style=\"font-size: revert;letter-spacing: 0.05rem\" href=\"http:\/\/www.bipm.org\/jctlm\/\">http:\/\/www.bipm.org\/jctlm<\/a><br><\/li><li><strong style=\"font-size: revert;letter-spacing: 0.05rem\">Secci\u00f3 Catalana de Metrologia<\/strong><br><a style=\"font-size: revert;letter-spacing: 0.05rem\" href=\"http:\/\/www.scmetro-sct.cat\/\">http:\/\/www.scmetro-sct.cat<\/a><br><\/li><li><strong style=\"font-size: revert;letter-spacing: 0.05rem\">Serveis Cientificot\u00e8cnics de la UAB<\/strong><br><a href=\"https:\/\/www.uab.cat\/serveis-cientifico-tecnics\/\">http:\/\/www.uab.cat\/serveis-cientifico-tecnics<\/a><br><\/li><li><strong style=\"font-size: revert;letter-spacing: 0.05rem\">Sociedad Espa\u00f1ola de Medicina de Laboratorio (SEQC)<br><\/strong><a style=\"font-size: revert;letter-spacing: 0.05rem\" href=\"http:\/\/www.seqc.es\">http:\/\/www.seqc.es<\/a><\/li><\/ul>\n","protected":false},"excerpt":{"rendered":"<p>Associaci\u00f3 Catalana de Ci\u00e8ncies de Laboratori Cl\u00ednic (ACCLC)http:\/\/www.acclc.cat\/ca Biocathttp:\/\/www.biocat.cat Clinical and Laboratory Standards Institute (CLSI)http:\/\/www.clsi.org European Federation of Clinical Chemistry and Laboratory Medicine (EFLM)http:\/\/eflm.eu Entidad Nacional de Acreditaci\u00f3n (ENAC)http:\/\/www.enac.es\/web\/enac\/inicio IFCC-DGKL-RELA, programa d\u2019avaluaci\u00f3 externa de la qualitat per laboratoris de refer\u00e8ncia amb els resultats dels diferents programes anualshttp:\/\/www.dgkl-rfb.de:81\/ International Federation of Clinical Chemistry and Laboratory Medicine [&hellip;]<\/p>\n","protected":false},"author":20,"featured_media":0,"parent":0,"menu_order":0,"comment_status":"closed","ping_status":"closed","template":"","meta":{"footnotes":""},"class_list":["post-515","page","type-page","status-publish","hentry"],"_links":{"self":[{"href":"https:\/\/webs.uab.cat\/lrec\/wp-json\/wp\/v2\/pages\/515","targetHints":{"allow":["GET"]}}],"collection":[{"href":"https:\/\/webs.uab.cat\/lrec\/wp-json\/wp\/v2\/pages"}],"about":[{"href":"https:\/\/webs.uab.cat\/lrec\/wp-json\/wp\/v2\/types\/page"}],"author":[{"embeddable":true,"href":"https:\/\/webs.uab.cat\/lrec\/wp-json\/wp\/v2\/users\/20"}],"replies":[{"embeddable":true,"href":"https:\/\/webs.uab.cat\/lrec\/wp-json\/wp\/v2\/comments?post=515"}],"version-history":[{"count":6,"href":"https:\/\/webs.uab.cat\/lrec\/wp-json\/wp\/v2\/pages\/515\/revisions"}],"predecessor-version":[{"id":1255,"href":"https:\/\/webs.uab.cat\/lrec\/wp-json\/wp\/v2\/pages\/515\/revisions\/1255"}],"wp:attachment":[{"href":"https:\/\/webs.uab.cat\/lrec\/wp-json\/wp\/v2\/media?parent=515"}],"curies":[{"name":"wp","href":"https:\/\/api.w.org\/{rel}","templated":true}]}}