{"id":67,"date":"2010-06-22T15:31:18","date_gmt":"2010-06-22T15:31:18","guid":{"rendered":"https:\/\/webs.uab.cat\/lrec\/serveis\/"},"modified":"2023-01-17T07:42:11","modified_gmt":"2023-01-17T07:42:11","slug":"serveis","status":"publish","type":"page","link":"https:\/\/webs.uab.cat\/lrec\/serveis\/","title":{"rendered":"SERVEIS"},"content":{"rendered":"\n<p>El Laboratori de Refer\u00e8ncia d\u2019Enzimologia Cl\u00ednica (LREC) ofereix el seu servei de mesura de refer\u00e8ncia d\u2019enzims a la ind\u00fastria del diagn\u00f2stic in vitro, als organismes internacionals d\u2019estandarditzaci\u00f3, als organitzadors de programes d\u2019avaluaci\u00f3 externa de la qualitat, als laboratoris cl\u00ednics i a totes aquelles organitzacions que ho requereixin.<\/p>\n\n\n\n<p>Com a complement a les activitats de laboratori de refer\u00e8ncia, el LREC realitza cursos de formaci\u00f3 adre\u00e7ats a les empreses, institucions i organismes interessats.<\/p>\n\n\n\n<h2 class=\"wp-block-heading\">Tarifes<\/h2>\n\n\n\n<p>Podeu adre\u00e7ar-vos al LREC per correu electr\u00f2nic o mitjan\u00e7ant el formulari de contacte i us realitzarem un pressupost ajustat a les vostres necessitats. &nbsp;<\/p>\n","protected":false},"excerpt":{"rendered":"<p>El Laboratori de Refer\u00e8ncia d\u2019Enzimologia Cl\u00ednica (LREC) ofereix el seu servei de mesura de refer\u00e8ncia d\u2019enzims a la ind\u00fastria del diagn\u00f2stic in vitro, als organismes internacionals d\u2019estandarditzaci\u00f3, als organitzadors de programes d\u2019avaluaci\u00f3 externa de la qualitat, als laboratoris cl\u00ednics i a totes aquelles organitzacions que ho requereixin. Com a complement a les activitats de laboratori [&hellip;]<\/p>\n","protected":false},"author":20,"featured_media":0,"parent":0,"menu_order":0,"comment_status":"closed","ping_status":"closed","template":"","meta":{"footnotes":""},"class_list":["post-67","page","type-page","status-publish","hentry"],"_links":{"self":[{"href":"https:\/\/webs.uab.cat\/lrec\/wp-json\/wp\/v2\/pages\/67","targetHints":{"allow":["GET"]}}],"collection":[{"href":"https:\/\/webs.uab.cat\/lrec\/wp-json\/wp\/v2\/pages"}],"about":[{"href":"https:\/\/webs.uab.cat\/lrec\/wp-json\/wp\/v2\/types\/page"}],"author":[{"embeddable":true,"href":"https:\/\/webs.uab.cat\/lrec\/wp-json\/wp\/v2\/users\/20"}],"replies":[{"embeddable":true,"href":"https:\/\/webs.uab.cat\/lrec\/wp-json\/wp\/v2\/comments?post=67"}],"version-history":[{"count":2,"href":"https:\/\/webs.uab.cat\/lrec\/wp-json\/wp\/v2\/pages\/67\/revisions"}],"predecessor-version":[{"id":1136,"href":"https:\/\/webs.uab.cat\/lrec\/wp-json\/wp\/v2\/pages\/67\/revisions\/1136"}],"wp:attachment":[{"href":"https:\/\/webs.uab.cat\/lrec\/wp-json\/wp\/v2\/media?parent=67"}],"curies":[{"name":"wp","href":"https:\/\/api.w.org\/{rel}","templated":true}]}}