{"id":5,"date":"2016-01-28T12:50:36","date_gmt":"2016-01-28T11:50:36","guid":{"rendered":"http:\/\/blogs.uab.cat\/majmin\/?page_id=2"},"modified":"2024-02-12T10:26:24","modified_gmt":"2024-02-12T10:26:24","slug":"criteris-generals","status":"publish","type":"page","link":"https:\/\/webs.uab.cat\/majmin\/criteris-generals\/","title":{"rendered":"Criteris generals"},"content":{"rendered":"<hr \/>\n<p><strong>Primer:\u00a0norma general<\/strong><\/p>\n<hr \/>\n<p>Com a norma general, s&#8217;escriuen amb maj\u00fascula inicial els noms propis i tamb\u00e9 els noms comuns que tenen una funci\u00f3 distintiva o singularitzadora, \u00e9s a dir, que funcionen com a nom propi o que formen part d&#8217;un nom propi. S&#8217;escriuen amb min\u00fascules, en canvi, els noms que tenen un valor gen\u00e8ric.<\/p>\n<p>Una mateixa paraula pot tenir un valor o un altre segons el context. Per exemple, la paraula\u00a0<em><span class=\"cursiva\">institut<\/span>\u00a0<\/em>t\u00e9 una funci\u00f3 singularitzadora a<em>\u00a0<span class=\"cursiva\">Institut d&#8217;Estudis Catalans<\/span><\/em>, ja que forma part del nom d&#8217;una instituci\u00f3, per\u00f2 funciona com a nom gen\u00e8ric a\u00a0<em><span class=\"cursiva\">els instituts universitaris<\/span><\/em>, ja que\u00a0<em><span class=\"cursiva\">instituts universitaris<\/span><\/em>\u00a0no \u00e9s el nom de res. En general, els noms tenen un valor gen\u00e8ric, no singularitzador, en els casos seg\u00fcents:<\/p>\n<p><strong>Quan s&#8217;utilitzen en plural<\/strong><\/p>\n<ul>\n<li>el Departament de Filosofia<\/li>\n<li>els departaments de Filosofia i de Geografia<\/li>\n<li class=\"exemple\">el Decret 39\/1990<\/li>\n<li class=\"exemple\">els decrets que encara no han estat publicats<\/li>\n<li class=\"exemple\">la Comissi\u00f3 de Convalidacions<\/li>\n<li class=\"exemple\">les comissions delegades de la Junta de Govern<\/li>\n<\/ul>\n<p>No obstant aix\u00f2, els plurals no aglutinadors accepten la maj\u00fascula.<\/p>\n<ul>\n<li class=\"exemple\">els Estatuts de la UAB [\u00e9s un sol text]<\/li>\n<li class=\"exemple\">Comissions Obreres [\u00e9s el nom d&#8217;un sindicat]<\/li>\n<\/ul>\n<p><strong>Quan van davant dels adjectius demostratius\u00a0<em><span class=\"cursiva\">aquest<\/span>\u00a0<\/em>i\u00a0<em><span class=\"cursiva\">aquell<\/span><\/em><\/strong><\/p>\n<ul class=\"exemples\">\n<li class=\"exemple\">la Unitat de Lletres<\/li>\n<li class=\"exemple\">aquesta unitat<\/li>\n<li class=\"exemple\">la Universitat Aut\u00f2noma de Barcelona<\/li>\n<li class=\"exemple\">aquesta universitat<\/li>\n<li class=\"exemple\">el Premi d&#8217;Honor Jaume I<\/li>\n<li class=\"exemple\">aquest premi<\/li>\n<\/ul>\n<p><strong>Quan van davant de l&#8217;article indeterminat\u00a0<em><span class=\"cursiva\">un<\/span>\u00a0<\/em>i dels adjectius\u00a0<em><span class=\"cursiva\">algun<\/span><\/em>,\u00a0<em><span class=\"cursiva\">cap<\/span>\u00a0<\/em>i\u00a0<em><span class=\"cursiva\">cada<\/span><\/em><\/strong><\/p>\n<ul class=\"exemples\">\n<li class=\"exemple\">s&#8217;ha inaugurat el I Congr\u00e9s d&#8217;Edafologia<\/li>\n<li class=\"exemple\">assistiran a un congr\u00e9s d&#8217;edafologia<\/li>\n<li class=\"exemple\">volen participar en algun congr\u00e9s d&#8217;edafologia<\/li>\n<li class=\"exemple\">no volen participar en cap congr\u00e9s d&#8217;edafologia<\/li>\n<li class=\"exemple\">cada congr\u00e9s es far\u00e0 en una universitat diferent<\/li>\n<\/ul>\n<p><strong>Altres exemples<\/strong><\/p>\n<ul class=\"exemples\">\n<li class=\"exemple\">la nostra universitat<\/li>\n<li class=\"exemple\">la universitat que t\u00e9 m\u00e9s recursos<\/li>\n<li class=\"exemple\">el centre esmentat<\/li>\n<li class=\"exemple\">la facultat on es far\u00e0 l&#8217;experi\u00e8ncia pilot<\/li>\n<li class=\"exemple\">el departament corresponent<\/li>\n<li class=\"exemple\">la comissi\u00f3 m\u00e9s nombrosa<\/li>\n<\/ul>\n<hr \/>\n<p><strong>Segon:\u00a0la maj\u00fascula inicial\u00a0<\/strong><\/p>\n<hr \/>\n<p>La maj\u00fascula inicial nom\u00e9s afecta els noms i els adjectius; els articles, les preposicions i les conjuncions s&#8217;escriuen amb min\u00fascula.<\/p>\n<ul class=\"exemples\">\n<li class=\"exemple\">la II Mostra de la Dona a Catalunya<\/li>\n<li class=\"exemple\">el Centre d&#8217;Estudis Ol\u00edmpics<\/li>\n<\/ul>\n<p>Nom\u00e9s la maj\u00fascula inicial de t\u00edtol afecta qualsevol tipus de mot.<\/p>\n<ul class=\"exemples\">\n<li class=\"exemple\">la tesi\u00a0<span class=\"cursiva\"><em>Els preus del s\u00f2l (el cas de Barcelona)<\/em><\/span><\/li>\n<li class=\"exemple\">l&#8217;obra\u00a0<em><span class=\"cursiva\">O tu o res<\/span><\/em><\/li>\n<\/ul>\n<hr \/>\n<p><strong>Tercer:\u00a0els mots compostos<\/strong><\/p>\n<hr \/>\n<p>En els mots compostos units amb guionet, el segon element comen\u00e7a sempre amb min\u00fascula.<\/p>\n<ul>\n<li class=\"exemple\">Vall-llebrera<\/li>\n<li class=\"exemple\">Sud-\u00e0frica<\/li>\n<\/ul>\n<hr \/>\n","protected":false},"excerpt":{"rendered":"<p>Primer:\u00a0norma general Com a norma general, s&#8217;escriuen amb maj\u00fascula inicial els noms propis i tamb\u00e9 els noms comuns que tenen una funci\u00f3 distintiva o singularitzadora, \u00e9s a dir, que funcionen com a nom propi o que formen part d&#8217;un nom propi. S&#8217;escriuen amb min\u00fascules, en canvi, els noms que tenen un valor gen\u00e8ric. Una mateixa [&hellip;]<\/p>\n","protected":false},"author":59,"featured_media":0,"parent":0,"menu_order":1,"comment_status":"closed","ping_status":"closed","template":"","meta":{"footnotes":""},"class_list":["post-5","page","type-page","status-publish","hentry"],"_links":{"self":[{"href":"https:\/\/webs.uab.cat\/majmin\/wp-json\/wp\/v2\/pages\/5","targetHints":{"allow":["GET"]}}],"collection":[{"href":"https:\/\/webs.uab.cat\/majmin\/wp-json\/wp\/v2\/pages"}],"about":[{"href":"https:\/\/webs.uab.cat\/majmin\/wp-json\/wp\/v2\/types\/page"}],"author":[{"embeddable":true,"href":"https:\/\/webs.uab.cat\/majmin\/wp-json\/wp\/v2\/users\/59"}],"replies":[{"embeddable":true,"href":"https:\/\/webs.uab.cat\/majmin\/wp-json\/wp\/v2\/comments?post=5"}],"version-history":[{"count":2,"href":"https:\/\/webs.uab.cat\/majmin\/wp-json\/wp\/v2\/pages\/5\/revisions"}],"predecessor-version":[{"id":97,"href":"https:\/\/webs.uab.cat\/majmin\/wp-json\/wp\/v2\/pages\/5\/revisions\/97"}],"wp:attachment":[{"href":"https:\/\/webs.uab.cat\/majmin\/wp-json\/wp\/v2\/media?parent=5"}],"curies":[{"name":"wp","href":"https:\/\/api.w.org\/{rel}","templated":true}]}}