{"id":6,"date":"2016-01-28T13:57:34","date_gmt":"2016-01-28T12:57:34","guid":{"rendered":"http:\/\/blogs.uab.cat\/majmin\/?page_id=4"},"modified":"2024-02-15T12:21:55","modified_gmt":"2024-02-15T12:21:55","slug":"benvinguts","status":"publish","type":"page","link":"https:\/\/webs.uab.cat\/majmin\/","title":{"rendered":"\u2605"},"content":{"rendered":"<hr \/>\n<h3><strong>Les maj\u00fascules i les min\u00fascules<\/strong><\/h3>\n<hr \/>\n<p>Hem redactat aquesta proposta amb la finalitat d&#8217;oferir a la comunitat universit\u00e0ria de la Universitat Aut\u00f2noma de Barcelona un recull d&#8217;orientacions pr\u00e0ctiques per a l&#8217;escriptura correcta de <span style=\"color: #339966\"><strong>maj\u00fascules<\/strong> <\/span>i <span style=\"color: #339966\"><strong>min\u00fascules<\/strong><\/span>. Tot i que aquesta q\u00fcesti\u00f3 t\u00e9 m\u00e9s a veure amb l&#8217;estil\u00edstica que no pas amb la normativa gramatical pr\u00f2piament dita, considerem necessari que els textos universitaris tinguin coher\u00e8ncia i homogene\u00eftat en aquests aspectes formals.<\/p>\n<p>Ens hem cenyit a l&#8217;\u00fas de les maj\u00fascules com a marca distintiva, \u00e9s a dir, dependent de la naturalesa de les paraules (nom d&#8217;una instituci\u00f3, d&#8217;una assignatura, etc.). Hem deixat de banda, doncs, els casos que depenen de la posici\u00f3 que ocupa una paraula dins d&#8217;un text (contacte amb signes de puntuaci\u00f3, comen\u00e7ament d&#8217;un escrit, etc.).<\/p>\n<p>De les obres que hem consultat, hem tingut en consideraci\u00f3 especialment els criteris fixats a l&#8217;opuscle\u00a0<a href=\"https:\/\/llengua.gencat.cat\/web\/.content\/documents\/publicacions\/btpl\/arxius\/18-BTPL-Majuscules-i-minuscules.pdf\"><em><span class=\"cursiva\">Maj\u00fascules i min\u00fascules<\/span><\/em><\/a>, publicat pel Departament de Cultura de la Generalitat de Catalunya.<\/p>\n<hr \/>\n","protected":false},"excerpt":{"rendered":"<p>Les maj\u00fascules i les min\u00fascules Hem redactat aquesta proposta amb la finalitat d&#8217;oferir a la comunitat universit\u00e0ria de la Universitat Aut\u00f2noma de Barcelona un recull d&#8217;orientacions pr\u00e0ctiques per a l&#8217;escriptura correcta de maj\u00fascules i min\u00fascules. Tot i que aquesta q\u00fcesti\u00f3 t\u00e9 m\u00e9s a veure amb l&#8217;estil\u00edstica que no pas amb la normativa gramatical pr\u00f2piament dita, [&hellip;]<\/p>\n","protected":false},"author":59,"featured_media":0,"parent":0,"menu_order":0,"comment_status":"closed","ping_status":"closed","template":"","meta":{"footnotes":""},"class_list":["post-6","page","type-page","status-publish","hentry"],"_links":{"self":[{"href":"https:\/\/webs.uab.cat\/majmin\/wp-json\/wp\/v2\/pages\/6","targetHints":{"allow":["GET"]}}],"collection":[{"href":"https:\/\/webs.uab.cat\/majmin\/wp-json\/wp\/v2\/pages"}],"about":[{"href":"https:\/\/webs.uab.cat\/majmin\/wp-json\/wp\/v2\/types\/page"}],"author":[{"embeddable":true,"href":"https:\/\/webs.uab.cat\/majmin\/wp-json\/wp\/v2\/users\/59"}],"replies":[{"embeddable":true,"href":"https:\/\/webs.uab.cat\/majmin\/wp-json\/wp\/v2\/comments?post=6"}],"version-history":[{"count":5,"href":"https:\/\/webs.uab.cat\/majmin\/wp-json\/wp\/v2\/pages\/6\/revisions"}],"predecessor-version":[{"id":171,"href":"https:\/\/webs.uab.cat\/majmin\/wp-json\/wp\/v2\/pages\/6\/revisions\/171"}],"wp:attachment":[{"href":"https:\/\/webs.uab.cat\/majmin\/wp-json\/wp\/v2\/media?parent=6"}],"curies":[{"name":"wp","href":"https:\/\/api.w.org\/{rel}","templated":true}]}}