{"id":40,"date":"2012-03-06T17:51:52","date_gmt":"2012-03-06T15:51:52","guid":{"rendered":"https:\/\/webs.uab.cat\/marisapresas\/gestio-academica\/"},"modified":"2012-03-06T17:51:52","modified_gmt":"2012-03-06T15:51:52","slug":"gestio-academica","status":"publish","type":"page","link":"https:\/\/webs.uab.cat\/marisapresas\/gestio-academica\/","title":{"rendered":"Gesti\u00f3 acad\u00e8mica"},"content":{"rendered":"<p>Secret\u00e0ria de l\u2019Escola Universit\u00e0ria de Traductors e Int\u00e8rprets de la UAB (1\/10\/1982 a 14\/1\/1985)<\/p>\n<p>Vicedirectora de l\u2019Escola Universit\u00e0ria de Traductors e Int\u00e8rprets de la UAB (15\/1\/1985 a 30\/11\/986)<\/p>\n<p>Directora del Departament de Traducci\u00f3 i Interpretaci\u00f3 (1\/3\/1995 a 13\/5\/1999)<\/p>\n<p>Coordinadora del Programa Oficial de Postgrau <em>Traducci\u00f3, Interpretaci\u00f3 i \u00c0sia Oriental<\/em> de la UA B (1\/10\/2005 a 1\/4\/2008)<\/p>\n<p>Directora del Departament de Traducci\u00f3 i Interpretaci\u00f3 de la UAB (1\/9\/2011 a 31\/8\/2014)<\/p>\n<p>Coordinadora del programa de doctorat <em>Traducci\u00f3 i Estudis Interculturals<\/em> (1\/9\/2015 a 31\/8\/2017)<\/p>\n","protected":false},"excerpt":{"rendered":"<p>Secret\u00e0ria de l\u2019Escola Universit\u00e0ria de Traductors e Int\u00e8rprets de la UAB (1\/10\/1982 a 14\/1\/1985) Vicedirectora de l\u2019Escola Universit\u00e0ria de Traductors e Int\u00e8rprets de la UAB (15\/1\/1985 a 30\/11\/986) Directora del Departament de Traducci\u00f3 i Interpretaci\u00f3 (1\/3\/1995 a 13\/5\/1999) Coordinadora del Programa Oficial de Postgrau Traducci\u00f3, Interpretaci\u00f3 i \u00c0sia Oriental de la UA B (1\/10\/2005 a [&hellip;]<\/p>\n","protected":false},"author":20,"featured_media":0,"parent":0,"menu_order":0,"comment_status":"closed","ping_status":"closed","template":"","meta":{"footnotes":""},"class_list":["post-40","page","type-page","status-publish","hentry"],"_links":{"self":[{"href":"https:\/\/webs.uab.cat\/marisapresas\/wp-json\/wp\/v2\/pages\/40","targetHints":{"allow":["GET"]}}],"collection":[{"href":"https:\/\/webs.uab.cat\/marisapresas\/wp-json\/wp\/v2\/pages"}],"about":[{"href":"https:\/\/webs.uab.cat\/marisapresas\/wp-json\/wp\/v2\/types\/page"}],"author":[{"embeddable":true,"href":"https:\/\/webs.uab.cat\/marisapresas\/wp-json\/wp\/v2\/users\/20"}],"replies":[{"embeddable":true,"href":"https:\/\/webs.uab.cat\/marisapresas\/wp-json\/wp\/v2\/comments?post=40"}],"version-history":[{"count":0,"href":"https:\/\/webs.uab.cat\/marisapresas\/wp-json\/wp\/v2\/pages\/40\/revisions"}],"wp:attachment":[{"href":"https:\/\/webs.uab.cat\/marisapresas\/wp-json\/wp\/v2\/media?parent=40"}],"curies":[{"name":"wp","href":"https:\/\/api.w.org\/{rel}","templated":true}]}}