{"id":46,"date":"2020-07-30T12:45:41","date_gmt":"2020-07-30T12:45:41","guid":{"rendered":"https:\/\/webs.uab.cat\/marta-tafalla\/radio\/"},"modified":"2020-07-30T12:45:41","modified_gmt":"2020-07-30T12:45:41","slug":"radio","status":"publish","type":"page","link":"https:\/\/webs.uab.cat\/marta-tafalla\/radio\/","title":{"rendered":"Radio"},"content":{"rendered":"<p>&nbsp;<\/p>\n<p>&nbsp;<\/p>\n<p>CATALUNYA R\u00c0DIO<\/p>\n<p>&#8220;Comunitat Animal&#8221;, secci\u00f3 setmanal al programa <em>Estiu de Gr\u00e0cia<\/em>, d&#8217;Adam Mart\u00edn<\/p>\n<p><a href=\"https:\/\/www.ccma.cat\/catradio\/alacarta\/estat-de-gracia\/marta-tafalla-ens-estem-quedant-sols-perque-estem-destruint-la-resta-despecies\/audio\/1076189\/\" target=\"_blank\" rel=\"noopener\">https:\/\/www.ccma.cat\/catradio\/alacarta\/estat-de-gracia\/marta-tafalla-ens-estem-quedant-sols-perque-estem-destruint-la-resta-despecies\/audio\/1076189\/<\/a><\/p>\n<p><a href=\"https:\/\/www.ccma.cat\/catradio\/alacarta\/estat-de-gracia\/estiu-de-gracia-de-17-a-18-h-29072020\/audio\/1076542\/\" target=\"_blank\" rel=\"noopener\">https:\/\/www.ccma.cat\/catradio\/alacarta\/estat-de-gracia\/estiu-de-gracia-de-17-a-18-h-29072020\/audio\/1076542\/<\/a><\/p>\n<p><a href=\"https:\/\/www.ccma.cat\/catradio\/alacarta\/estat-de-gracia\/estiu-de-gracia-de-17-a-18-h-05082020\/audio\/1076794\/\" target=\"_blank\" rel=\"noopener\">https:\/\/www.ccma.cat\/catradio\/alacarta\/estat-de-gracia\/estiu-de-gracia-de-17-a-18-h-05082020\/audio\/1076794\/<\/a><\/p>\n<p><a href=\"https:\/\/www.ccma.cat\/catradio\/alacarta\/estat-de-gracia\/marta-tafalla-de-vegades-oblidem-que-les-lleis-de-la-natura-manen\/audio\/1077036\/\" target=\"_blank\" rel=\"noopener\">https:\/\/www.ccma.cat\/catradio\/alacarta\/estat-de-gracia\/marta-tafalla-de-vegades-oblidem-que-les-lleis-de-la-natura-manen\/audio\/1077036\/<\/a><\/p>\n<p><a href=\"https:\/\/www.ccma.cat\/catradio\/alacarta\/estat-de-gracia\/ensalvatgir-una-de-les-esperances-per-preservar-la-natura\/audio\/1077249\/\" target=\"_blank\" rel=\"noopener\">https:\/\/www.ccma.cat\/catradio\/alacarta\/estat-de-gracia\/ensalvatgir-una-de-les-esperances-per-preservar-la-natura\/audio\/1077249\/<\/a><\/p>\n<p><a href=\"https:\/\/www.ccma.cat\/catradio\/alacarta\/estat-de-gracia\/sabies-que-pitagores-era-animalista-i-vegetaria\/audio\/1077483\/\" target=\"_blank\" rel=\"noopener\">https:\/\/www.ccma.cat\/catradio\/alacarta\/estat-de-gracia\/sabies-que-pitagores-era-animalista-i-vegetaria\/audio\/1077483\/<\/a><\/p>\n<p><strong>Juliol-Agost 2020<\/strong><\/p>\n<p>&nbsp;<\/p>\n<p>&nbsp;<\/p>\n<p>&nbsp;<\/p>\n<p>&nbsp;<\/p>\n","protected":false},"excerpt":{"rendered":"<p>&nbsp; &nbsp; CATALUNYA R\u00c0DIO &#8220;Comunitat Animal&#8221;, secci\u00f3 setmanal al programa Estiu de Gr\u00e0cia, d&#8217;Adam Mart\u00edn https:\/\/www.ccma.cat\/catradio\/alacarta\/estat-de-gracia\/marta-tafalla-ens-estem-quedant-sols-perque-estem-destruint-la-resta-despecies\/audio\/1076189\/ https:\/\/www.ccma.cat\/catradio\/alacarta\/estat-de-gracia\/estiu-de-gracia-de-17-a-18-h-29072020\/audio\/1076542\/ https:\/\/www.ccma.cat\/catradio\/alacarta\/estat-de-gracia\/estiu-de-gracia-de-17-a-18-h-05082020\/audio\/1076794\/ https:\/\/www.ccma.cat\/catradio\/alacarta\/estat-de-gracia\/marta-tafalla-de-vegades-oblidem-que-les-lleis-de-la-natura-manen\/audio\/1077036\/ https:\/\/www.ccma.cat\/catradio\/alacarta\/estat-de-gracia\/ensalvatgir-una-de-les-esperances-per-preservar-la-natura\/audio\/1077249\/ https:\/\/www.ccma.cat\/catradio\/alacarta\/estat-de-gracia\/sabies-que-pitagores-era-animalista-i-vegetaria\/audio\/1077483\/ Juliol-Agost 2020 &nbsp; &nbsp; &nbsp; &nbsp;<\/p>\n","protected":false},"author":20,"featured_media":0,"parent":0,"menu_order":0,"comment_status":"closed","ping_status":"closed","template":"","meta":{"footnotes":""},"class_list":["post-46","page","type-page","status-publish","hentry"],"_links":{"self":[{"href":"https:\/\/webs.uab.cat\/marta-tafalla\/wp-json\/wp\/v2\/pages\/46","targetHints":{"allow":["GET"]}}],"collection":[{"href":"https:\/\/webs.uab.cat\/marta-tafalla\/wp-json\/wp\/v2\/pages"}],"about":[{"href":"https:\/\/webs.uab.cat\/marta-tafalla\/wp-json\/wp\/v2\/types\/page"}],"author":[{"embeddable":true,"href":"https:\/\/webs.uab.cat\/marta-tafalla\/wp-json\/wp\/v2\/users\/20"}],"replies":[{"embeddable":true,"href":"https:\/\/webs.uab.cat\/marta-tafalla\/wp-json\/wp\/v2\/comments?post=46"}],"version-history":[{"count":0,"href":"https:\/\/webs.uab.cat\/marta-tafalla\/wp-json\/wp\/v2\/pages\/46\/revisions"}],"wp:attachment":[{"href":"https:\/\/webs.uab.cat\/marta-tafalla\/wp-json\/wp\/v2\/media?parent=46"}],"curies":[{"name":"wp","href":"https:\/\/api.w.org\/{rel}","templated":true}]}}

<p>&nbsp;</p>
<p>&nbsp;</p>
<p>CATALUNYA RÀDIO</p>
<p>&#8220;Comunitat Animal&#8221;, secció setmanal al programa <em>Estiu de Gràcia</em>, d&#8217;Adam Martín</p>
<p><a href="https://www.ccma.cat/catradio/alacarta/estat-de-gracia/marta-tafalla-ens-estem-quedant-sols-perque-estem-destruint-la-resta-despecies/audio/1076189/" target="_blank" rel="noopener">https://www.ccma.cat/catradio/alacarta/estat-de-gracia/marta-tafalla-ens-estem-quedant-sols-perque-estem-destruint-la-resta-despecies/audio/1076189/</a></p>
<p><a href="https://www.ccma.cat/catradio/alacarta/estat-de-gracia/estiu-de-gracia-de-17-a-18-h-29072020/audio/1076542/" target="_blank" rel="noopener">https://www.ccma.cat/catradio/alacarta/estat-de-gracia/estiu-de-gracia-de-17-a-18-h-29072020/audio/1076542/</a></p>
<p><a href="https://www.ccma.cat/catradio/alacarta/estat-de-gracia/estiu-de-gracia-de-17-a-18-h-05082020/audio/1076794/" target="_blank" rel="noopener">https://www.ccma.cat/catradio/alacarta/estat-de-gracia/estiu-de-gracia-de-17-a-18-h-05082020/audio/1076794/</a></p>
<p><a href="https://www.ccma.cat/catradio/alacarta/estat-de-gracia/marta-tafalla-de-vegades-oblidem-que-les-lleis-de-la-natura-manen/audio/1077036/" target="_blank" rel="noopener">https://www.ccma.cat/catradio/alacarta/estat-de-gracia/marta-tafalla-de-vegades-oblidem-que-les-lleis-de-la-natura-manen/audio/1077036/</a></p>
<p><a href="https://www.ccma.cat/catradio/alacarta/estat-de-gracia/ensalvatgir-una-de-les-esperances-per-preservar-la-natura/audio/1077249/" target="_blank" rel="noopener">https://www.ccma.cat/catradio/alacarta/estat-de-gracia/ensalvatgir-una-de-les-esperances-per-preservar-la-natura/audio/1077249/</a></p>
<p><a href="https://www.ccma.cat/catradio/alacarta/estat-de-gracia/sabies-que-pitagores-era-animalista-i-vegetaria/audio/1077483/" target="_blank" rel="noopener">https://www.ccma.cat/catradio/alacarta/estat-de-gracia/sabies-que-pitagores-era-animalista-i-vegetaria/audio/1077483/</a></p>
<p><strong>Juliol-Agost 2020</strong></p>
<p>&nbsp;</p>
<p>&nbsp;</p>
<p>&nbsp;</p>
<p>&nbsp;</p>

<p>&nbsp; &nbsp; CATALUNYA RÀDIO &#8220;Comunitat Animal&#8221;, secció setmanal al programa Estiu de Gràcia, d&#8217;Adam Martín https://www.ccma.cat/catradio/alacarta/estat-de-gracia/marta-tafalla-ens-estem-quedant-sols-perque-estem-destruint-la-resta-despecies/audio/1076189/ https://www.ccma.cat/catradio/alacarta/estat-de-gracia/estiu-de-gracia-de-17-a-18-h-29072020/audio/1076542/ https://www.ccma.cat/catradio/alacarta/estat-de-gracia/estiu-de-gracia-de-17-a-18-h-05082020/audio/1076794/ https://www.ccma.cat/catradio/alacarta/estat-de-gracia/marta-tafalla-de-vegades-oblidem-que-les-lleis-de-la-natura-manen/audio/1077036/ https://www.ccma.cat/catradio/alacarta/estat-de-gracia/ensalvatgir-una-de-les-esperances-per-preservar-la-natura/audio/1077249/ https://www.ccma.cat/catradio/alacarta/estat-de-gracia/sabies-que-pitagores-era-animalista-i-vegetaria/audio/1077483/ Juliol-Agost 2020 &nbsp; &nbsp; &nbsp; &nbsp;</p>
