{"id":166,"date":"2019-11-25T08:43:40","date_gmt":"2019-11-25T06:43:40","guid":{"rendered":"https:\/\/webs.uab.cat\/media4all9\/supporting-organisations\/"},"modified":"2022-11-17T09:14:45","modified_gmt":"2022-11-17T07:14:45","slug":"supporting-organisations","status":"publish","type":"page","link":"https:\/\/webs.uab.cat\/media4all9\/supporting-organisations\/","title":{"rendered":"Supporting organisations"},"content":{"rendered":"<p><a href=\"https:\/\/www.esist.org\/\" role=\"link\" target=\"_blank\" rel=\"noopener\"><img loading=\"lazy\" decoding=\"async\" class=\" size-full wp-image-160\" alt=\"Logo ESIST European Association for Studies in Screen Translation\" height=\"107\" src=\"https:\/\/webs.uab.cat\/media4all9\/wp-content\/uploads\/sites\/275\/2019\/11\/esist.jpg\" width=\"272\"><\/a>&nbsp; &nbsp; &nbsp; &nbsp;<a href=\"http:\/\/atrae.org\/\" target=\"_blank\" rel=\"noopener\"><img loading=\"lazy\" decoding=\"async\" class=\" size-full wp-image-161\" alt=\"Logo ATRAE Asociaci\u00f3n de Traducci\u00f3n y Adaptaci\u00f3n Audiovisual de Espa\u00f1a\" height=\"104\" src=\"https:\/\/webs.uab.cat\/media4all9\/wp-content\/uploads\/sites\/275\/2019\/11\/atrae-logo.png\" width=\"214\"><\/a><\/p>\n<p><a href=\"https:\/\/atav.pt\/\" role=\"link\" target=\"_blank\" rel=\"noopener\"><img loading=\"lazy\" decoding=\"async\" class=\" size-full wp-image-162\" alt=\"Logo  ATAV - Associa\u00e7\u00e3o Portuguesa de Tradutores de Audiovisuais\" height=\"140\" src=\"https:\/\/webs.uab.cat\/media4all9\/wp-content\/uploads\/sites\/275\/2019\/11\/atav-blue-two-tone.jpg\" width=\"273\"><\/a>&nbsp; &nbsp; &nbsp;&nbsp;<a href=\"https:\/\/est-translationstudies.org\/\" target=\"_blank\" rel=\"noopener\"><img loading=\"lazy\" decoding=\"async\" class=\" size-full wp-image-163\" alt=\"Logo EST European Society for Translation Studies\" height=\"196\" src=\"https:\/\/webs.uab.cat\/media4all9\/wp-content\/uploads\/sites\/275\/2019\/11\/logo_est.jpg\" width=\"179\" srcset=\"https:\/\/webs.uab.cat\/media4all9\/wp-content\/uploads\/sites\/275\/2019\/11\/logo_est.jpg 356w, https:\/\/webs.uab.cat\/media4all9\/wp-content\/uploads\/sites\/275\/2019\/11\/logo_est-275x300.jpg 275w\" sizes=\"auto, (max-width: 179px) 100vw, 179px\" \/><\/a><\/p>\n<p><a href=\"http:\/\/avteurope.eu\/\" role=\"link\" target=\"_blank\" rel=\"noopener\"><img loading=\"lazy\" decoding=\"async\" class=\" size-full wp-image-164\" alt=\"Logo avte Audiovisual Translators Europe\" height=\"203\" src=\"https:\/\/webs.uab.cat\/media4all9\/wp-content\/uploads\/sites\/275\/2019\/11\/meida4-a-logo.png\" width=\"276\"><\/a>&nbsp;<img loading=\"lazy\" decoding=\"async\" class=\" size-full wp-image-165\" alt=\"esl.png\" height=\"80\" src=\"https:\/\/webs.uab.cat\/media4all9\/wp-content\/uploads\/sites\/275\/2019\/11\/esl.jpg\" width=\"240\"><\/p>\n<p>&nbsp;<\/p>\n","protected":false},"excerpt":{"rendered":"<p>&nbsp; &nbsp; &nbsp; &nbsp; &nbsp; &nbsp; &nbsp;&nbsp; &nbsp; &nbsp;<\/p>\n","protected":false},"author":20,"featured_media":0,"parent":0,"menu_order":0,"comment_status":"closed","ping_status":"closed","template":"","meta":{"footnotes":""},"class_list":["post-166","page","type-page","status-publish","hentry"],"_links":{"self":[{"href":"https:\/\/webs.uab.cat\/media4all9\/wp-json\/wp\/v2\/pages\/166","targetHints":{"allow":["GET"]}}],"collection":[{"href":"https:\/\/webs.uab.cat\/media4all9\/wp-json\/wp\/v2\/pages"}],"about":[{"href":"https:\/\/webs.uab.cat\/media4all9\/wp-json\/wp\/v2\/types\/page"}],"author":[{"embeddable":true,"href":"https:\/\/webs.uab.cat\/media4all9\/wp-json\/wp\/v2\/users\/20"}],"replies":[{"embeddable":true,"href":"https:\/\/webs.uab.cat\/media4all9\/wp-json\/wp\/v2\/comments?post=166"}],"version-history":[{"count":1,"href":"https:\/\/webs.uab.cat\/media4all9\/wp-json\/wp\/v2\/pages\/166\/revisions"}],"predecessor-version":[{"id":295,"href":"https:\/\/webs.uab.cat\/media4all9\/wp-json\/wp\/v2\/pages\/166\/revisions\/295"}],"wp:attachment":[{"href":"https:\/\/webs.uab.cat\/media4all9\/wp-json\/wp\/v2\/media?parent=166"}],"curies":[{"name":"wp","href":"https:\/\/api.w.org\/{rel}","templated":true}]}}