{"id":23,"date":"2013-02-13T13:16:35","date_gmt":"2013-02-13T13:16:35","guid":{"rendered":"https:\/\/webs.uab.cat\/megalits\/dolmen-del-dr-pericot\/"},"modified":"2022-09-21T15:24:34","modified_gmt":"2022-09-21T15:24:34","slug":"dolmen-del-dr-pericot","status":"publish","type":"page","link":"https:\/\/webs.uab.cat\/megalits\/dolmen-del-dr-pericot\/","title":{"rendered":"Dolmen del Dr. Pericot"},"content":{"rendered":"\n<div class=\"wp-block-columns alignwide is-layout-flex wp-container-core-columns-is-layout-9d6595d7 wp-block-columns-is-layout-flex\">\n<div class=\"wp-block-column is-layout-flow wp-block-column-is-layout-flow\">\n<p>El D\u00f3lmen del Dr. Pericot \u00e9s un <a href=\"http:\/\/pagines.uab.cat\/megalits\/content\/els-meg%C3%A0lits\" target=\"_blank\" rel=\"noreferrer noopener\">sepulcre megal\u00edtic<\/a> situat al Puig de la Borralla .Es tracta d\u2019una probable galeria catalana en U feta de lloses de pissarra. La seva entrada \u00e9s orientada al sud-est (150\u00ba +\/- 5\u00ba). El monument visible presenta unes dimensions interiors de la cambra de 0.80m de llarg, 0.70m d\u2019ample, 1.05m d\u2019al\u00e7ada m\u00e0xima.<\/p>\n\n\n\n<p>Actualment el sepulcre es troba incomplert. Nomes s\u2019hi conserven dues llosses corresponents a la cambra, la cap\u00e7alera i una pe\u00e7a de la paret est. A l\u2019entorn del monument hi trobem tres llosses caigudes que no es trobarien&nbsp;<em>in situ<\/em> per\u00f2 que probablement formessin part de l\u2019aquesta estructura. A l\u2019actualitat, no hi ha evid\u00e8ncies perceptibles del t\u00famul ni cap pe\u00e7a de cromlech, per\u00f2 s\u2019hi troben nombroses pedres a tota la zona excavada que formarien part de l\u2019exterior del sepulcre i que podrien pert\u00e0nyer a l\u2019estructura tumular. Segons informen <a href=\"http:\/\/ca.wikipedia.org\/wiki\/Llu%C3%ADs_Esteve_i_Crua%C3%B1as\" target=\"_blank\" rel=\"noreferrer noopener\">Esteva<\/a> i Tarr\u00fas (1990) la disposici\u00f3 espaial de les llosses indiquen que el dolmen va ser pertorbat i despr\u00e9s abandonat.<\/p>\n\n\n\n<p>Destaca la documentaci\u00f3 de cassoletes i reguerons sobre uns blocs de pedra de grans dimensions localitzats al sud d\u2019aquest dolmen, a uns 5-6m aproximats&nbsp; de dist\u00e0ncia.&nbsp; S\u2019hi troben sobre uns blocs de pedra horitzontals o lleugerament inclinades.<\/p>\n\n\n\n<blockquote class=\"wp-block-quote is-layout-flow wp-block-quote-is-layout-flow\"><p><strong>Coordenades UTM: <\/strong>31N 4641394N; 506145E <strong>Altitud: <\/strong>245 m s.n.m.<\/p><p><strong>Com arribar-hi:<\/strong>&nbsp;A la dreta del camp de la Cadena de Fitor, trobem dues pistes. Aleshores cal agafar la de m\u00e9s a la dreta que \u2013en no massa bon estat- segueix la serra de Cals. Al cap de 1,6 km es troba una cru\u00eflla. En aquest punt cal girar a la dreta i seguir la pista uns 300 metres fins vora el mas Folguerar. All\u00ed cal seguir un cam\u00ed a l\u2019esquerra. Al cap d\u2019uns 300 metres trobarem una bifurcaci\u00f3 i llavors cal seguir tamb\u00e9 per l\u2019esquerra durant uns 50 metres fins a trobar una segona bifurcaci\u00f3. Ara cal agafar el cam\u00ed de la dreta i seguir-lo uns 120 metres fins a trobar un revolt que gira vers llevant. Just al centre del giravolt, a m\u00e0 dreta, cal endinsar-se en el bosc en direcci\u00f3 vers ponent durant uns 60 metres fins on \u00e9s situat el dolmen del Doctor Pericot Es troba al cim d\u2019una muntanya que, segons Joan Botey (propietari de la finca i descobridor del monument), en un document de l\u2019any 1342 es denominava \u201cPuig Castellar\u201d. Aquest indret \u00e9s dominant en totes les direccions.<\/p><p><strong>Tipus de terreny geol\u00f2gic: <\/strong>Sorrenca grauwacosa (segons el Dr. Luis Pall\u00ed). La base geol\u00f2gica est\u00e0 formada per <a href=\"http:\/\/ca.wikipedia.org\/wiki\/Conglomerat\" target=\"_blank\" rel=\"noreferrer noopener\">conglomerats<\/a>, calcopelites, <a href=\"http:\/\/ca.wikipedia.org\/wiki\/Grauvaca\" target=\"_blank\" rel=\"noreferrer noopener\">grauvaques<\/a> i <a href=\"http:\/\/ca.wikipedia.org\/wiki\/Pedra_calc%C3%A0ria\" target=\"_blank\" rel=\"noreferrer noopener\">calc\u00e0ries <\/a>(Sistema mediterrani), aix\u00ed com materials volc\u00e0nics i porfirites. En aquesta zona es situen diversos afloraments de <a href=\"http:\/\/ca.wikipedia.org\/wiki\/Pissarres\" target=\"_blank\" rel=\"noreferrer noopener\">pissarres<\/a> ampel\u00edtiques (mapa geol\u00f2gic del ICC), visibles a nivell superficial.<\/p><p><strong>Materials: <\/strong>en l\u2019excavaci\u00f3 d&#8217;Esteva s\u2019hi trob\u00e0 un ganivet de s\u00edlex de secci\u00f3 triangular i color marr\u00f3 i un disc de quars localitzat a l\u2019interior de la cambra (Tarr\u00fas et al., 1990:59). No s\u2019hi han recuperat restes de cer\u00e0mica ni restes antropol\u00f2giques. Aquest \u00faltim fenomen dev\u00e9 una caracter\u00edstica habitual als sepulcres megal\u00edtics estudiats a la zona de Fitor i que podria trobar relaci\u00f3 amb la constituci\u00f3 geol\u00f2gica del terreny.<\/p><p><strong>Cronologia: <\/strong>Pel tipus arquitect\u00f2nic, Tarr\u00fas et al. (1990) proposen que fou constru\u00eft vers el 2700 i el 2200 A.N.E.<\/p><p><strong>Not\u00edcies hist\u00f2riques: <\/strong>Fou identificat a l\u2019any 1975 per Joan Botey i Serra seguint les indicacions del llavors pastor de cabres Joan Garriga i Sitjar. <a href=\"http:\/\/ca.wikipedia.org\/wiki\/Llu%C3%ADs_Esteve_i_Crua%C3%B1as\" target=\"_blank\" rel=\"noreferrer noopener\">Llu\u00eds Esteva<\/a> el va excavar conjuntament amb un nombr\u00f3s equip de camp, i el va&nbsp; publicar l\u2019any 1982 juntament amb Josep Tarr\u00fas. El nom que rep aquest sepulcre megal\u00edtic \u00e9s en honor al investigador <a href=\"http:\/\/ca.wikipedia.org\/wiki\/Llu%C3%ADs_Pericot_i_Garcia\" target=\"_blank\" rel=\"noreferrer noopener\">Dr. Llu\u00eds Pericot<\/a>, que va morir durant el transcurs de l\u2019excavaci\u00f3 del dolmen fins al moment innominat.<\/p><p><strong>Intervencions: <\/strong>excavat per Luis Esteva a l\u2019any 1979.<\/p><p><strong>Protecci\u00f3: <\/strong>El dolmen va ser consolidat per Esteva despr\u00e8s de la seva excavaci\u00f3. Segons les indicacions d\u2019Esteva i Tarr\u00fas (1982) van consolidar les dues llosses que restaven en peu i varen reomplir el forat del centre de la cambra amb la mateixa argila, per manca de roca natural. Despr\u00e9s van posar pedres fins 1.12 m de l\u2019extrem superior de la llossa A. Fan una cobertura amb una capa de morter p\u00f2rtland; en total, uns 6cm. d\u2019espessor. Despr\u00e9s van posar m\u00e9s pedres petites entre el morter, i despr\u00e9s van cobrir-ho tot amb m\u00e9s argiles.<\/p><p><strong>N\u00ba Refer\u00e8ncia altres cat\u00e0legs: <\/strong>n\u00ba10 del llistat de monuments megal\u00edtics de <em>Tarr\u00fas et al.<\/em> (1990).<\/p><p>&nbsp;<\/p><\/blockquote>\n\n\n\n<p><strong>Per saber-ne mes:<\/strong><\/p>\n\n\n\n<ol class=\"wp-block-list\"><li><a href=\"http:\/\/www.raco.cat\/index.php\/Cypsela\/article\/viewFile\/119941\/236587\" target=\"_blank\" rel=\"noreferrer noopener\">Esteve, L. i Tarr\u00fas , J. (1982) \u201cD\u00f2lmen del Doctor Pericot (Fitor-Fonteta)\u201d.<em>Cypsela IV<\/em>, pp. 45-51<\/a><\/li><li>Tarr\u00fas, J.; Badia, J.; Bofarull, B.; Carreras, E. i Pi\u00f1ero, Miquel-Didac (1990) <em>D\u00f2lmens i Menhirs. 48 monuments megal\u00edtics de les Gavarres I el Mass\u00eds d\u2019Ardenya (Baix Empord\u00e0, la Selva, el Giron\u00e8s)<\/em>. Guies del Patrimoni Comarcal, n.8, Editorial ART-3. Figueres.<\/li><\/ol>\n<\/div>\n\n\n\n<div class=\"wp-block-column is-layout-flow wp-block-column-is-layout-flow\">\n<figure class=\"wp-block-image\"><a href=\"http:\/\/pagines.uab.cat\/megalits\/sites\/pagines.uab.cat.megalits\/files\/images\/image001.preview.jpg\" target=\"_blank\" rel=\"noreferrer noopener\"><img decoding=\"async\" src=\"http:\/\/pagines.uab.cat\/megalits\/sites\/pagines.uab.cat.megalits\/files\/images\/image001.jpg\" alt=\"\"\/><\/a><figcaption>Imatge del dolmen del Doctor Pericot. Vista des del sud (SAPPO)<\/figcaption><\/figure>\n\n\n\n<figure class=\"wp-block-image\"><a href=\"http:\/\/pagines.uab.cat\/megalits\/sites\/pagines.uab.cat.megalits\/files\/images\/image003.preview.jpg\" target=\"_blank\" rel=\"noreferrer noopener\"><img decoding=\"async\" src=\"http:\/\/pagines.uab.cat\/megalits\/sites\/pagines.uab.cat.megalits\/files\/images\/image003.jpg\" alt=\"\"\/><\/a><figcaption>Imatges del conjunt d\u2019inscultures del dolmen del Doctor Pericot (SAPPO)<\/figcaption><\/figure>\n\n\n\n<figure class=\"wp-block-image\"><a href=\"http:\/\/pagines.uab.cat\/megalits\/sites\/pagines.uab.cat.megalits\/files\/images\/image005.jpg\" target=\"_blank\" rel=\"noreferrer noopener\"><img decoding=\"async\" src=\"http:\/\/pagines.uab.cat\/megalits\/sites\/pagines.uab.cat.megalits\/files\/images\/image005.jpg\" alt=\"\"\/><\/a><figcaption>Vista en detall del conjunt d\u2019inscultures (SAPPO)<\/figcaption><\/figure>\n\n\n\n<figure class=\"wp-block-image\"><a href=\"http:\/\/pagines.uab.cat\/megalits\/sites\/pagines.uab.cat.megalits\/files\/images\/image007.jpg\" target=\"_blank\" rel=\"noreferrer noopener\"><img decoding=\"async\" src=\"http:\/\/pagines.uab.cat\/megalits\/sites\/pagines.uab.cat.megalits\/files\/images\/image007.jpg\" alt=\"\"\/><\/a><figcaption>Vista en detall del conjunt d\u2019inscultures (SAPPO)<\/figcaption><\/figure>\n\n\n\n<figure class=\"wp-block-image\"><a href=\"http:\/\/pagines.uab.cat\/megalits\/sites\/pagines.uab.cat.megalits\/files\/images\/image010.gif\" target=\"_blank\" rel=\"noreferrer noopener\"><img decoding=\"async\" src=\"http:\/\/pagines.uab.cat\/megalits\/sites\/pagines.uab.cat.megalits\/files\/images\/image010.gif\" alt=\"\"\/><\/a><figcaption>Cassoletes i reguerons de les inscultures del Dolmen d\u2019en Doctor Pericot. Publicat per Esteve i Tarr\u00fas (1982:49-50). Dibuixos per Nestor Sanchiz.<\/figcaption><\/figure>\n<\/div>\n<\/div>\n\n\n\n<figure class=\"wp-block-table\"><table><tbody><tr><td>\n<p><strong>Situaci\u00f3:<\/strong><\/p>\n<p><iframe loading=\"lazy\" src=\"https:\/\/maps.google.es\/maps\/ms?msid=202222010049608088798.0004dd3a2dc4f786c4242&amp;msa=0&amp;ie=UTF8&amp;t=f&amp;ll=41.92284,3.073012&amp;spn=0.000599,0.002063&amp;z=19&amp;ecpose=41.92143835,3.07301245,357.05,-0.004,54.336,-0.01&amp;output=embed\" marginwidth=\"0\" marginheight=\"0\" scrolling=\"no\" width=\"770\" height=\"300\" frameborder=\"0\"><\/iframe><br><small>Mostra <a style=\"color: #0000ff; text-align: left;\" href=\"https:\/\/maps.google.es\/maps\/ms?msid=202222010049608088798.0004dd3a2dc4f786c4242&amp;msa=0&amp;ie=UTF8&amp;t=f&amp;ll=41.92284,3.073012&amp;spn=0.000599,0.002063&amp;z=19&amp;ecpose=41.92143835,3.07301245,357.05,-0.004,54.336,-0.01&amp;source=embed\">E-Ruta Dolmens de la Serra de Cals<\/a> en un mapa m\u00e9s gran<\/small><\/p>\n<\/td><\/tr><\/tbody><\/table><\/figure>\n","protected":false},"excerpt":{"rendered":"<p>El D\u00f3lmen del Dr. Pericot \u00e9s un sepulcre megal\u00edtic situat al Puig de la Borralla .Es tracta d\u2019una probable galeria catalana en U feta de lloses de pissarra. La seva entrada \u00e9s orientada al sud-est (150\u00ba +\/- 5\u00ba). El monument visible presenta unes dimensions interiors de la cambra de 0.80m de llarg, 0.70m d\u2019ample, 1.05m [&hellip;]<\/p>\n","protected":false},"author":20,"featured_media":0,"parent":0,"menu_order":0,"comment_status":"closed","ping_status":"closed","template":"","meta":{"footnotes":""},"class_list":["post-23","page","type-page","status-publish","hentry"],"_links":{"self":[{"href":"https:\/\/webs.uab.cat\/megalits\/wp-json\/wp\/v2\/pages\/23","targetHints":{"allow":["GET"]}}],"collection":[{"href":"https:\/\/webs.uab.cat\/megalits\/wp-json\/wp\/v2\/pages"}],"about":[{"href":"https:\/\/webs.uab.cat\/megalits\/wp-json\/wp\/v2\/types\/page"}],"author":[{"embeddable":true,"href":"https:\/\/webs.uab.cat\/megalits\/wp-json\/wp\/v2\/users\/20"}],"replies":[{"embeddable":true,"href":"https:\/\/webs.uab.cat\/megalits\/wp-json\/wp\/v2\/comments?post=23"}],"version-history":[{"count":1,"href":"https:\/\/webs.uab.cat\/megalits\/wp-json\/wp\/v2\/pages\/23\/revisions"}],"predecessor-version":[{"id":487,"href":"https:\/\/webs.uab.cat\/megalits\/wp-json\/wp\/v2\/pages\/23\/revisions\/487"}],"wp:attachment":[{"href":"https:\/\/webs.uab.cat\/megalits\/wp-json\/wp\/v2\/media?parent=23"}],"curies":[{"name":"wp","href":"https:\/\/api.w.org\/{rel}","templated":true}]}}

<div class="wp-block-columns alignwide is-layout-flex wp-container-core-columns-is-layout-9d6595d7 wp-block-columns-is-layout-flex">
<div class="wp-block-column is-layout-flow wp-block-column-is-layout-flow">
<p>El Dólmen del Dr. Pericot és un <a href="http://pagines.uab.cat/megalits/content/els-meg%C3%A0lits" target="_blank" rel="noreferrer noopener">sepulcre megalític</a> situat al Puig de la Borralla .Es tracta d’una probable galeria catalana en U feta de lloses de pissarra. La seva entrada és orientada al sud-est (150º +/- 5º). El monument visible presenta unes dimensions interiors de la cambra de 0.80m de llarg, 0.70m d’ample, 1.05m d’alçada màxima.</p>



<p>Actualment el sepulcre es troba incomplert. Nomes s’hi conserven dues llosses corresponents a la cambra, la capçalera i una peça de la paret est. A l’entorn del monument hi trobem tres llosses caigudes que no es trobarien&nbsp;<em>in situ</em> però que probablement formessin part de l’aquesta estructura. A l’actualitat, no hi ha evidències perceptibles del túmul ni cap peça de cromlech, però s’hi troben nombroses pedres a tota la zona excavada que formarien part de l’exterior del sepulcre i que podrien pertànyer a l’estructura tumular. Segons informen <a href="http://ca.wikipedia.org/wiki/Llu%C3%ADs_Esteve_i_Crua%C3%B1as" target="_blank" rel="noreferrer noopener">Esteva</a> i Tarrús (1990) la disposició espaial de les llosses indiquen que el dolmen va ser pertorbat i després abandonat.</p>



<p>Destaca la documentació de cassoletes i reguerons sobre uns blocs de pedra de grans dimensions localitzats al sud d’aquest dolmen, a uns 5-6m aproximats&nbsp; de distància.&nbsp; S’hi troben sobre uns blocs de pedra horitzontals o lleugerament inclinades.</p>



<blockquote class="wp-block-quote is-layout-flow wp-block-quote-is-layout-flow"><p><strong>Coordenades UTM: </strong>31N 4641394N; 506145E <strong>Altitud: </strong>245 m s.n.m.</p><p><strong>Com arribar-hi:</strong>&nbsp;A la dreta del camp de la Cadena de Fitor, trobem dues pistes. Aleshores cal agafar la de més a la dreta que –en no massa bon estat- segueix la serra de Cals. Al cap de 1,6 km es troba una cruïlla. En aquest punt cal girar a la dreta i seguir la pista uns 300 metres fins vora el mas Folguerar. Allí cal seguir un camí a l’esquerra. Al cap d’uns 300 metres trobarem una bifurcació i llavors cal seguir també per l’esquerra durant uns 50 metres fins a trobar una segona bifurcació. Ara cal agafar el camí de la dreta i seguir-lo uns 120 metres fins a trobar un revolt que gira vers llevant. Just al centre del giravolt, a mà dreta, cal endinsar-se en el bosc en direcció vers ponent durant uns 60 metres fins on és situat el dolmen del Doctor Pericot Es troba al cim d’una muntanya que, segons Joan Botey (propietari de la finca i descobridor del monument), en un document de l’any 1342 es denominava “Puig Castellar”. Aquest indret és dominant en totes les direccions.</p><p><strong>Tipus de terreny geològic: </strong>Sorrenca grauwacosa (segons el Dr. Luis Pallí). La base geològica està formada per <a href="http://ca.wikipedia.org/wiki/Conglomerat" target="_blank" rel="noreferrer noopener">conglomerats</a>, calcopelites, <a href="http://ca.wikipedia.org/wiki/Grauvaca" target="_blank" rel="noreferrer noopener">grauvaques</a> i <a href="http://ca.wikipedia.org/wiki/Pedra_calc%C3%A0ria" target="_blank" rel="noreferrer noopener">calcàries </a>(Sistema mediterrani), així com materials volcànics i porfirites. En aquesta zona es situen diversos afloraments de <a href="http://ca.wikipedia.org/wiki/Pissarres" target="_blank" rel="noreferrer noopener">pissarres</a> ampelítiques (mapa geològic del ICC), visibles a nivell superficial.</p><p><strong>Materials: </strong>en l’excavació d&#8217;Esteva s’hi trobà un ganivet de sílex de secció triangular i color marró i un disc de quars localitzat a l’interior de la cambra (Tarrús et al., 1990:59). No s’hi han recuperat restes de ceràmica ni restes antropològiques. Aquest últim fenomen devé una característica habitual als sepulcres megalítics estudiats a la zona de Fitor i que podria trobar relació amb la constitució geològica del terreny.</p><p><strong>Cronologia: </strong>Pel tipus arquitectònic, Tarrús et al. (1990) proposen que fou construït vers el 2700 i el 2200 A.N.E.</p><p><strong>Notícies històriques: </strong>Fou identificat a l’any 1975 per Joan Botey i Serra seguint les indicacions del llavors pastor de cabres Joan Garriga i Sitjar. <a href="http://ca.wikipedia.org/wiki/Llu%C3%ADs_Esteve_i_Crua%C3%B1as" target="_blank" rel="noreferrer noopener">Lluís Esteva</a> el va excavar conjuntament amb un nombrós equip de camp, i el va&nbsp; publicar l’any 1982 juntament amb Josep Tarrús. El nom que rep aquest sepulcre megalític és en honor al investigador <a href="http://ca.wikipedia.org/wiki/Llu%C3%ADs_Pericot_i_Garcia" target="_blank" rel="noreferrer noopener">Dr. Lluís Pericot</a>, que va morir durant el transcurs de l’excavació del dolmen fins al moment innominat.</p><p><strong>Intervencions: </strong>excavat per Luis Esteva a l’any 1979.</p><p><strong>Protecció: </strong>El dolmen va ser consolidat per Esteva desprès de la seva excavació. Segons les indicacions d’Esteva i Tarrús (1982) van consolidar les dues llosses que restaven en peu i varen reomplir el forat del centre de la cambra amb la mateixa argila, per manca de roca natural. Després van posar pedres fins 1.12 m de l’extrem superior de la llossa A. Fan una cobertura amb una capa de morter pòrtland; en total, uns 6cm. d’espessor. Després van posar més pedres petites entre el morter, i després van cobrir-ho tot amb més argiles.</p><p><strong>Nº Referència altres catàlegs: </strong>nº10 del llistat de monuments megalítics de <em>Tarrús et al.</em> (1990).</p><p>&nbsp;</p></blockquote>



<p><strong>Per saber-ne mes:</strong></p>



<ol class="wp-block-list"><li><a href="http://www.raco.cat/index.php/Cypsela/article/viewFile/119941/236587" target="_blank" rel="noreferrer noopener">Esteve, L. i Tarrús , J. (1982) “Dòlmen del Doctor Pericot (Fitor-Fonteta)”.<em>Cypsela IV</em>, pp. 45-51</a></li><li>Tarrús, J.; Badia, J.; Bofarull, B.; Carreras, E. i Piñero, Miquel-Didac (1990) <em>Dòlmens i Menhirs. 48 monuments megalítics de les Gavarres I el Massís d’Ardenya (Baix Empordà, la Selva, el Gironès)</em>. Guies del Patrimoni Comarcal, n.8, Editorial ART-3. Figueres.</li></ol>
</div>



<div class="wp-block-column is-layout-flow wp-block-column-is-layout-flow">
<figure class="wp-block-image"><a href="http://pagines.uab.cat/megalits/sites/pagines.uab.cat.megalits/files/images/image001.preview.jpg" target="_blank" rel="noreferrer noopener"><img decoding="async" src="http://pagines.uab.cat/megalits/sites/pagines.uab.cat.megalits/files/images/image001.jpg" alt=""/></a><figcaption>Imatge del dolmen del Doctor Pericot. Vista des del sud (SAPPO)</figcaption></figure>



<figure class="wp-block-image"><a href="http://pagines.uab.cat/megalits/sites/pagines.uab.cat.megalits/files/images/image003.preview.jpg" target="_blank" rel="noreferrer noopener"><img decoding="async" src="http://pagines.uab.cat/megalits/sites/pagines.uab.cat.megalits/files/images/image003.jpg" alt=""/></a><figcaption>Imatges del conjunt d’inscultures del dolmen del Doctor Pericot (SAPPO)</figcaption></figure>



<figure class="wp-block-image"><a href="http://pagines.uab.cat/megalits/sites/pagines.uab.cat.megalits/files/images/image005.jpg" target="_blank" rel="noreferrer noopener"><img decoding="async" src="http://pagines.uab.cat/megalits/sites/pagines.uab.cat.megalits/files/images/image005.jpg" alt=""/></a><figcaption>Vista en detall del conjunt d’inscultures (SAPPO)</figcaption></figure>



<figure class="wp-block-image"><a href="http://pagines.uab.cat/megalits/sites/pagines.uab.cat.megalits/files/images/image007.jpg" target="_blank" rel="noreferrer noopener"><img decoding="async" src="http://pagines.uab.cat/megalits/sites/pagines.uab.cat.megalits/files/images/image007.jpg" alt=""/></a><figcaption>Vista en detall del conjunt d’inscultures (SAPPO)</figcaption></figure>



<figure class="wp-block-image"><a href="http://pagines.uab.cat/megalits/sites/pagines.uab.cat.megalits/files/images/image010.gif" target="_blank" rel="noreferrer noopener"><img decoding="async" src="http://pagines.uab.cat/megalits/sites/pagines.uab.cat.megalits/files/images/image010.gif" alt=""/></a><figcaption>Cassoletes i reguerons de les inscultures del Dolmen d’en Doctor Pericot. Publicat per Esteve i Tarrús (1982:49-50). Dibuixos per Nestor Sanchiz.</figcaption></figure>
</div>
</div>



<figure class="wp-block-table"><table><tbody><tr><td>
<p><strong>Situació:</strong></p>
<p><iframe loading="lazy" src="https://maps.google.es/maps/ms?msid=202222010049608088798.0004dd3a2dc4f786c4242&amp;msa=0&amp;ie=UTF8&amp;t=f&amp;ll=41.92284,3.073012&amp;spn=0.000599,0.002063&amp;z=19&amp;ecpose=41.92143835,3.07301245,357.05,-0.004,54.336,-0.01&amp;output=embed" marginwidth="0" marginheight="0" scrolling="no" width="770" height="300" frameborder="0"></iframe><br><small>Mostra <a style="color: #0000ff; text-align: left;" href="https://maps.google.es/maps/ms?msid=202222010049608088798.0004dd3a2dc4f786c4242&amp;msa=0&amp;ie=UTF8&amp;t=f&amp;ll=41.92284,3.073012&amp;spn=0.000599,0.002063&amp;z=19&amp;ecpose=41.92143835,3.07301245,357.05,-0.004,54.336,-0.01&amp;source=embed">E-Ruta Dolmens de la Serra de Cals</a> en un mapa més gran</small></p>
</td></tr></tbody></table></figure>

<p>El Dólmen del Dr. Pericot és un sepulcre megalític situat al Puig de la Borralla .Es tracta d’una probable galeria catalana en U feta de lloses de pissarra. La seva entrada és orientada al sud-est (150º +/- 5º). El monument visible presenta unes dimensions interiors de la cambra de 0.80m de llarg, 0.70m d’ample, 1.05m [&hellip;]</p>
