{"id":28,"date":"2013-02-20T12:02:20","date_gmt":"2013-02-20T12:02:20","guid":{"rendered":"https:\/\/webs.uab.cat\/megalits\/mas-puig-de-fitor\/"},"modified":"2022-09-21T15:45:19","modified_gmt":"2022-09-21T15:45:19","slug":"mas-puig-de-fitor","status":"publish","type":"page","link":"https:\/\/webs.uab.cat\/megalits\/mas-puig-de-fitor\/","title":{"rendered":"Mas Puig de Fitor"},"content":{"rendered":"\n<div class=\"wp-block-columns alignwide is-layout-flex wp-container-core-columns-is-layout-9d6595d7 wp-block-columns-is-layout-flex\">\n<div class=\"wp-block-column is-layout-flow wp-block-column-is-layout-flow\">\n<p>Us trobeu davant de les runes del Mas Puig. &nbsp;La seva estructura \u00e9s imponent, amb un cos format per una torre quadrangular amb cantoneres constru\u00efda sobre dues grans&nbsp; voltes i una ampliaci\u00f3 important cap el nord. Davant la casa trobem el paller, que contenia el trull d\u2019oli i el celler.<\/p>\n\n\n\n<p>Aquestes runes foren&nbsp; una gran casa pairal, amb diferents masos que hi depenien d\u2019ella.&nbsp; Segons l\u2019acta de consagraci\u00f3 de l\u2019esgl\u00e9sia de santa Coloma de Fitor, al segle X, l\u2019actual Mas Puig fou un dels <em>vilanculus<\/em> (agregaci\u00f3 de poblament) que formaven part de l\u2019agrupament de Fitor i que ajudaren a fundar la parr\u00f2quia. Actualment el mas \u00e9s propietat de la fundaci\u00f3 Catalunya-La Pedrera que l\u2019ha transformat en un Espai <a href=\"http:\/\/www.fundaciocatalunya-lapedrera.com\/ca\/content\/espai-natura-can-puig-de-fitor\" target=\"_blank\" rel=\"noreferrer noopener\">Espai Natura<\/a>.<\/p>\n\n\n\n<p>En el passat aquesta casa tenia una gran influ\u00e8ncia a la zona, sent la m\u00e9s propera a l\u2019esgl\u00e9sia i a la seva <a href=\"http:\/\/ca.wikipedia.org\/wiki\/Cellera\" target=\"_blank\" rel=\"noreferrer noopener\">cellera<\/a> (en documents del XIV es documenta que n\u2019era tinent en Nadal de Cals, que tamb\u00e9 tenia cases a la cellera de Fitor). Ja des del segle XIII, el Mas va estar vinculat a<a href=\"http:\/\/ca.wikipedia.org\/wiki\/Orde_del_Temple\" target=\"_blank\" rel=\"noreferrer noopener\"> l\u2019ordre del Temple<\/a>, quan un cavaller templari, en Bernat Puig, es feu c\u00e0rrec de gestionar els bens de l\u2019ordre del Temple a la zona, i sobretot a les propietats vora el <a href=\"http:\/\/pagines.uab.cat\/megalits\/content\/cam%C3%AD-ral\" target=\"_blank\" rel=\"noreferrer noopener\">Cam\u00ed Ral<\/a>.<\/p>\n\n\n\n<blockquote class=\"wp-block-quote is-layout-flow wp-block-quote-is-layout-flow\"><p>Per arribar fins aqu\u00ed heu passat per l\u2019antic cam\u00ed de <a href=\"http:\/\/ca.wikipedia.org\/wiki\/Traginer\" target=\"_blank\" rel=\"noreferrer noopener\">traginers<\/a>&nbsp; o Cam\u00ed Ral que unia la costa amb l\u2019interior, l\u2019antic cam\u00ed de Palam\u00f3s a la Bisbal i Girona. Si us heu fixat, encara es poden apreciar les roderes que hi han deixat carros i tartanes. Aquest cam\u00ed en concret fou for\u00e7a utilitzat per l\u2019intercanvi de mercaderies i informaci\u00f3 durant \u00e8poques passades. Per\u00f2 fou als segles XVIII i XIX quan la ind\u00fastria del suro i el port de Palam\u00f3s feu que els camins, que travessaven les Gavarres cap als nuclis importants com Palam\u00f3s, La Bisbal o Girona, esdevingueren veritables vies de mercaderies. La seva import\u00e0ncia era cabdal pel transport del suro extret als boscos, el carb\u00f3 dels centenars de carboneres cremaven i la fusta de roures per construir vaixells a N\u00e0pols. Tant era aix\u00ed que els ajuntaments eren els responsables de fer-se c\u00e0rrec del seu manteniment sota pena de multes per part de les autoritats governamentals de no fer-ho.<\/p><p>Pel cam\u00ed dels traginers hi circulaven vianants i mercaderies, en un temps on viatjar a peu o en mules era el mitj\u00e0 de transport mes com\u00fa, i on mercats i fires eren els llocs per intercanviar i comprar productes: verdures, gra, bestiar, olles, plats, teixit, sal, peix&#8230; Totes aquestes mercaderies viatjaven pels camins i eren els traginers qui es dedicaven a fer aquest recorregut. A mula, amb tartana o a peu, carregant la mercaderia a les seves espatlles amb una civera, els traginers, anaven amunt i avall per aquests camins, amb fred o calor, descansant en les fonts del cam\u00ed o reposant breument la seva c\u00e0rrega en els anomenats Reposadors &#8211; afloraments natural de roca que sobresortien del cam\u00ed , com el Reposador de la Pujada d\u2019en Ribot o el Reposador del Revolt Petit del Castell, en el tram del cam\u00ed de la Vall de Bell-Lloc a Palam\u00f3s.&nbsp;<\/p><p>Els masos establerts a la vora&nbsp; del cam\u00ed, com el del Mas Puig, &nbsp;donaven aixopluc , menjar i beure, i ajudaven a vianants i traginers en els perills que s\u2019hi podien trobar pel cam\u00ed: accidents, mal temps o bandolers.&nbsp;<\/p><\/blockquote>\n\n\n\n<p>A continuaci\u00f3 us transcrivim un conte d\u2019en Miquel Torroella i Plaja&nbsp; autor del llibre \u201cCuentos que son leyendas\u201d publicat al 1905 i que reflexa aquest m\u00f3n de camins i bandolers a finals del S. XIX.<\/p>\n\n\n\n<blockquote class=\"wp-block-quote is-layout-flow wp-block-quote-is-layout-flow\"><p><a href=\"http:\/\/pagines.uab.cat\/megalits\/content\/lavi-puig-conte-de-miquel-torroella-i-plaja#avipuig\" target=\"_blank\" rel=\"noreferrer noopener\">Per llegir el conte cliqueu aqu\u00ed<\/a><\/p><\/blockquote>\n\n\n\n<p><strong>Per saber-ne mes:<\/strong><\/p>\n\n\n\n<p>M.A. Chamorro Tremado:<strong><a href=\"http:\/\/books.google.es\/books?id=mG4aTYJWdTsC&amp;pg=PA240&amp;lpg=PA240&amp;dq=civera+traginers&amp;source=bl&amp;ots=FNrydENbDQ&amp;sig=r7pLxVlY0i1N6kdvjYZPYz5oJsU&amp;hl=ca&amp;sa=X&amp;ei=_8FuUevTFceQhQf0pYHYBA&amp;ved=0CDoQ6AEwAg#v=onepage&amp;q=civera%20traginers&amp;f=false\" target=\"_blank\" rel=\"noreferrer noopener\"> L&#8217;esgl\u00e8sia de Sant Feliu de Girona al Segle XIV: Els constructors &#8220;an\u00f2nims&#8221;<\/a><\/strong> a Miscel\u00b7l\u00e0nia en honor a Josep M\u00aa Marqu\u00e8s. 2010. Publicacions de l&#8217;Abadia de Montserrat. pgs: 240-242<\/p>\n\n\n\n<p>Gabriel Mart\u00edn Roig.<strong><a href=\"https:\/\/docs.google.com\/file\/d\/0B5p3xx8ZytjicTVxWFNCYm5xWW8\/edit\" target=\"_blank\" rel=\"noreferrer noopener\"> <em>L&#8217;antic cam\u00ed de traginers de la vall de Bell-lloc a Palam\u00f3s.<\/em><\/a><\/strong> Revista del Baix Empord\u00e0, n\u00fam 37, juny-setembre del 2012, p\u00e0gs. 25-32.&nbsp;<\/p>\n\n\n\n<p>Gabriel Mart\u00edn Roig. <strong><a href=\"http:\/\/www.cch.cat\/pdf\/marti_06.pdf\" target=\"_blank\" rel=\"noreferrer noopener\"><em>Origen de les empreses exportadores de suro de Sant Feliu i de Palam\u00f3s<\/em>,1750-1760<\/a><\/strong>. Revista del Baix Empord\u00e0, num. 28, mar\u00e7-juny del 2010, p\u00e0gs. 18-28.<\/p>\n\n\n\n<p>Joan Botey. \u201c<em>Fitor a l\u2019\u00e8poca medieval\u201d<\/em> a <em>Santa Coloma de Fitor<\/em>, 948-1998. Palam\u00f3s: Associaci\u00f3 d\u2019Amics de Fitor, 1999, p. 22-27<\/p>\n\n\n\n<p>Llu\u00eds Molinas. <strong><a href=\"http:\/\/www.raco.cat\/index.php\/RevistaGirona\/article\/view\/111419\/139016\" target=\"_blank\" rel=\"noreferrer noopener\"><em>Miquel Torroella i Plaja, cronista de les Gavarres<\/em><\/a> <\/strong>.<em>Revista de Girona<\/em>. N\u00fam. 204 (Gener-Febrer 2001), p. 36-39&nbsp;<\/p>\n\n\n\n<p>Miquel Torroella i Plaja. <strong><a href=\"http:\/\/cataleg.udg.edu\/record=b1179359%20\" target=\"_blank\" rel=\"noreferrer noopener\">Cuentos que son hist\u00f3rias.<\/a><\/strong> Hereus de Miquel Torroella i Plaja. Palafrugell. 1993.<\/p>\n<\/div>\n\n\n\n<div class=\"wp-block-column is-layout-flow wp-block-column-is-layout-flow\">\n<figure class=\"wp-block-image\"><a href=\"http:\/\/pagines.uab.cat\/megalits\/sites\/pagines.uab.cat.megalits\/files\/images\/DSC_0229.preview.JPG\" target=\"_blank\" rel=\"noreferrer noopener\"><img decoding=\"async\" src=\"http:\/\/pagines.uab.cat\/megalits\/sites\/pagines.uab.cat.megalits\/files\/images\/DSC_0229.JPG\" alt=\"\"\/><\/a><figcaption>Vista de l&#8217;estat actual del Mas Puig (SAPPO)<\/figcaption><\/figure>\n\n\n\n<figure class=\"wp-block-image\"><a href=\"http:\/\/pagines.uab.cat\/megalits\/sites\/pagines.uab.cat.megalits\/files\/images\/DSC_0224.preview.JPG\" target=\"_blank\" rel=\"noreferrer noopener\"><img decoding=\"async\" src=\"http:\/\/pagines.uab.cat\/megalits\/sites\/pagines.uab.cat.megalits\/files\/images\/DSC_0224.JPG\" alt=\"\"\/><\/a><figcaption>El Mas Puig (SAPPO)<\/figcaption><\/figure>\n\n\n\n<figure class=\"wp-block-image\"><img decoding=\"async\" src=\"http:\/\/pagines.uab.cat\/megalits\/sites\/pagines.uab.cat.megalits\/files\/images\/DSC_0220.JPG\" alt=\"\"\/><figcaption>Roderes en el Cam\u00ed Ral (SAPPO)<\/figcaption><\/figure>\n<\/div>\n<\/div>\n\n\n\n<figure class=\"wp-block-table\"><table><tbody><tr><td>\n<p><strong>Situaci\u00f3:<\/strong><\/p>\n<p><iframe loading=\"lazy\" src=\"https:\/\/maps.google.es\/maps\/ms?msa=0&amp;msid=202222010049608088798.0004dbb974ca05d735ae2&amp;hl=ca&amp;ie=UTF8&amp;t=f&amp;ecpose=41.90064656,3.08827872,350.35,0.001,60.002,0&amp;ll=41.901971,3.088279&amp;spn=0.000599,0.002063&amp;z=19&amp;output=embed\" marginwidth=\"0\" marginheight=\"0\" scrolling=\"no\" width=\"770\" height=\"300\" frameborder=\"0\"><\/iframe><br><small>Mostra <a style=\"color: #0000ff; text-align: left;\" href=\"https:\/\/maps.google.es\/maps\/ms?msa=0&amp;msid=202222010049608088798.0004dbb974ca05d735ae2&amp;hl=ca&amp;ie=UTF8&amp;t=f&amp;ecpose=41.90064656,3.08827872,350.35,0.001,60.002,0&amp;ll=41.901971,3.088279&amp;spn=0.000599,0.002063&amp;z=19&amp;source=embed\">E-Ruta Dolmens de Fitor<\/a> en un mapa m\u00e9s gran<\/small><\/p>\n<\/td><\/tr><\/tbody><\/table><\/figure>\n\n\n\n<p class=\"has-text-align-right\">&nbsp;<\/p>\n","protected":false},"excerpt":{"rendered":"<p>Us trobeu davant de les runes del Mas Puig. &nbsp;La seva estructura \u00e9s imponent, amb un cos format per una torre quadrangular amb cantoneres constru\u00efda sobre dues grans&nbsp; voltes i una ampliaci\u00f3 important cap el nord. Davant la casa trobem el paller, que contenia el trull d\u2019oli i el celler. Aquestes runes foren&nbsp; una gran [&hellip;]<\/p>\n","protected":false},"author":20,"featured_media":0,"parent":0,"menu_order":0,"comment_status":"closed","ping_status":"closed","template":"","meta":{"footnotes":""},"class_list":["post-28","page","type-page","status-publish","hentry"],"_links":{"self":[{"href":"https:\/\/webs.uab.cat\/megalits\/wp-json\/wp\/v2\/pages\/28","targetHints":{"allow":["GET"]}}],"collection":[{"href":"https:\/\/webs.uab.cat\/megalits\/wp-json\/wp\/v2\/pages"}],"about":[{"href":"https:\/\/webs.uab.cat\/megalits\/wp-json\/wp\/v2\/types\/page"}],"author":[{"embeddable":true,"href":"https:\/\/webs.uab.cat\/megalits\/wp-json\/wp\/v2\/users\/20"}],"replies":[{"embeddable":true,"href":"https:\/\/webs.uab.cat\/megalits\/wp-json\/wp\/v2\/comments?post=28"}],"version-history":[{"count":1,"href":"https:\/\/webs.uab.cat\/megalits\/wp-json\/wp\/v2\/pages\/28\/revisions"}],"predecessor-version":[{"id":511,"href":"https:\/\/webs.uab.cat\/megalits\/wp-json\/wp\/v2\/pages\/28\/revisions\/511"}],"wp:attachment":[{"href":"https:\/\/webs.uab.cat\/megalits\/wp-json\/wp\/v2\/media?parent=28"}],"curies":[{"name":"wp","href":"https:\/\/api.w.org\/{rel}","templated":true}]}}