{"id":31,"date":"2013-02-20T12:17:34","date_gmt":"2013-02-20T12:17:34","guid":{"rendered":"https:\/\/webs.uab.cat\/megalits\/recerca-i-difusio\/"},"modified":"2022-09-21T12:50:38","modified_gmt":"2022-09-21T12:50:38","slug":"recerca-i-difusio","status":"publish","type":"page","link":"https:\/\/webs.uab.cat\/megalits\/recerca-i-difusio\/","title":{"rendered":"Recerca i Difusi\u00f3"},"content":{"rendered":"\n<h2 class=\"wp-block-heading\"><strong>NOU PROJECTE D\u2019EXCAVACI\u00d3, RECERCA I DIFUSI\u00d3 DEL PATRIMONI MEGAL\u00cdTIC A LES GAVARRES<\/strong><\/h2>\n\n\n\n<p>El projecte sobre patrimoni megal\u00edtic de les Gavarres s\u2019emmarca dins del camp del coneixement hist\u00f2ric i la divulgaci\u00f3 del patrimoni hist\u00f2ric i arqueol\u00f2gic entre els seus habitants i visitants. La nostra proposta cont\u00e9 dues parts vinculades entre s\u00ed:<\/p>\n\n\n\n<p>&#8211; La revisi\u00f3 de tota la investigaci\u00f3 feta fins al moment sobre el Megalitisme a les Gavarres,&nbsp; juntament amb noves excavacions de jaciments coneguts i d\u2019altres descoberts mitjan\u00e7ant noves prospeccions,<\/p>\n\n\n\n<p>&#8211; La posada en valor i la divulgaci\u00f3 d\u2019aquest patrimoni hist\u00f2ric del mass\u00eds de les Gavarres.<\/p>\n\n\n\n<p>L\u2019enfocament del projecte parteix de la concepci\u00f3 del territori com a recurs, considerant-ho com un dels actius principals entre els seus potencials de cara al desenvolupament (social, cultural, econ\u00f2mic,&#8230;) d&#8217;una zona eminentment rural, com \u00e9s la de les Gavarres. Considerem el patrimoni arqueol\u00f2gic com una de les bases fonamentals del patrimoni cultural d\u2019aquest territori. L&#8217;estudi i la difusi\u00f3 del patrimoni arqueol\u00f2gic esdev\u00e9 una eina molt important, doncs, per influir en la valoritzaci\u00f3 de la diversitat cultural.<\/p>\n\n\n\n<h3 class=\"wp-block-heading\"><strong>Qui som?<\/strong><\/h3>\n\n\n\n<p><a href=\"http:\/\/grupsderecerca.uab.cat\/sappo\/\" target=\"_blank\" rel=\"noreferrer noopener\">Seminari d&#8217;Arqueologia Prehist\u00f2rica del Pr\u00f2xim Orient (SAPPO). Departament de Prehist\u00f2ria. Universitat Aut\u00f2noma de Barcelona<\/a><\/p>\n\n\n\n<p><a href=\"http:\/\/www.gavarres.cat\/\" target=\"_blank\" rel=\"noreferrer noopener\">Consorci de les Gavarres<\/a><\/p>\n\n\n\n<h3 class=\"wp-block-heading\"><strong>Publicacions<\/strong><\/h3>\n\n\n\n<p>&#8211; Ort\u00edz, A., Bofill, M., (2012). <a href=\"http:\/\/www.santjust.org\/seas\/imatges\/CicleMegalitisme.pdf\">Pr\u00e0ctiques funer\u00e0ries i Megalitisme.<\/a> Publicaci\u00f3 online del Cicle de confer\u00e8ncies i excursions 2012-2013 \u201cDel Paleol\u00edtic a la romanitzaci\u00f3\u201d. Secci\u00f3 Excursionista de l\u2019Ateneu de Sant Just Desvern, Barcelona.<\/p>\n\n\n\n<p>&#8211; Piferrer, M., Ort\u00edz, A., Bofill, M., Vicente, O. (2013). \u201c<a href=\"http:\/\/www.forallac.cat\/attachments\/article\/59\/El%20Ramp%C3%AD_73_mar%C3%A7_2013.pdf\" target=\"_blank\" rel=\"noreferrer noopener\">Es reactiven les excavacions en diferents meg\u00e0lits del mass\u00eds de les Gavarres<\/a>\u201d, <em>Revista El Ramp\u00ed<\/em>, n\u00fam.73, Forallac, pp.4-5.<\/p>\n\n\n\n<p>&#8211; Vicente, O.; Bofill, M.; Ort\u00edz, A. (2012), <a href=\"http:\/\/www.academia.edu\/1966536\/INTERVENCIO_ARQUEOLOGICA_A_LA_SERRA_DEN_CALS_FITOR-FONTETA_BAIX_EMPORDA_\" target=\"_blank\" rel=\"noreferrer noopener\">Intervenci\u00f3 arqueol\u00f2gica a la Serra d&#8217;en Cals (Fitor-Fonteta, Baix Empord\u00e0)<\/a>, <em>Actes de les Onzenes Jornades d&#8217;Arqueologia a les comarques de Girona. 2012, <\/em>Girona<em>. <\/em>83-89.<\/p>\n\n\n\n<p>-Bofill, M.; Vicente, O.; Ortiz, A (2011): <em>Mem\u00f2ria de la intervenci\u00f3 arqueol\u00f2gica a la Serra d&#8217;en Cals (Fitor-Fonteta, Baix Empord\u00e0).<\/em> Setembre de 2011. (Mem\u00f2ria In\u00e8dita). Servei d&#8217;Arqueologia de la Generalitat de Catalunya.<\/p>\n","protected":false},"excerpt":{"rendered":"<p>NOU PROJECTE D\u2019EXCAVACI\u00d3, RECERCA I DIFUSI\u00d3 DEL PATRIMONI MEGAL\u00cdTIC A LES GAVARRES El projecte sobre patrimoni megal\u00edtic de les Gavarres s\u2019emmarca dins del camp del coneixement hist\u00f2ric i la divulgaci\u00f3 del patrimoni hist\u00f2ric i arqueol\u00f2gic entre els seus habitants i visitants. La nostra proposta cont\u00e9 dues parts vinculades entre s\u00ed: &#8211; La revisi\u00f3 de tota [&hellip;]<\/p>\n","protected":false},"author":20,"featured_media":0,"parent":0,"menu_order":0,"comment_status":"closed","ping_status":"closed","template":"","meta":{"footnotes":""},"class_list":["post-31","page","type-page","status-publish","hentry"],"_links":{"self":[{"href":"https:\/\/webs.uab.cat\/megalits\/wp-json\/wp\/v2\/pages\/31","targetHints":{"allow":["GET"]}}],"collection":[{"href":"https:\/\/webs.uab.cat\/megalits\/wp-json\/wp\/v2\/pages"}],"about":[{"href":"https:\/\/webs.uab.cat\/megalits\/wp-json\/wp\/v2\/types\/page"}],"author":[{"embeddable":true,"href":"https:\/\/webs.uab.cat\/megalits\/wp-json\/wp\/v2\/users\/20"}],"replies":[{"embeddable":true,"href":"https:\/\/webs.uab.cat\/megalits\/wp-json\/wp\/v2\/comments?post=31"}],"version-history":[{"count":1,"href":"https:\/\/webs.uab.cat\/megalits\/wp-json\/wp\/v2\/pages\/31\/revisions"}],"predecessor-version":[{"id":343,"href":"https:\/\/webs.uab.cat\/megalits\/wp-json\/wp\/v2\/pages\/31\/revisions\/343"}],"wp:attachment":[{"href":"https:\/\/webs.uab.cat\/megalits\/wp-json\/wp\/v2\/media?parent=31"}],"curies":[{"name":"wp","href":"https:\/\/api.w.org\/{rel}","templated":true}]}}

Recerca i Difusió

<h2 class="wp-block-heading"><strong>NOU PROJECTE D’EXCAVACIÓ, RECERCA I DIFUSIÓ DEL PATRIMONI MEGALÍTIC A LES GAVARRES</strong></h2>



<p>El projecte sobre patrimoni megalític de les Gavarres s’emmarca dins del camp del coneixement històric i la divulgació del patrimoni històric i arqueològic entre els seus habitants i visitants. La nostra proposta conté dues parts vinculades entre sí:</p>



<p>&#8211; La revisió de tota la investigació feta fins al moment sobre el Megalitisme a les Gavarres,&nbsp; juntament amb noves excavacions de jaciments coneguts i d’altres descoberts mitjançant noves prospeccions,</p>



<p>&#8211; La posada en valor i la divulgació d’aquest patrimoni històric del massís de les Gavarres.</p>



<p>L’enfocament del projecte parteix de la concepció del territori com a recurs, considerant-ho com un dels actius principals entre els seus potencials de cara al desenvolupament (social, cultural, econòmic,&#8230;) d&#8217;una zona eminentment rural, com és la de les Gavarres. Considerem el patrimoni arqueològic com una de les bases fonamentals del patrimoni cultural d’aquest territori. L&#8217;estudi i la difusió del patrimoni arqueològic esdevé una eina molt important, doncs, per influir en la valorització de la diversitat cultural.</p>



<h3 class="wp-block-heading"><strong>Qui som?</strong></h3>



<p><a href="http://grupsderecerca.uab.cat/sappo/" target="_blank" rel="noreferrer noopener">Seminari d&#8217;Arqueologia Prehistòrica del Pròxim Orient (SAPPO). Departament de Prehistòria. Universitat Autònoma de Barcelona</a></p>



<p><a href="http://www.gavarres.cat/" target="_blank" rel="noreferrer noopener">Consorci de les Gavarres</a></p>



<h3 class="wp-block-heading"><strong>Publicacions</strong></h3>



<p>&#8211; Ortíz, A., Bofill, M., (2012). <a href="http://www.santjust.org/seas/imatges/CicleMegalitisme.pdf">Pràctiques funeràries i Megalitisme.</a> Publicació online del Cicle de conferències i excursions 2012-2013 “Del Paleolític a la romanització”. Secció Excursionista de l’Ateneu de Sant Just Desvern, Barcelona.</p>



<p>&#8211; Piferrer, M., Ortíz, A., Bofill, M., Vicente, O. (2013). “<a href="http://www.forallac.cat/attachments/article/59/El%20Ramp%C3%AD_73_mar%C3%A7_2013.pdf" target="_blank" rel="noreferrer noopener">Es reactiven les excavacions en diferents megàlits del massís de les Gavarres</a>”, <em>Revista El Rampí</em>, núm.73, Forallac, pp.4-5.</p>



<p>&#8211; Vicente, O.; Bofill, M.; Ortíz, A. (2012), <a href="http://www.academia.edu/1966536/INTERVENCIO_ARQUEOLOGICA_A_LA_SERRA_DEN_CALS_FITOR-FONTETA_BAIX_EMPORDA_" target="_blank" rel="noreferrer noopener">Intervenció arqueològica a la Serra d&#8217;en Cals (Fitor-Fonteta, Baix Empordà)</a>, <em>Actes de les Onzenes Jornades d&#8217;Arqueologia a les comarques de Girona. 2012, </em>Girona<em>. </em>83-89.</p>



<p>-Bofill, M.; Vicente, O.; Ortiz, A (2011): <em>Memòria de la intervenció arqueològica a la Serra d&#8217;en Cals (Fitor-Fonteta, Baix Empordà).</em> Setembre de 2011. (Memòria Inèdita). Servei d&#8217;Arqueologia de la Generalitat de Catalunya.</p>

<p>NOU PROJECTE D’EXCAVACIÓ, RECERCA I DIFUSIÓ DEL PATRIMONI MEGALÍTIC A LES GAVARRES El projecte sobre patrimoni megalític de les Gavarres s’emmarca dins del camp del coneixement històric i la divulgació del patrimoni històric i arqueològic entre els seus habitants i visitants. La nostra proposta conté dues parts vinculades entre sí: &#8211; La revisió de tota [&hellip;]</p>
