{"id":38,"date":"2013-02-26T10:07:54","date_gmt":"2013-02-26T10:07:54","guid":{"rendered":"https:\/\/webs.uab.cat\/megalits\/cami-ral\/"},"modified":"2022-09-21T15:12:18","modified_gmt":"2022-09-21T15:12:18","slug":"cami-ral","status":"publish","type":"page","link":"https:\/\/webs.uab.cat\/megalits\/cami-ral\/","title":{"rendered":"Cam\u00ed Ral"},"content":{"rendered":"\n<div class=\"wp-block-columns alignwide is-layout-flex wp-container-core-columns-is-layout-9d6595d7 wp-block-columns-is-layout-flex\">\n<div class=\"wp-block-column is-layout-flow wp-block-column-is-layout-flow\">\n<p>El <a href=\"https:\/\/ca.wikipedia.org\/wiki\/Cam%C3%AD_Ral\" target=\"_blank\" rel=\"noreferrer noopener\">Cam\u00ed Ral<\/a> o Cam\u00ed Reial, \u00e9s el nom que en \u00e8poca medieval se l\u2019hi don\u00e0 als antics camins p\u00fablics. Molts d\u2019aquests&nbsp; camins ja existien des de la prehist\u00f2ria, i els pobles del mediterrani els feren servir i els ampliaren en totes les \u00e8poques. En \u00e8poca romana la <a href=\"https:\/\/ca.wikipedia.org\/wiki\/Via_Augusta\" target=\"_blank\" rel=\"noreferrer noopener\">Via Augusta<\/a> dels romans, nom que se l\u2019hi don\u00e0 al cam\u00ed que unia Roma amb Cadis pel seu pas per la pen\u00ednsula Ib\u00e8rica, fou un dels eixos vertebradors de l\u2019Imperi.<\/p>\n\n\n\n<p>Les roderes que teniu al davant, marques de carros i tartanes, s\u00f3n les petjades del tr\u00e0nsit i el comer\u00e7 que des de fa segles passa pel Cam\u00ed Ral que va de Palam\u00f3s a la Bisbal i Girona.<\/p>\n\n\n\n<blockquote class=\"wp-block-quote is-layout-flow wp-block-quote-is-layout-flow\"><p>Aquest cam\u00ed en concret fou for\u00e7a utilitzat per l\u2019intercanvi de mercaderies i informaci\u00f3 durant \u00e8poques passades. Per\u00f2 fou als segles XVIII i XIX quan la ind\u00fastria del suro i el port de Palam\u00f3s feu que els camins, que travessaven les Gavarres cap als nuclis importants com Palam\u00f3s, La Bisbal o Girona, esdevingueren veritables vies de mercaderies. La seva import\u00e0ncia era cabdal pel transport del suro extret als boscos, el carb\u00f3 dels centenars de carboneres cremaven, la fusta de roures per construir vaixells a N\u00e0pols o el mateix gel que s\u2019extreia dels pous de gla\u00e7 de les Gavarres. Tant era aix\u00ed que els ajuntaments eren els responsables de fer-se c\u00e0rrec del seu manteniment sota pena de multes per part de les autoritats governamentals de no fer-ho.<\/p><p>Pel cam\u00ed hi circulaven vianants i mercaderies, en un temps on viatjar a peu o en mules era el mitj\u00e0 de transport m\u00e9s com\u00fa, i on mercats i fires eren els llocs per intercanviar i comprar productes: verdures, gra, bestiar, olles, plats, teixit, sal, peix&#8230; Totes aquestes mercaderies viatjaven pels camins i eren els traginers qui es dedicaven a fer aquest recorregut. A mula, amb tartana o a peu, carregant la mercaderia a les seves espatlles amb una civera, els traginers, anaven amunt i avall per aquests camins, amb fred o calor, descansant en les fonts del cam\u00ed o reposant breument la seva c\u00e0rrega en els anomenats Reposadors &#8211; afloraments natural de roca que sobresortien del cam\u00ed, com el Reposador de la Pujada d\u2019en Ribot o el Reposador del Revolt Petit del Castell, en el tram del cam\u00ed de la Vall de Bell-Lloc a Palam\u00f3s-.<\/p><p>Els masos establerts a la vora&nbsp; del cam\u00ed, com el Mas Cals, &nbsp;donaven aixopluc , menjar i beure, i ajudaven a vianants i traginers en els no pocs perills que s\u2019hi podien trobar pel cam\u00ed: accidents, mal temps o bandolers.&nbsp;<\/p><\/blockquote>\n\n\n\n<p><strong>Per saber-ne mes:<\/strong><\/p>\n\n\n\n<p>Borrel M. Figueras N. Llin\u00e0s J. Mallorqu\u00ed E. Merino J. (2005) <em>Deu lleg\u00fces de pols i roderes. El cami ral de Girona al Tordera<\/em>. Centre d0estudis Selvatans<\/p>\n\n\n\n<p>M.A. Chamorro Tremado:<strong><a href=\"http:\/\/books.google.es\/books?id=mG4aTYJWdTsC&amp;pg=PA240&amp;lpg=PA240&amp;dq=civera+traginers&amp;source=bl&amp;ots=FNrydENbDQ&amp;sig=r7pLxVlY0i1N6kdvjYZPYz5oJsU&amp;hl=ca&amp;sa=X&amp;ei=_8FuUevTFceQhQf0pYHYBA&amp;ved=0CDoQ6AEwAg#v=onepage&amp;q=civera%20traginers&amp;f=false\" target=\"_blank\" rel=\"noreferrer noopener\"> L&#8217;esgl\u00e8sia de Sant Feliu de Girona al Segle XIV: Els constructors &#8220;an\u00f2nims&#8221;<\/a><\/strong> a Miscel\u00b7l\u00e0nia en honor a Josep M\u00aa Marqu\u00e8s. 2010. Publicacions de l&#8217;Abadia de Montserrat. pgs: 240-242<\/p>\n\n\n\n<p>Gabriel Mart\u00edn Roig.<strong><a href=\"https:\/\/docs.google.com\/file\/d\/0B5p3xx8ZytjicTVxWFNCYm5xWW8\/edit\" target=\"_blank\" rel=\"noreferrer noopener\"> <em>L&#8217;antic cam\u00ed de traginers de la vall de Bell-lloc a Palam\u00f3s.<\/em><\/a><\/strong> Revista del Baix Empord\u00e0, n\u00fam 37, juny-setembre del 2012, p\u00e0gs. 25-32.&nbsp;<\/p>\n\n\n\n<p>Gabriel Mart\u00edn Roig. <strong><a href=\"http:\/\/www.cch.cat\/pdf\/marti_06.pdf\" target=\"_blank\" rel=\"noreferrer noopener\"><em>Origen de les empreses exportadores de suro de Sant Feliu i de Palam\u00f3s<\/em>,1750-1760<\/a><\/strong>. Revista del Baix Empord\u00e0, num. 28, mar\u00e7-juny del 2010, p\u00e0gs. 18-28.<\/p>\n\n\n\n<p>Joan Botey. \u201c<em>Fitor a l\u2019\u00e8poca medieval\u201d<\/em> a <em>Santa Coloma de Fitor<\/em>, 948-1998. Palam\u00f3s: Associaci\u00f3 d\u2019Amics de Fitor, 1999, p. 22-27<\/p>\n<\/div>\n\n\n\n<div class=\"wp-block-column is-layout-flow wp-block-column-is-layout-flow\">\n<figure class=\"wp-block-image is-resized\"><img loading=\"lazy\" decoding=\"async\" src=\"http:\/\/pagines.uab.cat\/megalits\/sites\/pagines.uab.cat.megalits\/files\/images\/DSC_0220.JPG\" alt=\"\" width=\"444\" height=\"663\"\/><figcaption>Roderes en el Cam\u00ed Ral (SAPPO)<\/figcaption><\/figure>\n<\/div>\n<\/div>\n\n\n\n<figure class=\"wp-block-table\"><table><tbody><tr><td>\n<p><strong>Situaci\u00f3:<\/strong><\/p>\n<p><iframe loading=\"lazy\" src=\"https:\/\/maps.google.es\/maps\/ms?msid=202222010049608088798.0004dd3a2dc4f786c4242&amp;msa=0&amp;ie=UTF8&amp;t=f&amp;ll=41.914077,3.075946&amp;spn=0.000599,0.002063&amp;z=19&amp;ecpose=41.91244056,3.07594654,275.85,-0.003,56.016,-0.004&amp;output=embed\" marginwidth=\"0\" marginheight=\"0\" scrolling=\"no\" width=\"770\" height=\"300\" frameborder=\"0\"><\/iframe><br><small>Mostra <a style=\"color: #0000ff; text-align: left;\" href=\"https:\/\/maps.google.es\/maps\/ms?msid=202222010049608088798.0004dd3a2dc4f786c4242&amp;msa=0&amp;ie=UTF8&amp;t=f&amp;ll=41.914077,3.075946&amp;spn=0.000599,0.002063&amp;z=19&amp;ecpose=41.91244056,3.07594654,275.85,-0.003,56.016,-0.004&amp;source=embed\">E-Ruta Dolmens de la Serra de Cals<\/a> en un mapa m\u00e9s gran<\/small><\/p>\n<\/td><\/tr><\/tbody><\/table><\/figure>\n","protected":false},"excerpt":{"rendered":"<p>El Cam\u00ed Ral o Cam\u00ed Reial, \u00e9s el nom que en \u00e8poca medieval se l\u2019hi don\u00e0 als antics camins p\u00fablics. Molts d\u2019aquests&nbsp; camins ja existien des de la prehist\u00f2ria, i els pobles del mediterrani els feren servir i els ampliaren en totes les \u00e8poques. En \u00e8poca romana la Via Augusta dels romans, nom que se [&hellip;]<\/p>\n","protected":false},"author":20,"featured_media":0,"parent":0,"menu_order":0,"comment_status":"closed","ping_status":"closed","template":"","meta":{"footnotes":""},"class_list":["post-38","page","type-page","status-publish","hentry"],"_links":{"self":[{"href":"https:\/\/webs.uab.cat\/megalits\/wp-json\/wp\/v2\/pages\/38","targetHints":{"allow":["GET"]}}],"collection":[{"href":"https:\/\/webs.uab.cat\/megalits\/wp-json\/wp\/v2\/pages"}],"about":[{"href":"https:\/\/webs.uab.cat\/megalits\/wp-json\/wp\/v2\/types\/page"}],"author":[{"embeddable":true,"href":"https:\/\/webs.uab.cat\/megalits\/wp-json\/wp\/v2\/users\/20"}],"replies":[{"embeddable":true,"href":"https:\/\/webs.uab.cat\/megalits\/wp-json\/wp\/v2\/comments?post=38"}],"version-history":[{"count":1,"href":"https:\/\/webs.uab.cat\/megalits\/wp-json\/wp\/v2\/pages\/38\/revisions"}],"predecessor-version":[{"id":475,"href":"https:\/\/webs.uab.cat\/megalits\/wp-json\/wp\/v2\/pages\/38\/revisions\/475"}],"wp:attachment":[{"href":"https:\/\/webs.uab.cat\/megalits\/wp-json\/wp\/v2\/media?parent=38"}],"curies":[{"name":"wp","href":"https:\/\/api.w.org\/{rel}","templated":true}]}}