{"id":41,"date":"2013-02-26T10:15:02","date_gmt":"2013-02-26T10:15:02","guid":{"rendered":"https:\/\/webs.uab.cat\/megalits\/les-roques-del-duc\/"},"modified":"2022-09-21T15:20:47","modified_gmt":"2022-09-21T15:20:47","slug":"les-roques-del-duc","status":"publish","type":"page","link":"https:\/\/webs.uab.cat\/megalits\/les-roques-del-duc\/","title":{"rendered":"Les Roques del Duc"},"content":{"rendered":"\n<div class=\"wp-block-columns alignwide is-layout-flex wp-container-core-columns-is-layout-9d6595d7 wp-block-columns-is-layout-flex\">\n<div class=\"wp-block-column is-layout-flow wp-block-column-is-layout-flow\">\n<p>El <a href=\"http:\/\/ca.wikipedia.org\/wiki\/Duc_%28Bubo_bubo%29#Distribuci.C3.B3_geogr.C3.A0fica\" target=\"_blank\" rel=\"noreferrer noopener\">Duc <em>(Bubbo bubbo)<\/em><\/a> \u00e9s una de les aus rapinyaires m\u00e9s interessants de les Gavarres. Amb els seus ulls rodons i grans, de color mel, habita en roques i forats de grans suros o <a href=\"http:\/\/ca.wikipedia.org\/wiki\/Alzina_surera\" target=\"_blank\" rel=\"noreferrer noopener\">Alzina surera<\/a>, l\u2019arbre m\u00e9s caracter\u00edstic de les Gavarres. A aquestes roques se les coneix com les Roques del Duc, ja que antigament hi tenien un niu.<\/p>\n\n\n\n<p>L\u2019alzinar, el bosc m\u00e9s caracter\u00edstic de la mediterr\u00e0nia septentrional, devia ocupar antigament la major part del mass\u00eds, arrelat especialment en terrenys pissarrosos, profunds i humits, m\u00e9s abundants a la meitat nord. Aquesta comunitat presenta actualment per\u00f2 una distribuci\u00f3 molt inferior a la que potencialment li pertocaria, com a resultat d\u2019una perllongada pressi\u00f3 antr\u00f2pica. Al marge de l\u2019aprofitament de llenya i carb\u00f3, bona part d\u2019aquests boscos van ser substitu\u00efts per afavorir les suredes o per repoblacions de pins. Actualment molts antics alzinars s\u00f3n brolles arbrades o bosquines de rebrot, tot i que l\u2019aband\u00f3 generalitzat de moltes finques des de mitjans del segle XX es va traduint en una lenta recuperaci\u00f3 dels boscos d\u2019alzines.<\/p>\n\n\n\n<p>Per les seves condicions d&#8217;humitat i clima temperat, l&#8217;alzinar \u00e9s molt ric en fauna invertebrada que passa molt desapercebuda als nostres ulls i, malgrat tot, poc coneguda. Aquests boscos alberguen tamb\u00e9 una gran diversitat de vertebrats. Aix\u00ed a les zones m\u00e9s humides, a prop de punts d\u2019aigua hi viuen amfibis com la granota pintada, el trit\u00f3 palmat o el gripau com\u00fa. Les aus m\u00e9s freq\u00fcentment observades s\u00f3n el gaig i el tud\u00f3, per\u00f2 els ocells m\u00e9s abundosos s\u00f3n els petits ocells, com el pit-roig, els mosquiters o el cargolet. Tamb\u00e9 hi s\u00f3n representats els rapinyaires di\u00fcrns, com l\u2019esparver o l\u2019astor, o nocturns com el gamar\u00fas i el duc.<\/p>\n\n\n\n<p>Si b\u00e9 ens ser\u00e0 dif\u00edcil observar mam\u00edfers salvatges en els alzinars, passejant per senders i corriols tindrem oportunitat de sentir els moviments entre la fullaraca del ratol\u00ed bosc\u00e0, o de trobar rastres d\u2019animals m\u00e9s grans, com les femtes de guilles i gats mesquers, les petjades i barrinades dels senglars i teixons, esp\u00e8cies totes elles amb poblacions importants al mass\u00eds.<\/p>\n\n\n\n<p><strong>Per saber-ne mes:<\/strong><\/p>\n\n\n\n<p>Juanola M (2003) <a href=\"http:\/\/www.gavarres.cat\/documents\/noticia\/noticia171.pdf\" target=\"_blank\" rel=\"noreferrer noopener\">Flora singular de les Gavarres<\/a>. Biblioteca Llu\u00eds Esteva. Consoci de les Gavarres<\/p>\n\n\n\n<p>Boix, D et alii (2005) <a href=\"http:\/\/www.gavarres.cat\/documents\/noticia\/noticia174.pdf\" target=\"_blank\" rel=\"noreferrer noopener\">Fauna aqu\u00e0tica de les Gavarres<\/a>. Biblioteca Llu\u00eds Esteva. Consoci de les Gavarres<\/p>\n<\/div>\n\n\n\n<div class=\"wp-block-column is-layout-flow wp-block-column-is-layout-flow\">\n<figure class=\"wp-block-image\"><a href=\"http:\/\/pagines.uab.cat\/megalits\/sites\/pagines.uab.cat.megalits\/files\/images\/_MG_1003.preview.jpg\" target=\"_blank\" rel=\"noreferrer noopener\"><img decoding=\"async\" src=\"http:\/\/pagines.uab.cat\/megalits\/sites\/pagines.uab.cat.megalits\/files\/images\/_MG_1003.jpg\" alt=\"\"\/><\/a><figcaption>Vista\u00a0 de les Roques del Duc (SAPPO)<\/figcaption><\/figure>\n\n\n\n<figure class=\"wp-block-image\"><a href=\"http:\/\/upload.wikimedia.org\/wikipedia\/commons\/7\/7d\/Eagle_Owl_IMG_9203.JPG\" target=\"_blank\" rel=\"noreferrer noopener\"><img decoding=\"async\" src=\"http:\/\/upload.wikimedia.org\/wikipedia\/commons\/7\/7d\/Eagle_Owl_IMG_9203.JPG\" alt=\"\"\/><\/a><figcaption>El Duc (<em>Bubbo bubbo<\/em>). Font: Viquip\u00e8dia<\/figcaption><\/figure>\n<\/div>\n<\/div>\n\n\n\n<figure class=\"wp-block-table\"><table><tbody><tr><td>\n<p><strong>Situaci\u00f3:<\/strong><\/p>\n<p><iframe loading=\"lazy\" src=\"https:\/\/maps.google.es\/maps\/ms?msid=202222010049608088798.0004dd3a2dc4f786c4242&amp;msa=0&amp;ie=UTF8&amp;t=f&amp;ll=41.920684,3.068781&amp;spn=0.001197,0.004125&amp;z=18&amp;ecpose=41.91776556,3.06878145,357.06,-0.006,54.335,-0.01&amp;output=embed\" marginwidth=\"0\" marginheight=\"0\" scrolling=\"no\" width=\"770\" height=\"300\" frameborder=\"0\"><\/iframe><br><small>Mostra <a style=\"color: #0000ff; text-align: left;\" href=\"https:\/\/maps.google.es\/maps\/ms?msid=202222010049608088798.0004dd3a2dc4f786c4242&amp;msa=0&amp;ie=UTF8&amp;t=f&amp;ll=41.920684,3.068781&amp;spn=0.001197,0.004125&amp;z=18&amp;ecpose=41.91776556,3.06878145,357.06,-0.006,54.335,-0.01&amp;source=embed\">E-Ruta Dolmens de la Serra de Cals<\/a> en un mapa m\u00e9s gran<\/small><\/p>\n<\/td><\/tr><\/tbody><\/table><\/figure>\n","protected":false},"excerpt":{"rendered":"<p>El Duc (Bubbo bubbo) \u00e9s una de les aus rapinyaires m\u00e9s interessants de les Gavarres. Amb els seus ulls rodons i grans, de color mel, habita en roques i forats de grans suros o Alzina surera, l\u2019arbre m\u00e9s caracter\u00edstic de les Gavarres. A aquestes roques se les coneix com les Roques del Duc, ja que [&hellip;]<\/p>\n","protected":false},"author":20,"featured_media":0,"parent":0,"menu_order":0,"comment_status":"closed","ping_status":"closed","template":"","meta":{"footnotes":""},"class_list":["post-41","page","type-page","status-publish","hentry"],"_links":{"self":[{"href":"https:\/\/webs.uab.cat\/megalits\/wp-json\/wp\/v2\/pages\/41","targetHints":{"allow":["GET"]}}],"collection":[{"href":"https:\/\/webs.uab.cat\/megalits\/wp-json\/wp\/v2\/pages"}],"about":[{"href":"https:\/\/webs.uab.cat\/megalits\/wp-json\/wp\/v2\/types\/page"}],"author":[{"embeddable":true,"href":"https:\/\/webs.uab.cat\/megalits\/wp-json\/wp\/v2\/users\/20"}],"replies":[{"embeddable":true,"href":"https:\/\/webs.uab.cat\/megalits\/wp-json\/wp\/v2\/comments?post=41"}],"version-history":[{"count":1,"href":"https:\/\/webs.uab.cat\/megalits\/wp-json\/wp\/v2\/pages\/41\/revisions"}],"predecessor-version":[{"id":482,"href":"https:\/\/webs.uab.cat\/megalits\/wp-json\/wp\/v2\/pages\/41\/revisions\/482"}],"wp:attachment":[{"href":"https:\/\/webs.uab.cat\/megalits\/wp-json\/wp\/v2\/media?parent=41"}],"curies":[{"name":"wp","href":"https:\/\/api.w.org\/{rel}","templated":true}]}}

<div class="wp-block-columns alignwide is-layout-flex wp-container-core-columns-is-layout-9d6595d7 wp-block-columns-is-layout-flex">
<div class="wp-block-column is-layout-flow wp-block-column-is-layout-flow">
<p>El <a href="http://ca.wikipedia.org/wiki/Duc_%28Bubo_bubo%29#Distribuci.C3.B3_geogr.C3.A0fica" target="_blank" rel="noreferrer noopener">Duc <em>(Bubbo bubbo)</em></a> és una de les aus rapinyaires més interessants de les Gavarres. Amb els seus ulls rodons i grans, de color mel, habita en roques i forats de grans suros o <a href="http://ca.wikipedia.org/wiki/Alzina_surera" target="_blank" rel="noreferrer noopener">Alzina surera</a>, l’arbre més característic de les Gavarres. A aquestes roques se les coneix com les Roques del Duc, ja que antigament hi tenien un niu.</p>



<p>L’alzinar, el bosc més característic de la mediterrània septentrional, devia ocupar antigament la major part del massís, arrelat especialment en terrenys pissarrosos, profunds i humits, més abundants a la meitat nord. Aquesta comunitat presenta actualment però una distribució molt inferior a la que potencialment li pertocaria, com a resultat d’una perllongada pressió antròpica. Al marge de l’aprofitament de llenya i carbó, bona part d’aquests boscos van ser substituïts per afavorir les suredes o per repoblacions de pins. Actualment molts antics alzinars són brolles arbrades o bosquines de rebrot, tot i que l’abandó generalitzat de moltes finques des de mitjans del segle XX es va traduint en una lenta recuperació dels boscos d’alzines.</p>



<p>Per les seves condicions d&#8217;humitat i clima temperat, l&#8217;alzinar és molt ric en fauna invertebrada que passa molt desapercebuda als nostres ulls i, malgrat tot, poc coneguda. Aquests boscos alberguen també una gran diversitat de vertebrats. Així a les zones més humides, a prop de punts d’aigua hi viuen amfibis com la granota pintada, el tritó palmat o el gripau comú. Les aus més freqüentment observades són el gaig i el tudó, però els ocells més abundosos són els petits ocells, com el pit-roig, els mosquiters o el cargolet. També hi són representats els rapinyaires diürns, com l’esparver o l’astor, o nocturns com el gamarús i el duc.</p>



<p>Si bé ens serà difícil observar mamífers salvatges en els alzinars, passejant per senders i corriols tindrem oportunitat de sentir els moviments entre la fullaraca del ratolí boscà, o de trobar rastres d’animals més grans, com les femtes de guilles i gats mesquers, les petjades i barrinades dels senglars i teixons, espècies totes elles amb poblacions importants al massís.</p>



<p><strong>Per saber-ne mes:</strong></p>



<p>Juanola M (2003) <a href="http://www.gavarres.cat/documents/noticia/noticia171.pdf" target="_blank" rel="noreferrer noopener">Flora singular de les Gavarres</a>. Biblioteca Lluís Esteva. Consoci de les Gavarres</p>



<p>Boix, D et alii (2005) <a href="http://www.gavarres.cat/documents/noticia/noticia174.pdf" target="_blank" rel="noreferrer noopener">Fauna aquàtica de les Gavarres</a>. Biblioteca Lluís Esteva. Consoci de les Gavarres</p>
</div>



<div class="wp-block-column is-layout-flow wp-block-column-is-layout-flow">
<figure class="wp-block-image"><a href="http://pagines.uab.cat/megalits/sites/pagines.uab.cat.megalits/files/images/_MG_1003.preview.jpg" target="_blank" rel="noreferrer noopener"><img decoding="async" src="http://pagines.uab.cat/megalits/sites/pagines.uab.cat.megalits/files/images/_MG_1003.jpg" alt=""/></a><figcaption>Vista  de les Roques del Duc (SAPPO)</figcaption></figure>



<figure class="wp-block-image"><a href="http://upload.wikimedia.org/wikipedia/commons/7/7d/Eagle_Owl_IMG_9203.JPG" target="_blank" rel="noreferrer noopener"><img decoding="async" src="http://upload.wikimedia.org/wikipedia/commons/7/7d/Eagle_Owl_IMG_9203.JPG" alt=""/></a><figcaption>El Duc (<em>Bubbo bubbo</em>). Font: Viquipèdia</figcaption></figure>
</div>
</div>



<figure class="wp-block-table"><table><tbody><tr><td>
<p><strong>Situació:</strong></p>
<p><iframe loading="lazy" src="https://maps.google.es/maps/ms?msid=202222010049608088798.0004dd3a2dc4f786c4242&amp;msa=0&amp;ie=UTF8&amp;t=f&amp;ll=41.920684,3.068781&amp;spn=0.001197,0.004125&amp;z=18&amp;ecpose=41.91776556,3.06878145,357.06,-0.006,54.335,-0.01&amp;output=embed" marginwidth="0" marginheight="0" scrolling="no" width="770" height="300" frameborder="0"></iframe><br><small>Mostra <a style="color: #0000ff; text-align: left;" href="https://maps.google.es/maps/ms?msid=202222010049608088798.0004dd3a2dc4f786c4242&amp;msa=0&amp;ie=UTF8&amp;t=f&amp;ll=41.920684,3.068781&amp;spn=0.001197,0.004125&amp;z=18&amp;ecpose=41.91776556,3.06878145,357.06,-0.006,54.335,-0.01&amp;source=embed">E-Ruta Dolmens de la Serra de Cals</a> en un mapa més gran</small></p>
</td></tr></tbody></table></figure>

<p>El Duc (Bubbo bubbo) és una de les aus rapinyaires més interessants de les Gavarres. Amb els seus ulls rodons i grans, de color mel, habita en roques i forats de grans suros o Alzina surera, l’arbre més característic de les Gavarres. A aquestes roques se les coneix com les Roques del Duc, ja que [&hellip;]</p>
