{"id":42,"date":"2013-02-26T10:16:31","date_gmt":"2013-02-26T10:16:31","guid":{"rendered":"https:\/\/webs.uab.cat\/megalits\/les-carboneres\/"},"modified":"2022-09-21T15:22:28","modified_gmt":"2022-09-21T15:22:28","slug":"les-carboneres","status":"publish","type":"page","link":"https:\/\/webs.uab.cat\/megalits\/les-carboneres\/","title":{"rendered":"Les Carboneres"},"content":{"rendered":"\n<div class=\"wp-block-columns alignwide is-layout-flex wp-container-core-columns-is-layout-9d6595d7 wp-block-columns-is-layout-flex\">\n<div class=\"wp-block-column is-layout-flow wp-block-column-is-layout-flow\">\n<p>Un&nbsp; dels productes m\u00e9s importants de les Gavarres fou el del carb\u00f3. El <a href=\"http:\/\/ca.wikipedia.org\/wiki\/Carb%C3%B3_vegetal\" target=\"_blank\" rel=\"noreferrer noopener\">carb\u00f3 vegetal&nbsp;<\/a> es produeix en el que s\u2019han anomenat l<a href=\"http:\/\/ca.wikipedia.org\/wiki\/Carbonera\" target=\"_blank\" rel=\"noreferrer noopener\">es Carboneres<\/a>. Les carboneres eren grans piles de llenya de faig, roure i sobretot alzina que es tapaven amb terra, fent uns forats perqu\u00e8 hi pogu\u00e9s entrar l\u2019aire. La idea era encendre la llenya i que s\u2019inici\u00e9s un proc\u00e9s de cuita molt lenta que durava dies. Un cop tota la llenya es transformava en carb\u00f3 i s\u2019apagava la pila, s\u2019extreia el carb\u00f3 i es carregava en sacs pel seu transport.<\/p>\n\n\n\n<p>El <a href=\"http:\/\/www10.gencat.net\/agaur_web\/recursos\/La_Farga\/Docs\/6_1-carboneig.htm\">carboneig <\/a>es feia entre els mesos de novembre i mar\u00e7, un cop acabada la verema i la producci\u00f3 de vi. Els carboners eren jornalers, pagesos, traginers que durant aquests mesos s\u2019instal\u00b7laven en un rac\u00f3 del bosc i comen\u00e7aven a tallar arbres per fer les piles de llenya. Tot sovint es constru\u00efen barraques per passar aquells mesos sota cobert, ja que la carbonera s\u2019havia de vigilar permanentment. La seva petjada en el bosc, un cop passats uns anys, es pr\u00e0cticament invisible, per\u00f2 actualment encara es poden veure els pous circulars que es feien servir per fer carb\u00f3 de ferrer.<\/p>\n\n\n\n<p><strong>Per saber-ne mes:<\/strong><\/p>\n\n\n\n<p>Video: <a href=\"http:\/\/www.tv3.cat\/videos\/912079\" target=\"_blank\" rel=\"noreferrer noopener\">El carb\u00f3 a les Gavarres<\/a>. Programa El Medi Ambient. Tv3.<\/p>\n\n\n\n<p>Video: <a href=\"http:\/\/www.youtube.com\/watch?v=I0Qd9QXdY4U&amp;feature=youtu.be\" target=\"_blank\" rel=\"noreferrer noopener\">Carboneres Gavarreses<\/a><\/p>\n\n\n\n<p>Ajuntament de Forallac: <a href=\"http:\/\/www.forallac.cat\/index.php\/firesfestes\/carbonera\" target=\"_blank\" rel=\"noreferrer noopener\">La carbonera de Forallac<\/a><\/p>\n\n\n\n<p>Jordi Gamero (2007). <a href=\"https:\/\/docs.google.com\/file\/d\/0B0B9CiB-4sw_Yzk3ODcxNjUtZjc2My00YzA4LThlYjMtZmMxYjY3NDBjMWYy\/edit?hl=es&amp;pli=1\" target=\"_blank\" rel=\"noreferrer noopener\">La carbonera de Forallac<\/a>. Revista del Baix Empord\u00e0, 19. pgs 48-53<\/p>\n<\/div>\n\n\n\n<div class=\"wp-block-column is-layout-flow wp-block-column-is-layout-flow\">\n<figure class=\"wp-block-image is-resized\"><a href=\"http:\/\/upload.wikimedia.org\/wikipedia\/commons\/1\/19\/Duhamel_1.jpg\" target=\"_blank\" rel=\"noreferrer noopener\"><img loading=\"lazy\" decoding=\"async\" src=\"http:\/\/upload.wikimedia.org\/wikipedia\/commons\/1\/19\/Duhamel_1.jpg\" alt=\"\" width=\"420\" height=\"503\"\/><\/a><figcaption>Proc\u00e9s de construcci\u00f3 d&#8217;una carbonera (Font: viquip\u00e8dia)<\/figcaption><\/figure>\n\n\n\n<figure class=\"wp-block-image is-resized\"><a href=\"http:\/\/pagines.uab.cat\/megalits\/sites\/pagines.uab.cat.megalits\/files\/images\/_MG_0896.preview.jpg\" target=\"_blank\" rel=\"noreferrer noopener\"><img loading=\"lazy\" decoding=\"async\" src=\"http:\/\/pagines.uab.cat\/megalits\/sites\/pagines.uab.cat.megalits\/files\/images\/_MG_0896.jpg\" alt=\"\" width=\"415\" height=\"623\"\/><\/a><figcaption>Pou per fer carb\u00f3 de ferrer (SAPPO)<\/figcaption><\/figure>\n<\/div>\n<\/div>\n\n\n\n<figure class=\"wp-block-table\"><table><tbody><tr><td>\n<p><strong>Situaci\u00f3:<\/strong><\/p>\n<p><iframe loading=\"lazy\" src=\"https:\/\/maps.google.es\/maps\/ms?msid=202222010049608088798.0004dd3a2dc4f786c4242&amp;msa=0&amp;ie=UTF8&amp;t=f&amp;ll=41.922601,3.071584&amp;spn=0.001197,0.004125&amp;z=18&amp;ecpose=41.9208864,3.07158378,357.05,-0.005,54.336,-0.01&amp;output=embed\" marginwidth=\"0\" marginheight=\"0\" scrolling=\"no\" width=\"770\" height=\"300\" frameborder=\"0\"><\/iframe><br><small>Mostra <a style=\"color: #0000ff; text-align: left;\" href=\"https:\/\/maps.google.es\/maps\/ms?msid=202222010049608088798.0004dd3a2dc4f786c4242&amp;msa=0&amp;ie=UTF8&amp;t=f&amp;ll=41.922601,3.071584&amp;spn=0.001197,0.004125&amp;z=18&amp;ecpose=41.9208864,3.07158378,357.05,-0.005,54.336,-0.01&amp;source=embed\">E-Ruta Dolmens de la Serra de Cals<\/a> en un mapa m\u00e9s gran<\/small><\/p>\n<\/td><\/tr><\/tbody><\/table><\/figure>\n","protected":false},"excerpt":{"rendered":"<p>Un&nbsp; dels productes m\u00e9s importants de les Gavarres fou el del carb\u00f3. El carb\u00f3 vegetal&nbsp; es produeix en el que s\u2019han anomenat les Carboneres. Les carboneres eren grans piles de llenya de faig, roure i sobretot alzina que es tapaven amb terra, fent uns forats perqu\u00e8 hi pogu\u00e9s entrar l\u2019aire. La idea era encendre la [&hellip;]<\/p>\n","protected":false},"author":20,"featured_media":0,"parent":0,"menu_order":0,"comment_status":"closed","ping_status":"closed","template":"","meta":{"footnotes":""},"class_list":["post-42","page","type-page","status-publish","hentry"],"_links":{"self":[{"href":"https:\/\/webs.uab.cat\/megalits\/wp-json\/wp\/v2\/pages\/42","targetHints":{"allow":["GET"]}}],"collection":[{"href":"https:\/\/webs.uab.cat\/megalits\/wp-json\/wp\/v2\/pages"}],"about":[{"href":"https:\/\/webs.uab.cat\/megalits\/wp-json\/wp\/v2\/types\/page"}],"author":[{"embeddable":true,"href":"https:\/\/webs.uab.cat\/megalits\/wp-json\/wp\/v2\/users\/20"}],"replies":[{"embeddable":true,"href":"https:\/\/webs.uab.cat\/megalits\/wp-json\/wp\/v2\/comments?post=42"}],"version-history":[{"count":2,"href":"https:\/\/webs.uab.cat\/megalits\/wp-json\/wp\/v2\/pages\/42\/revisions"}],"predecessor-version":[{"id":485,"href":"https:\/\/webs.uab.cat\/megalits\/wp-json\/wp\/v2\/pages\/42\/revisions\/485"}],"wp:attachment":[{"href":"https:\/\/webs.uab.cat\/megalits\/wp-json\/wp\/v2\/media?parent=42"}],"curies":[{"name":"wp","href":"https:\/\/api.w.org\/{rel}","templated":true}]}}

<div class="wp-block-columns alignwide is-layout-flex wp-container-core-columns-is-layout-9d6595d7 wp-block-columns-is-layout-flex">
<div class="wp-block-column is-layout-flow wp-block-column-is-layout-flow">
<p>Un&nbsp; dels productes més importants de les Gavarres fou el del carbó. El <a href="http://ca.wikipedia.org/wiki/Carb%C3%B3_vegetal" target="_blank" rel="noreferrer noopener">carbó vegetal&nbsp;</a> es produeix en el que s’han anomenat l<a href="http://ca.wikipedia.org/wiki/Carbonera" target="_blank" rel="noreferrer noopener">es Carboneres</a>. Les carboneres eren grans piles de llenya de faig, roure i sobretot alzina que es tapaven amb terra, fent uns forats perquè hi pogués entrar l’aire. La idea era encendre la llenya i que s’iniciés un procés de cuita molt lenta que durava dies. Un cop tota la llenya es transformava en carbó i s’apagava la pila, s’extreia el carbó i es carregava en sacs pel seu transport.</p>



<p>El <a href="http://www10.gencat.net/agaur_web/recursos/La_Farga/Docs/6_1-carboneig.htm">carboneig </a>es feia entre els mesos de novembre i març, un cop acabada la verema i la producció de vi. Els carboners eren jornalers, pagesos, traginers que durant aquests mesos s’instal·laven en un racó del bosc i començaven a tallar arbres per fer les piles de llenya. Tot sovint es construïen barraques per passar aquells mesos sota cobert, ja que la carbonera s’havia de vigilar permanentment. La seva petjada en el bosc, un cop passats uns anys, es pràcticament invisible, però actualment encara es poden veure els pous circulars que es feien servir per fer carbó de ferrer.</p>



<p><strong>Per saber-ne mes:</strong></p>



<p>Video: <a href="http://www.tv3.cat/videos/912079" target="_blank" rel="noreferrer noopener">El carbó a les Gavarres</a>. Programa El Medi Ambient. Tv3.</p>



<p>Video: <a href="http://www.youtube.com/watch?v=I0Qd9QXdY4U&amp;feature=youtu.be" target="_blank" rel="noreferrer noopener">Carboneres Gavarreses</a></p>



<p>Ajuntament de Forallac: <a href="http://www.forallac.cat/index.php/firesfestes/carbonera" target="_blank" rel="noreferrer noopener">La carbonera de Forallac</a></p>



<p>Jordi Gamero (2007). <a href="https://docs.google.com/file/d/0B0B9CiB-4sw_Yzk3ODcxNjUtZjc2My00YzA4LThlYjMtZmMxYjY3NDBjMWYy/edit?hl=es&amp;pli=1" target="_blank" rel="noreferrer noopener">La carbonera de Forallac</a>. Revista del Baix Empordà, 19. pgs 48-53</p>
</div>



<div class="wp-block-column is-layout-flow wp-block-column-is-layout-flow">
<figure class="wp-block-image is-resized"><a href="http://upload.wikimedia.org/wikipedia/commons/1/19/Duhamel_1.jpg" target="_blank" rel="noreferrer noopener"><img loading="lazy" decoding="async" src="http://upload.wikimedia.org/wikipedia/commons/1/19/Duhamel_1.jpg" alt="" width="420" height="503"/></a><figcaption>Procés de construcció d&#8217;una carbonera (Font: viquipèdia)</figcaption></figure>



<figure class="wp-block-image is-resized"><a href="http://pagines.uab.cat/megalits/sites/pagines.uab.cat.megalits/files/images/_MG_0896.preview.jpg" target="_blank" rel="noreferrer noopener"><img loading="lazy" decoding="async" src="http://pagines.uab.cat/megalits/sites/pagines.uab.cat.megalits/files/images/_MG_0896.jpg" alt="" width="415" height="623"/></a><figcaption>Pou per fer carbó de ferrer (SAPPO)</figcaption></figure>
</div>
</div>



<figure class="wp-block-table"><table><tbody><tr><td>
<p><strong>Situació:</strong></p>
<p><iframe loading="lazy" src="https://maps.google.es/maps/ms?msid=202222010049608088798.0004dd3a2dc4f786c4242&amp;msa=0&amp;ie=UTF8&amp;t=f&amp;ll=41.922601,3.071584&amp;spn=0.001197,0.004125&amp;z=18&amp;ecpose=41.9208864,3.07158378,357.05,-0.005,54.336,-0.01&amp;output=embed" marginwidth="0" marginheight="0" scrolling="no" width="770" height="300" frameborder="0"></iframe><br><small>Mostra <a style="color: #0000ff; text-align: left;" href="https://maps.google.es/maps/ms?msid=202222010049608088798.0004dd3a2dc4f786c4242&amp;msa=0&amp;ie=UTF8&amp;t=f&amp;ll=41.922601,3.071584&amp;spn=0.001197,0.004125&amp;z=18&amp;ecpose=41.9208864,3.07158378,357.05,-0.005,54.336,-0.01&amp;source=embed">E-Ruta Dolmens de la Serra de Cals</a> en un mapa més gran</small></p>
</td></tr></tbody></table></figure>

<p>Un&nbsp; dels productes més importants de les Gavarres fou el del carbó. El carbó vegetal&nbsp; es produeix en el que s’han anomenat les Carboneres. Les carboneres eren grans piles de llenya de faig, roure i sobretot alzina que es tapaven amb terra, fent uns forats perquè hi pogués entrar l’aire. La idea era encendre la [&hellip;]</p>
