{"id":44,"date":"2013-02-26T10:21:16","date_gmt":"2013-02-26T10:21:16","guid":{"rendered":"https:\/\/webs.uab.cat\/megalits\/poblat-den-cals\/"},"modified":"2022-09-21T15:28:40","modified_gmt":"2022-09-21T15:28:40","slug":"poblat-den-cals","status":"publish","type":"page","link":"https:\/\/webs.uab.cat\/megalits\/poblat-den-cals\/","title":{"rendered":"Poblat d&#8217;en Cals"},"content":{"rendered":"\n<div class=\"wp-block-columns alignwide is-layout-flex wp-container-core-columns-is-layout-9d6595d7 wp-block-columns-is-layout-flex\">\n<div class=\"wp-block-column is-layout-flow wp-block-column-is-layout-flow\">\n<p>Situat al Cim de Cals, amb una vista excel\u00b7lent sobre les Gavarres, el pla de l&#8217;Empord\u00e0 i el Montgr\u00ed, es tracta d\u2019un conjunt arquitect\u00f2nic format per diferents murs i estructures arquitect\u00f2niques de pedra seca. Durant el setembre de 2011 es realitzaren dos sondejos per confirmar l\u2019exist\u00e8ncia d\u2019arquitectura i poder caracteritzar aquesta ocupaci\u00f3.<\/p>\n\n\n\n<p>En el sondeig 1 es document\u00e0 un conjunt arquitect\u00f2nic format per un mur de pedra seca de tend\u00e8ncia circular\/oval. Aquest sondeig va permetre deixar al descobert l\u2019estructura en un \u00e0rea de 11,52m<sup>2<\/sup> aproximadament. S\u2019arrib\u00e0 fins la roca natural sense trobar cap s\u00f2l d\u2019ocupaci\u00f3 clar ni material arqueol\u00f2gic.<\/p>\n\n\n\n<p>Al sondeig 2 es document\u00e0 un conjunt arquitect\u00f2nic format per dos murs de pedra seca amb orientaci\u00f3 longitudinal nord-sud i est-oest que formen una cantonada. La densa vegetaci\u00f3 no permet observar a nivell superficial tota la estructura, per\u00f2 si que trobem evid\u00e8ncies de continuaci\u00f3 del conjunt arquitect\u00f2nic. El sondeig realitzat durant l\u2019any 2011 ha permet definir clarament el mur est-oest en una superf\u00edcie de dos metres 4.8m i el mur nord-sud en una superf\u00edcie de 3m. Ambdues cares del mur han pogut ser identificades correctament i es documenta que el gruix dels murs \u00e9s d\u2019 aproximadament&nbsp; 1m. S\u2019ha documentat un conjunt de lloses disposades horitzontalment a forma de enllosat interior.&nbsp;<\/p>\n\n\n\n<p>El Mas Cals s&#8217;identifica amb l&#8217;antic lloc de <em>Calvos<\/em>, que apareix entre els <em>villarunculi<\/em> associats a la vila de Fitor en la consagraci\u00f3 de la seva esgl\u00e9sia de Santa Coloma de Fitor l&#8217;any 949, acompanyant altres establiments no localitzats. Aquestes estructures trobades al Cim de Cals podrien estar relacionades amb aquest nucli de poblaci\u00f3 altmedieval.<\/p>\n\n\n\n<blockquote class=\"wp-block-quote is-layout-flow wp-block-quote-is-layout-flow\"><p><strong>UTM: <\/strong>31N 4640926N; 506666E. <strong>Altitud: <\/strong>307 m s.n.m<\/p><p><strong>Com arribar-hi:<\/strong> A la dreta del camp de la Cadena de Fitor trobem dues pistes. Aleshores cal agafar la de m\u00e9s a la dreta que \u2014en no massa bon estat\u2014 puja vers la serra de Cals. A uns 200 metres aproximadament del dolmen de la Serra de Cals, seguint la pista vers l\u2019oest, es troba una bifurcaci\u00f3. Cal agafar el cam\u00ed de l\u2019esquerra i parar a uns 50 metres. A partir d\u2019aqu\u00ed s\u2019ha d\u2019ascendir a peu per l\u2019esquerra del cam\u00ed en direcci\u00f3 al cim.<\/p><p><strong>Tipus de terreny geol\u00f2gic:&nbsp;<\/strong>La base geol\u00f2gica est\u00e0 formada per conglomerats, calcopelites, grauvaques i calc\u00e0ries (Sistema mediterrani), aix\u00ed com materials volc\u00e0nics i porfirites. En aquesta zona es situen diversos afloraments de pissarres ampel\u00edtiques (mapa geol\u00f2gic del ICC), visibles a nivell superficial.<\/p><p><strong>Materials: <\/strong>durant la intervenci\u00f3 del setembre de 2011 no es recuper\u00e0 cap tipus de material.<\/p><p><strong>Cronologia:&nbsp;<\/strong>conjunt arquitect\u00f2nic d\u2019\u00e8poca medieval.<\/p><p><strong>Not\u00edcies hist\u00f2riques:&nbsp;<\/strong>donat a con\u00e8ixer per part de Joan Botey (propietari de la finca) a un grup d\u2019arque\u00f2legs vinculats a la Universitat Aut\u00f2noma de Barcelona (Departament de Prehist\u00f2ria. SAPPO) al mes de setembre de 2011.<\/p><p><strong>Intervencions:<\/strong><br>Intervingut al mes de setembre de 2011. Es realitzaren dos sondejos per confirmar l\u2019exist\u00e8ncia d\u2019arquitectura.<\/p><\/blockquote>\n\n\n\n<p><strong>Per saber-ne mes:<\/strong><\/p>\n\n\n\n<p>Elvis Mallorqu\u00ed &nbsp;(2000) <em>Les Gavarres a l\u2019edat mitjana.<\/em><em> Poblament i societat d\u2019un mass\u00eds del Nord-est catal\u00e0.<\/em> Girona: CCG Edicions : Associaci\u00f3 d\u2019Hist\u00f2ria Rural de les Comarques Gironines : Institut de Llengua i Cultura Catalanes de la Universitat de Girona, octubre 2000. [Biblioteca d\u2019Hist\u00f2ria Rural. Estudis ; 2]. ISBN 84-95483-02-5. (VIII Premi Joan Xirgu dels Premis Les Gavarres).<\/p>\n\n\n\n<p>Bofill, M.; Vicente, O.; Ortiz, A (2011): <em>Mem\u00f2ria de la intervenci\u00f3 arqueol\u00f2gica a la Serra d&#8217;en Cals (Fitor-Fonteta, Baix Empord\u00e0).<\/em> Setembre de 2011. (Mem\u00f2ria In\u00e8dita). Servei d&#8217;Arqueologia de la Generalitat de Catalunya.<\/p>\n\n\n\n<p>Vicente, O.;Bofill, M.; Ortiz, A (2012): <em><a href=\"http:\/\/www.academia.edu\/1966536\/INTERVENCIO_ARQUEOLOGICA_A_LA_SERRA_DEN_CALS_FITOR-FONTETA_BAIX_EMPORDA_\" target=\"_blank\" rel=\"noreferrer noopener\">Intervenci\u00f3 arqueol\u00f2gica a la serra d&#8217;en Cals (Fitor-Fonteta, Baix Empord\u00e0)<\/a>.<\/em> Onzenes Jornades d&#8217;Arqueologia de les Comarques de Girona, Girona, 2012, 83-89.<\/p>\n<\/div>\n\n\n\n<div class=\"wp-block-column is-layout-flow wp-block-column-is-layout-flow\">\n<figure class=\"wp-block-image\"><a href=\"http:\/\/pagines.uab.cat\/megalits\/sites\/pagines.uab.cat.megalits\/files\/images\/image021.preview.jpg\" target=\"_blank\" rel=\"noreferrer noopener\"><img decoding=\"async\" src=\"http:\/\/pagines.uab.cat\/megalits\/sites\/pagines.uab.cat.megalits\/files\/images\/image021.jpg\" alt=\"\"\/><\/a><figcaption>Conjunt arquitect\u00f2nic medieval de Cals. Vista zenital del conjunt (SAPPO)<\/figcaption><\/figure>\n\n\n\n<figure class=\"wp-block-image\"><a href=\"http:\/\/pagines.uab.cat\/megalits\/sites\/pagines.uab.cat.megalits\/files\/images\/image023.jpg\" target=\"_blank\" rel=\"noreferrer noopener\"><img decoding=\"async\" src=\"http:\/\/pagines.uab.cat\/megalits\/sites\/pagines.uab.cat.megalits\/files\/images\/image023.jpg\" alt=\"\"\/><\/a><figcaption>Detall de les filades de pedra seca que constitueixen la cantonada d\u2019uni\u00f3 dels dos murs (SAPPO)<\/figcaption><\/figure>\n\n\n\n<figure class=\"wp-block-image\"><a href=\"http:\/\/pagines.uab.cat\/megalits\/sites\/pagines.uab.cat.megalits\/files\/images\/image025.jpg\" target=\"_blank\" rel=\"noreferrer noopener\"><img decoding=\"async\" src=\"http:\/\/pagines.uab.cat\/megalits\/sites\/pagines.uab.cat.megalits\/files\/images\/image025.jpg\" alt=\"\"\/><\/a><figcaption>Imatge de detall de les lloses que conformen l&#8217;enllosat interior (SAPPO)<\/figcaption><\/figure>\n\n\n\n<figure class=\"wp-block-image\"><a href=\"http:\/\/pagines.uab.cat\/megalits\/sites\/pagines.uab.cat.megalits\/files\/images\/image027.preview.jpg\" target=\"_blank\" rel=\"noreferrer noopener\"><img decoding=\"async\" src=\"http:\/\/pagines.uab.cat\/megalits\/sites\/pagines.uab.cat.megalits\/files\/images\/image027.jpg\" alt=\"\"\/><\/a><figcaption>Vista zenital del conjunt despr\u00e9s de la neteja i abans de realitzar el sondeig 2 (SAPPO)<\/figcaption><\/figure>\n\n\n\n<figure class=\"wp-block-image\"><a href=\"http:\/\/pagines.uab.cat\/megalits\/sites\/pagines.uab.cat.megalits\/files\/images\/image029.preview.jpg\" target=\"_blank\" rel=\"noreferrer noopener\"><img decoding=\"async\" src=\"http:\/\/pagines.uab.cat\/megalits\/sites\/pagines.uab.cat.megalits\/files\/images\/image029.jpg\" alt=\"\"\/><\/a><\/figure>\n\n\n\n<p>Vista zenital del conjunt despr\u00e9s de la excavaci\u00f3 del sondeig &nbsp;(SAPPO)&nbsp;<\/p>\n<\/div>\n<\/div>\n\n\n\n<figure class=\"wp-block-table\"><table><tbody><tr><td>\n<p><strong>Situaci\u00f3:<\/strong><\/p>\n<p><iframe loading=\"lazy\" src=\"https:\/\/maps.google.es\/maps?q=https:%2F%2Fdl.dropbox.com%2Fu%2F28399760%2FERuta%2520Cals%2520Fitor.kml&amp;hl=ca&amp;sll=41.497151,2.155094&amp;sspn=0.778626,1.234589&amp;t=f&amp;ecpose=41.92147275,3.07357454,445.12,-0.007,38.09,-0.001&amp;ie=UTF8&amp;ll=41.922925,3.073574&amp;spn=0.001397,0.004828&amp;z=18&amp;output=embed\" marginwidth=\"0\" marginheight=\"0\" scrolling=\"no\" width=\"790\" height=\"300\" frameborder=\"0\">&amp;lt;iframe src=&#8221;https:\/\/maps.google.es\/maps\/ms?msid=202222010049608088798.0004dd3a2dc4f786c4242&amp;amp;amp;msa=0&amp;amp;amp;ie=UTF8&amp;amp;amp;t=f&amp;amp;amp;ll=41.918396,3.079614&amp;amp;amp;spn=0.000599,0.002063&amp;amp;amp;z=19&amp;amp;amp;ecpose=41.91751091,3.0796143,379.36,-0.002,55.477,0&amp;amp;amp;output=embed&#8221; frameborder=&#8221;0&#8243; marginwidth=&#8221;0&#8243; marginheight=&#8221;0&#8243; scrolling=&#8221;no&#8221; width=&#8221;770&#8243; height=&#8221;300&#8243;&amp;gt;<\/iframe><br><small>Mostra <a style=\"color: #0000ff; text-align: left;\" href=\"https:\/\/maps.google.es\/maps\/ms?msid=202222010049608088798.0004dd3a2dc4f786c4242&amp;msa=0&amp;ie=UTF8&amp;t=f&amp;ll=41.918396,3.079614&amp;spn=0.000599,0.002063&amp;z=19&amp;ecpose=41.91751091,3.0796143,379.36,-0.002,55.477,0&amp;source=embed\">E-Ruta Dolmens de la Serra de Cals<\/a> en un mapa m\u00e9s gran<\/small><\/p>\n<\/td><\/tr><\/tbody><\/table><\/figure>\n","protected":false},"excerpt":{"rendered":"<p>Situat al Cim de Cals, amb una vista excel\u00b7lent sobre les Gavarres, el pla de l&#8217;Empord\u00e0 i el Montgr\u00ed, es tracta d\u2019un conjunt arquitect\u00f2nic format per diferents murs i estructures arquitect\u00f2niques de pedra seca. Durant el setembre de 2011 es realitzaren dos sondejos per confirmar l\u2019exist\u00e8ncia d\u2019arquitectura i poder caracteritzar aquesta ocupaci\u00f3. En el sondeig [&hellip;]<\/p>\n","protected":false},"author":20,"featured_media":0,"parent":0,"menu_order":0,"comment_status":"closed","ping_status":"closed","template":"","meta":{"footnotes":""},"class_list":["post-44","page","type-page","status-publish","hentry"],"_links":{"self":[{"href":"https:\/\/webs.uab.cat\/megalits\/wp-json\/wp\/v2\/pages\/44","targetHints":{"allow":["GET"]}}],"collection":[{"href":"https:\/\/webs.uab.cat\/megalits\/wp-json\/wp\/v2\/pages"}],"about":[{"href":"https:\/\/webs.uab.cat\/megalits\/wp-json\/wp\/v2\/types\/page"}],"author":[{"embeddable":true,"href":"https:\/\/webs.uab.cat\/megalits\/wp-json\/wp\/v2\/users\/20"}],"replies":[{"embeddable":true,"href":"https:\/\/webs.uab.cat\/megalits\/wp-json\/wp\/v2\/comments?post=44"}],"version-history":[{"count":1,"href":"https:\/\/webs.uab.cat\/megalits\/wp-json\/wp\/v2\/pages\/44\/revisions"}],"predecessor-version":[{"id":491,"href":"https:\/\/webs.uab.cat\/megalits\/wp-json\/wp\/v2\/pages\/44\/revisions\/491"}],"wp:attachment":[{"href":"https:\/\/webs.uab.cat\/megalits\/wp-json\/wp\/v2\/media?parent=44"}],"curies":[{"name":"wp","href":"https:\/\/api.w.org\/{rel}","templated":true}]}}