{"id":45,"date":"2013-02-26T10:22:38","date_gmt":"2013-02-26T10:22:38","guid":{"rendered":"https:\/\/webs.uab.cat\/megalits\/dolmen-dels-tres-peus\/"},"modified":"2022-09-21T15:30:17","modified_gmt":"2022-09-21T15:30:17","slug":"dolmen-dels-tres-peus","status":"publish","type":"page","link":"https:\/\/webs.uab.cat\/megalits\/dolmen-dels-tres-peus\/","title":{"rendered":"Dolmen dels Tres Peus"},"content":{"rendered":"\n<div class=\"wp-block-columns alignwide is-layout-flex wp-container-core-columns-is-layout-9d6595d7 wp-block-columns-is-layout-flex\">\n<div class=\"wp-block-column is-layout-flow wp-block-column-is-layout-flow\">\n<p>El dolmen dels Tres Peus (Dolmen Gran o Dolmen de Fitor) \u00e9s possiblement el m\u00e9s conegut d&#8217;aquesta part de les Gavarres degut a la seva grand\u00e0ria i bona conservaci\u00f3. Es tracta d\u2019un <a href=\"http:\/\/pagines.uab.cat\/megalits\/content\/el-megalitisme-catalunya#sepulcre\" target=\"_blank\" rel=\"noreferrer noopener\">sepulcre de corredor<\/a> de cambra rectangular gran o d\u2019una galeria catalana en U feta de lloses de pissarra. Del t\u00famul artificial de tend\u00e8ncia circular, terraplenat artificialment vers llevant i migdia amb blocs ajaguts, en queden restes visibles. Actualment el dolmen conserva la seva cambra formada per 6 lloses i la gran coberta&nbsp;<em>in situ<\/em>. Vora les lloses de migdia hi ha a terra restes de lloses possiblement de la cambra. Les dues lloses m\u00e9s properes al passad\u00eds \u2013 actualment no visible \u2013 que encara s\u2019observen en posici\u00f3 vertical en la fotografia de Cazurro, s\u00f3n avui inclinades vers l\u2019interior de la cambra, tocant-se una amb l\u2019altra. Aix\u00f2 fou degut a les excavacions incontrolades que pat\u00ed el monument. El dolmen estava lleugerament atrinxerat en el terreny vers ponent.&nbsp; Del t\u00famul que cobria l\u2019estructura interna i del perist\u00e0til de blocs ajaguts en resten testimonis vistents.<\/p>\n\n\n\n<p>El dolmen va ser utilitzat durant un temps com a cabana, essent en part aparellat amb paret seca (<em>Tarr\u00fas et al.<\/em>, 1990: 53).<\/p>\n\n\n\n<blockquote class=\"wp-block-quote is-layout-flow wp-block-quote-is-layout-flow\"><p><strong>Coordenades UTM:&nbsp;<\/strong>31N4640959N; 506943E. <strong>Altitud: <\/strong>290 m A.N.E.<\/p><p><strong>Com arribar-hi:<\/strong> A la dreta del camp de la cadena de Fitor, trobem dues pistes. Aleshores cal agafar la de m\u00e9s a la dreta que \u2013en no massa bon estat- puja vers la serra de Cals. A 1quil\u00f2metre de dist\u00e0ncia, a l\u2019esquerra i a pocs&nbsp; metres del cam\u00ed, en la carena de la serra \u00e9s situat aquest dolmen. F\u00e0cil de trobar.<\/p><p><strong>Tipus de terreny geol\u00f2gic:&nbsp;<\/strong>Arenisca grauwacosa (segons el dr. Luis Pall\u00ed). La base geol\u00f2gica est\u00e0 formada per conglomerats, calcopelites, grauvaques i calc\u00e0ries (Sistema mediterrani), aix\u00ed com materials volc\u00e0nics i porfirites. En aquesta zona es situen diversos afloraments de pissarres ampel\u00edtiques (mapa geol\u00f2gic del ICC), visibles a nivell superficial.<\/p><p><strong>Materials:&nbsp;<\/strong>Pallar\u00e8s va trobar un fragment de vas de perfil carenat. Esteva trob\u00e0 un fragment de cer\u00e0mica basta de color marr\u00f3 clar, amb desgreixant de quars (Esteva, 1965a: 21)<\/p><p><strong>Cronologia: <\/strong>3000-2500 a. C<\/p><p><strong>Not\u00edcies hist\u00f2riques:&nbsp;<\/strong>Vicen\u00e7 Piera i Tossetti i Miquel Torroella i Plaja comenten en un treball publicat a l\u2019any 1881 l\u2019exist\u00e8ncia d\u2019un \u201cdolmen prehist\u00f2ric\u201d a Fitor, no el van citar per\u00f2 feien refer\u00e8ncia al Dolmen dels Tres Peus, ja que al 1917 en la tercera edici\u00f3 d\u2019aquesta obra tornaren a referir-se a aquest monument i publicaren un fotografia.<\/p><p>Jon Bautista Cam\u00f3s va donar noticia a i una fotografia a Francesc Carreras i Candi que el cit\u00e0 en una publicaci\u00f3 a l\u2019any 1905 i al 1911. Al mateix any Joaquim Botet i Sis\u00f3 en public\u00e0 la primera fotografia.&nbsp; Manuel Cazurro i Ruiz el va visitar-ho al 1911 i el public\u00e0 l\u2019any 1912 amb una descripci\u00f3, planta i fotografia i l\u2019anomen\u00e0 Dolmen Gran de Fitor o Pedra dels Tres Peus.<\/p><p>Llu\u00eds Pericot el va classificar a la seva tesi l\u2019any 1935 i el classific\u00e0 com a cista. Tamb\u00e9 cita que va ser excavat per Alfred Klaebisch i que desconeix el resultat de l\u2019excavaci\u00f3. En la revisi\u00f3 de la seva tesis a l\u2019any 1950 Pericot el reclassific\u00e0 com a cista semitancada o tancada. Cita tamb\u00e9 la troballa de Pallar\u00e9s. Llu\u00eds Esteva i Crua\u00f1as el public\u00e0 \u2013 sense excavar-lo- amb bones planimetries (Esteva, 1965a:20-21) i el classific\u00e0 com a cambra de tend\u00e8ncia poligonal. Informa que Alfred Klaebisch no va excavar mai cap dolmen a Fitor.<\/p><p>Al 1984, Josep Tarr\u00fas i Galter, Josep Castells i Camp, J\u00falia Chinchilla i S\u00e1nchez i Ros\u00f3 Vilardell i Pascual el classificaren com a una cambra simple subcircular.<\/p><p>Enriqueta Pons i Brun el publica com a cambra simple amb una fotografia al 1987.<\/p><p><strong>Intervencions: <\/strong>No s\u2019hi ha dut&nbsp; a terme intervencions arqueol\u00f2giques. Esteva comunica no haver-ho excavat degut a la perillositat en que presenta el monument despr\u00e9s del buidatge dut a terme per furtius. Segons publica d\u2019Esteva (Esteva, 1965) el jaciment va ser perillosament buidat fins al extrem que la cap\u00e7alera va quedar totalment descoberta, arribant a profunditzar a la pr\u00f2pia roca del fons.<\/p><p><strong>N\u00ba Refer\u00e8ncia altres cat\u00e0legs:<\/strong>&nbsp;n\u00ba 8 del llistat de monuments de sepulcres megal\u00edtics. de <em>Tarr\u00fas et al.<\/em> (1990).<\/p><\/blockquote>\n\n\n\n<p><strong>Per saber-ne mes:<\/strong><\/p>\n\n\n\n<ol class=\"wp-block-list\"><li>Carreras i Candi (s.d\/1911), p\u00e0g. 786<\/li><li>Botet i Sis\u00f3 (s.d.\/1911), p\u00e0gs. 169, 617 (fotografia p\u00e0g.616)<\/li><li>Cazurro i Ruiz (1912), p\u00e0g. 60 (fotografia L\u00e0m. XXIII)<\/li><li>Bosch i Gimpera (1919), p\u00e0g. 112<\/li><li>Rovira i Virgili (1922), p\u00e0gs. 353-354<\/li><li>Pericot i Garc\u00eda (1925), p\u00e0g.96, n\u00fam, 33; planta II, 36<\/li><li>Serra-R\u00e0fols (1930), p\u00e0g. 48 bis<\/li><li>Pericot i Garcia (1934), p\u00e0g. 165<\/li><li>Carreras i Candi (s.d.-1940), p\u00e0g.10<\/li><li>Pericot i Garcia (1950), p\u00e0g. 148, n\u00fam.62; planta fig. 35.8<\/li><li>Pla i Cargo (1946), p\u00e0g. 115<\/li><li>Sales (1963), p\u00e0gs. 106-107<\/li><li>Esteva i Crua\u00f1as (1965), <em>Corpus <\/em>II<\/li><li>Cura i Morera\/Castells i Camp (1977), p\u00e0g.82<\/li><li>Badia i Homs (1977), p\u00e0g. 207 (fotografia p\u00e0g.211)<\/li><li>Rauret (1978), p\u00e0g. 72<\/li><li>Badia i Homs (1981), p\u00e0gs. 376; (fotografia p\u00e0g.375)<\/li><li>Esteva i Crua\u00f1as (1983), p\u00e0gs. 13-27<\/li><li>Tarr\u00fas I Galter\/Castells i Camp\/ Chinchilla I S\u00e1nchez\/Vilardell i Pascual (1984), p\u00e0g.85<\/li><li>Grau I Ferrando \/Planas i Casamitjana (1988), <em>Girona pas a pas<\/em>, vol.I, p\u00e0g. 542<\/li><li>Tarr\u00fas, J.; Badia, J.; Bofarull, B.; Carreras, E. i Pi\u00f1ero, Miquel-Didac (1990) <em>D\u00f2lmens i Menhirs. 48 monuments megal\u00edtics de les Gavarres I el Mass\u00eds d\u2019Ardenya (Baix Empord\u00e0, la Selva, el Giron\u00e8s)<\/em>. Guies del Patrimoni Comarcal, n.8, Editorial ART-3. Figueres<strong>.<\/strong><\/li><\/ol>\n<\/div>\n\n\n\n<div class=\"wp-block-column is-layout-flow wp-block-column-is-layout-flow\">\n<figure class=\"wp-block-image is-resized\"><a href=\"http:\/\/pagines.uab.cat\/megalits\/sites\/pagines.uab.cat.megalits\/files\/images\/image035.jpg\" target=\"_blank\" rel=\"noreferrer noopener\"><img loading=\"lazy\" decoding=\"async\" src=\"http:\/\/pagines.uab.cat\/megalits\/sites\/pagines.uab.cat.megalits\/files\/images\/image035.jpg\" alt=\"\" width=\"582\" height=\"869\"\/><\/a><figcaption>Dolmen dels Tres Peus. Vista des de l&#8217;Oest (SAPPO)<\/figcaption><\/figure>\n\n\n\n<figure class=\"wp-block-image\"><a href=\"http:\/\/pagines.uab.cat\/megalits\/sites\/pagines.uab.cat.megalits\/files\/images\/image031.preview.jpg\" target=\"_blank\" rel=\"noreferrer noopener\"><img decoding=\"async\" src=\"http:\/\/pagines.uab.cat\/megalits\/sites\/pagines.uab.cat.megalits\/files\/images\/image031.jpg\" alt=\"\"\/><\/a><figcaption>Dolmen dels Tres Peus. Vista des del Sud (SAPPO)<\/figcaption><\/figure>\n\n\n\n<figure class=\"wp-block-image\"><a href=\"http:\/\/pagines.uab.cat\/megalits\/sites\/pagines.uab.cat.megalits\/files\/images\/image003.preview.jpg\" target=\"_blank\" rel=\"noreferrer noopener\"><img decoding=\"async\" src=\"http:\/\/pagines.uab.cat\/megalits\/sites\/pagines.uab.cat.megalits\/files\/images\/image033.jpg\" alt=\"\"\/><\/a><figcaption>Dolmen dels Tres Peus. Vista des del Nord (SAPPO)<\/figcaption><\/figure>\n\n\n\n<figure class=\"wp-block-image\"><a href=\"http:\/\/pagines.uab.cat\/megalits\/sites\/pagines.uab.cat.megalits\/files\/images\/tres%20peus%20copia.preview.jpg\" target=\"_blank\" rel=\"noreferrer noopener\"><img decoding=\"async\" src=\"http:\/\/pagines.uab.cat\/megalits\/sites\/pagines.uab.cat.megalits\/files\/images\/tres%20peus%20copia.jpg\" alt=\"\"\/><\/a><figcaption>Planta del dolmen dels Tres Peus. Esteva 1965<\/figcaption><\/figure>\n<\/div>\n<\/div>\n\n\n\n<figure class=\"wp-block-table\"><table><tbody><tr><td>\n<p><strong>Situaci\u00f3:<\/strong><\/p>\n<p><iframe loading=\"lazy\" src=\"https:\/\/maps.google.es\/maps\/ms?msid=202222010049608088798.0004dd3a2dc4f786c4242&amp;msa=0&amp;ie=UTF8&amp;t=f&amp;ll=41.918901,3.082598&amp;spn=0.000599,0.002063&amp;z=19&amp;ecpose=41.91764402,3.08259836,379.36,0,55.477,0&amp;output=embed\" marginwidth=\"0\" marginheight=\"0\" scrolling=\"no\" width=\"770\" height=\"300\" frameborder=\"0\"><\/iframe><br><small>Mostra <a style=\"color: #0000ff; text-align: left;\" href=\"https:\/\/maps.google.es\/maps\/ms?msid=202222010049608088798.0004dd3a2dc4f786c4242&amp;msa=0&amp;ie=UTF8&amp;t=f&amp;ll=41.918901,3.082598&amp;spn=0.000599,0.002063&amp;z=19&amp;ecpose=41.91764402,3.08259836,379.36,0,55.477,0&amp;source=embed\">E-Ruta Dolmens de la Serra de Cals<\/a> en un mapa m\u00e9s gran<\/small><\/p>\n<\/td><\/tr><\/tbody><\/table><\/figure>\n","protected":false},"excerpt":{"rendered":"<p>El dolmen dels Tres Peus (Dolmen Gran o Dolmen de Fitor) \u00e9s possiblement el m\u00e9s conegut d&#8217;aquesta part de les Gavarres degut a la seva grand\u00e0ria i bona conservaci\u00f3. Es tracta d\u2019un sepulcre de corredor de cambra rectangular gran o d\u2019una galeria catalana en U feta de lloses de pissarra. Del t\u00famul artificial de tend\u00e8ncia [&hellip;]<\/p>\n","protected":false},"author":20,"featured_media":0,"parent":0,"menu_order":0,"comment_status":"closed","ping_status":"closed","template":"","meta":{"footnotes":""},"class_list":["post-45","page","type-page","status-publish","hentry"],"_links":{"self":[{"href":"https:\/\/webs.uab.cat\/megalits\/wp-json\/wp\/v2\/pages\/45","targetHints":{"allow":["GET"]}}],"collection":[{"href":"https:\/\/webs.uab.cat\/megalits\/wp-json\/wp\/v2\/pages"}],"about":[{"href":"https:\/\/webs.uab.cat\/megalits\/wp-json\/wp\/v2\/types\/page"}],"author":[{"embeddable":true,"href":"https:\/\/webs.uab.cat\/megalits\/wp-json\/wp\/v2\/users\/20"}],"replies":[{"embeddable":true,"href":"https:\/\/webs.uab.cat\/megalits\/wp-json\/wp\/v2\/comments?post=45"}],"version-history":[{"count":1,"href":"https:\/\/webs.uab.cat\/megalits\/wp-json\/wp\/v2\/pages\/45\/revisions"}],"predecessor-version":[{"id":493,"href":"https:\/\/webs.uab.cat\/megalits\/wp-json\/wp\/v2\/pages\/45\/revisions\/493"}],"wp:attachment":[{"href":"https:\/\/webs.uab.cat\/megalits\/wp-json\/wp\/v2\/media?parent=45"}],"curies":[{"name":"wp","href":"https:\/\/api.w.org\/{rel}","templated":true}]}}

<div class="wp-block-columns alignwide is-layout-flex wp-container-core-columns-is-layout-9d6595d7 wp-block-columns-is-layout-flex">
<div class="wp-block-column is-layout-flow wp-block-column-is-layout-flow">
<p>El dolmen dels Tres Peus (Dolmen Gran o Dolmen de Fitor) és possiblement el més conegut d&#8217;aquesta part de les Gavarres degut a la seva grandària i bona conservació. Es tracta d’un <a href="http://pagines.uab.cat/megalits/content/el-megalitisme-catalunya#sepulcre" target="_blank" rel="noreferrer noopener">sepulcre de corredor</a> de cambra rectangular gran o d’una galeria catalana en U feta de lloses de pissarra. Del túmul artificial de tendència circular, terraplenat artificialment vers llevant i migdia amb blocs ajaguts, en queden restes visibles. Actualment el dolmen conserva la seva cambra formada per 6 lloses i la gran coberta&nbsp;<em>in situ</em>. Vora les lloses de migdia hi ha a terra restes de lloses possiblement de la cambra. Les dues lloses més properes al passadís – actualment no visible – que encara s’observen en posició vertical en la fotografia de Cazurro, són avui inclinades vers l’interior de la cambra, tocant-se una amb l’altra. Això fou degut a les excavacions incontrolades que patí el monument. El dolmen estava lleugerament atrinxerat en el terreny vers ponent.&nbsp; Del túmul que cobria l’estructura interna i del peristàtil de blocs ajaguts en resten testimonis vistents.</p>



<p>El dolmen va ser utilitzat durant un temps com a cabana, essent en part aparellat amb paret seca (<em>Tarrús et al.</em>, 1990: 53).</p>



<blockquote class="wp-block-quote is-layout-flow wp-block-quote-is-layout-flow"><p><strong>Coordenades UTM:&nbsp;</strong>31N4640959N; 506943E. <strong>Altitud: </strong>290 m A.N.E.</p><p><strong>Com arribar-hi:</strong> A la dreta del camp de la cadena de Fitor, trobem dues pistes. Aleshores cal agafar la de més a la dreta que –en no massa bon estat- puja vers la serra de Cals. A 1quilòmetre de distància, a l’esquerra i a pocs&nbsp; metres del camí, en la carena de la serra és situat aquest dolmen. Fàcil de trobar.</p><p><strong>Tipus de terreny geològic:&nbsp;</strong>Arenisca grauwacosa (segons el dr. Luis Pallí). La base geològica està formada per conglomerats, calcopelites, grauvaques i calcàries (Sistema mediterrani), així com materials volcànics i porfirites. En aquesta zona es situen diversos afloraments de pissarres ampelítiques (mapa geològic del ICC), visibles a nivell superficial.</p><p><strong>Materials:&nbsp;</strong>Pallarès va trobar un fragment de vas de perfil carenat. Esteva trobà un fragment de ceràmica basta de color marró clar, amb desgreixant de quars (Esteva, 1965a: 21)</p><p><strong>Cronologia: </strong>3000-2500 a. C</p><p><strong>Notícies històriques:&nbsp;</strong>Vicenç Piera i Tossetti i Miquel Torroella i Plaja comenten en un treball publicat a l’any 1881 l’existència d’un “dolmen prehistòric” a Fitor, no el van citar però feien referència al Dolmen dels Tres Peus, ja que al 1917 en la tercera edició d’aquesta obra tornaren a referir-se a aquest monument i publicaren un fotografia.</p><p>Jon Bautista Camós va donar noticia a i una fotografia a Francesc Carreras i Candi que el cità en una publicació a l’any 1905 i al 1911. Al mateix any Joaquim Botet i Sisó en publicà la primera fotografia.&nbsp; Manuel Cazurro i Ruiz el va visitar-ho al 1911 i el publicà l’any 1912 amb una descripció, planta i fotografia i l’anomenà Dolmen Gran de Fitor o Pedra dels Tres Peus.</p><p>Lluís Pericot el va classificar a la seva tesi l’any 1935 i el classificà com a cista. També cita que va ser excavat per Alfred Klaebisch i que desconeix el resultat de l’excavació. En la revisió de la seva tesis a l’any 1950 Pericot el reclassificà com a cista semitancada o tancada. Cita també la troballa de Pallarés. Lluís Esteva i Cruañas el publicà – sense excavar-lo- amb bones planimetries (Esteva, 1965a:20-21) i el classificà com a cambra de tendència poligonal. Informa que Alfred Klaebisch no va excavar mai cap dolmen a Fitor.</p><p>Al 1984, Josep Tarrús i Galter, Josep Castells i Camp, Júlia Chinchilla i Sánchez i Rosó Vilardell i Pascual el classificaren com a una cambra simple subcircular.</p><p>Enriqueta Pons i Brun el publica com a cambra simple amb una fotografia al 1987.</p><p><strong>Intervencions: </strong>No s’hi ha dut&nbsp; a terme intervencions arqueològiques. Esteva comunica no haver-ho excavat degut a la perillositat en que presenta el monument després del buidatge dut a terme per furtius. Segons publica d’Esteva (Esteva, 1965) el jaciment va ser perillosament buidat fins al extrem que la capçalera va quedar totalment descoberta, arribant a profunditzar a la pròpia roca del fons.</p><p><strong>Nº Referència altres catàlegs:</strong>&nbsp;nº 8 del llistat de monuments de sepulcres megalítics. de <em>Tarrús et al.</em> (1990).</p></blockquote>



<p><strong>Per saber-ne mes:</strong></p>



<ol class="wp-block-list"><li>Carreras i Candi (s.d/1911), pàg. 786</li><li>Botet i Sisó (s.d./1911), pàgs. 169, 617 (fotografia pàg.616)</li><li>Cazurro i Ruiz (1912), pàg. 60 (fotografia Làm. XXIII)</li><li>Bosch i Gimpera (1919), pàg. 112</li><li>Rovira i Virgili (1922), pàgs. 353-354</li><li>Pericot i García (1925), pàg.96, núm, 33; planta II, 36</li><li>Serra-Ràfols (1930), pàg. 48 bis</li><li>Pericot i Garcia (1934), pàg. 165</li><li>Carreras i Candi (s.d.-1940), pàg.10</li><li>Pericot i Garcia (1950), pàg. 148, núm.62; planta fig. 35.8</li><li>Pla i Cargo (1946), pàg. 115</li><li>Sales (1963), pàgs. 106-107</li><li>Esteva i Cruañas (1965), <em>Corpus </em>II</li><li>Cura i Morera/Castells i Camp (1977), pàg.82</li><li>Badia i Homs (1977), pàg. 207 (fotografia pàg.211)</li><li>Rauret (1978), pàg. 72</li><li>Badia i Homs (1981), pàgs. 376; (fotografia pàg.375)</li><li>Esteva i Cruañas (1983), pàgs. 13-27</li><li>Tarrús I Galter/Castells i Camp/ Chinchilla I Sánchez/Vilardell i Pascual (1984), pàg.85</li><li>Grau I Ferrando /Planas i Casamitjana (1988), <em>Girona pas a pas</em>, vol.I, pàg. 542</li><li>Tarrús, J.; Badia, J.; Bofarull, B.; Carreras, E. i Piñero, Miquel-Didac (1990) <em>Dòlmens i Menhirs. 48 monuments megalítics de les Gavarres I el Massís d’Ardenya (Baix Empordà, la Selva, el Gironès)</em>. Guies del Patrimoni Comarcal, n.8, Editorial ART-3. Figueres<strong>.</strong></li></ol>
</div>



<div class="wp-block-column is-layout-flow wp-block-column-is-layout-flow">
<figure class="wp-block-image is-resized"><a href="http://pagines.uab.cat/megalits/sites/pagines.uab.cat.megalits/files/images/image035.jpg" target="_blank" rel="noreferrer noopener"><img loading="lazy" decoding="async" src="http://pagines.uab.cat/megalits/sites/pagines.uab.cat.megalits/files/images/image035.jpg" alt="" width="582" height="869"/></a><figcaption>Dolmen dels Tres Peus. Vista des de l&#8217;Oest (SAPPO)</figcaption></figure>



<figure class="wp-block-image"><a href="http://pagines.uab.cat/megalits/sites/pagines.uab.cat.megalits/files/images/image031.preview.jpg" target="_blank" rel="noreferrer noopener"><img decoding="async" src="http://pagines.uab.cat/megalits/sites/pagines.uab.cat.megalits/files/images/image031.jpg" alt=""/></a><figcaption>Dolmen dels Tres Peus. Vista des del Sud (SAPPO)</figcaption></figure>



<figure class="wp-block-image"><a href="http://pagines.uab.cat/megalits/sites/pagines.uab.cat.megalits/files/images/image003.preview.jpg" target="_blank" rel="noreferrer noopener"><img decoding="async" src="http://pagines.uab.cat/megalits/sites/pagines.uab.cat.megalits/files/images/image033.jpg" alt=""/></a><figcaption>Dolmen dels Tres Peus. Vista des del Nord (SAPPO)</figcaption></figure>



<figure class="wp-block-image"><a href="http://pagines.uab.cat/megalits/sites/pagines.uab.cat.megalits/files/images/tres%20peus%20copia.preview.jpg" target="_blank" rel="noreferrer noopener"><img decoding="async" src="http://pagines.uab.cat/megalits/sites/pagines.uab.cat.megalits/files/images/tres%20peus%20copia.jpg" alt=""/></a><figcaption>Planta del dolmen dels Tres Peus. Esteva 1965</figcaption></figure>
</div>
</div>



<figure class="wp-block-table"><table><tbody><tr><td>
<p><strong>Situació:</strong></p>
<p><iframe loading="lazy" src="https://maps.google.es/maps/ms?msid=202222010049608088798.0004dd3a2dc4f786c4242&amp;msa=0&amp;ie=UTF8&amp;t=f&amp;ll=41.918901,3.082598&amp;spn=0.000599,0.002063&amp;z=19&amp;ecpose=41.91764402,3.08259836,379.36,0,55.477,0&amp;output=embed" marginwidth="0" marginheight="0" scrolling="no" width="770" height="300" frameborder="0"></iframe><br><small>Mostra <a style="color: #0000ff; text-align: left;" href="https://maps.google.es/maps/ms?msid=202222010049608088798.0004dd3a2dc4f786c4242&amp;msa=0&amp;ie=UTF8&amp;t=f&amp;ll=41.918901,3.082598&amp;spn=0.000599,0.002063&amp;z=19&amp;ecpose=41.91764402,3.08259836,379.36,0,55.477,0&amp;source=embed">E-Ruta Dolmens de la Serra de Cals</a> en un mapa més gran</small></p>
</td></tr></tbody></table></figure>

<p>El dolmen dels Tres Peus (Dolmen Gran o Dolmen de Fitor) és possiblement el més conegut d&#8217;aquesta part de les Gavarres degut a la seva grandària i bona conservació. Es tracta d’un sepulcre de corredor de cambra rectangular gran o d’una galeria catalana en U feta de lloses de pissarra. Del túmul artificial de tendència [&hellip;]</p>
