{"id":277,"date":"2015-01-09T16:05:53","date_gmt":"2015-01-09T16:05:53","guid":{"rendered":"https:\/\/webs.uab.cat\/mequeedo\/formacio-de-mestres-4\/"},"modified":"2022-08-03T09:30:37","modified_gmt":"2022-08-03T09:30:37","slug":"formacio-de-mestres-4","status":"publish","type":"page","link":"https:\/\/webs.uab.cat\/mequeedo\/formacio-de-mestres-4\/","title":{"rendered":"Formaci\u00f3 de mestres"},"content":{"rendered":"<div class=\"wp-block-image\">\n<figure class=\"aligncenter is-resized\"><img loading=\"lazy\" decoding=\"async\" src=\"https:\/\/webs.uab.cat\/mequeedo\/wp-content\/uploads\/sites\/99\/2015\/01\/mestres1_5.jpg\" alt=\"\" class=\"wp-image-268\" width=\"476\" height=\"357\" srcset=\"https:\/\/webs.uab.cat\/mequeedo\/wp-content\/uploads\/sites\/99\/2015\/01\/mestres1_5.jpg 320w, https:\/\/webs.uab.cat\/mequeedo\/wp-content\/uploads\/sites\/99\/2015\/01\/mestres1_5-300x225.jpg 300w\" sizes=\"auto, (max-width: 476px) 100vw, 476px\" \/><\/figure>\n<\/div>\n\n\n<p>Edo, M., Aranda, M., Edo, C., Serrano, H. (2020). <em>Un munt de jocs per un m\u00f3n de c\u00e0lculs. 1. Dossier del taller de jocs matem\u00e0tics per a les mestres<\/em>. Barcelona: Dip\u00f2sit Digital de Documents, UAB. Recuperat de: <a href=\"https:\/\/ddd.uab.cat\/record\/225037\">https:\/\/ddd.uab.cat\/record\/225037<\/a><\/p>\n\n\n\n<p>Edo, M., Aranda, M., Edo, C., Serrano, H. (2020). <em>Un munt de jocs per un m\u00f3n de c\u00e0lculs. 2. Material del taller dels jocs matem\u00e0tics per als infants<\/em>. Barcelona: Dip\u00f2sit Digital de Documents, UAB. Recuperat de: <a href=\"https:\/\/ddd.uab.cat\/record\/225044\">https:\/\/ddd.uab.cat\/record\/225044<\/a><\/p>\n\n\n\n<p>Edo, M., Alfageme, B., Colomera, L., S\u00e1nchez, M. (2020). <em>Cat\u00e0leg de materials i jocs de taula matem\u00e0tics per Prim\u00e0ria<\/em>. Dip\u00f2sit digital de documents de la UAB. Recuperat de <a href=\"https:\/\/ddd.uab.cat\/record\/224903\">https:\/\/ddd.uab.cat\/record\/224903<\/a><\/p>\n\n\n\n<p>Blanch,&nbsp; S.,&nbsp; Edo,&nbsp; M.,&nbsp; Par\u00eds,&nbsp; G.&nbsp; (2020).&nbsp; Improving&nbsp; personal&nbsp; and&nbsp; prosocial&nbsp; competencies&nbsp; implementing Service&nbsp; Leaning&nbsp; Projects&nbsp; during&nbsp; internships&nbsp; at&nbsp; University. <em>REDU. Revista de Docencia Universitaria<\/em>, <em>18<\/em>(1),&nbsp;123-142. <a href=\"https:\/\/doi.org\/10.4995\/redu.2020.13076\">https:\/\/doi.org\/10.4995\/redu.2020.13076<\/a><\/p>\n\n\n\n<p>Lalueza, J. L., Garcia, D., Blanch, S., Edo, M. y Peire, T. (2019). <a href=\"https:\/\/webs.uab.cat\/mequeedo\/wp-content\/uploads\/sites\/99\/2015\/01\/actas-xv-symposium-poio-2019.pdf\">La implementaci\u00f3n de proyectos Aprendizaje Servicio en la Universitat Aut\u00f2noma Barcelona a trav\u00e9s de las pr\u00e1cticas externas. El caso de la facultad de Psicologia<\/a>. En A. Erkizia, M. Raposo, O. Canet, M. D. Cebri\u00e1n, M. A. Barber\u00e1, G. A. P\u00e9rez, M. A. Zabalza. <em>Actas del XV Symposium Internacional sobre el Pr\u00e1cticum y las Pr\u00e1cticas Externas \u201cPresente y retos de futuro\u201d<\/em> (pp. 249-258). Poio: Reppe.<\/p>\n\n\n\n<p>ApS a la UAB. <a href=\"https:\/\/webs.uab.cat\/mequeedo\/wp-content\/uploads\/sites\/99\/2015\/01\/19_triptic_aps_d_3.pdf\"><em>Aprenentatge i Servei Universitari a la UAB<\/em><\/a>.<\/p>\n\n\n\n<p>Edo, M. (2018). De la identificaci\u00f3n al an\u00e1lisis de figuras geom\u00e9tricas. En M.C. Mu\u00f1oz-Catalan,&nbsp;J. Carillo (eds.) <em>Did\u00e1ctica de las Matem\u00e1ticas para maestros de Educaci\u00f3n Infantil<\/em>, (pp. 243-285). Madrid: Paraninfo.<\/p>\n\n\n\n<p>Edo, M., Blanch, S., Estrada, J., Gimeno, X., Moron, M., Par\u00eds, G. &amp; Peire, T. (2018). <em>Assessment rubric of personal and prosocial competencies and skills<\/em>. Dip\u00f2sit digital de documents de la UAB. From: <a href=\"https:\/\/ddd.uab.cat\/record\/188806\">https:\/\/ddd.uab.cat\/record\/188806<\/a><\/p>\n\n\n\n<p>Par\u00eds, G., Blanch, S., Comes, P., Edo, M., Estrada, J., Gimeno, X, Moron, M., Peire, T. (2017).<em> R\u00fabrica de autoevaluaci\u00f3n de competencias y habilitades personales y prosociales<\/em>. Bellaterra: Dip\u00f2sit digital de documents de la UAB. Recuperado de: <a href=\"http:\/\/ddd.uab.cat\/pub\/recdoc\/2017\/169417\/RUBRICA_publicar_DDD.pdf\">http:\/\/ddd.uab.cat\/pub\/recdoc\/2017\/169417\/RUBRICA_publicar_DDD.pdf<\/a><\/p>\n\n\n\n<p>Par\u00eds, G., Blanch, S, Comes, P., Edo, M., Estrada, J., Gimeno, X, Moron, M., Peire, T. (2017). <em>R\u00fabrica d\u2019autoavaluaci\u00f3 de compet\u00e8ncies i habilitats personals i prosocials<\/em>. Bellaterra: Dip\u00f2sit digital de documents de la UAB.Recuperat de http:\/\/ddd.uab.cat\/pub\/recdoc\/2017\/169417\/RUBRICA_publicar_DDD.pdf<\/p>\n\n\n\n<p>Edo, M., Marin, A. (2017). <a href=\"http:\/\/gent.uab.cat\/mequeedo\/sites\/gent.uab.cat.mequeedo\/files\/dt0000247592_la_hoja_en_blanco_en_la_representacion_matematica_2_ed.pdf\">La hoja en blanco en la representaci\u00f3n matem\u00e1tica en infantil<\/a>. En: J. Gair\u00edn e I. Vizca\u00edno. <em>Manual de Educaci\u00f3n Infantil. Orientaciones y Recursos (0-6 a\u00f1os) <\/em>(pp.1-17). Barcelona: Wolters Kluwer.<\/p>\n\n\n\n<p>Blanch, S.; Edo, M.; Paris, G. (2017). Millora de compet\u00e8ncies personals i prosocials a trav\u00e9s de projectes d\u2019aprenentatge i servei. Projectes de Comprom\u00eds Social entre futurs mestres d\u2019Educaci\u00f3 Infantil i les Escoles. ACUP: B<em>ones pr\u00e0ctiques d\u2019innovaci\u00f3 docent. \u00c0mbit metodologies innovadores<\/em>, 2-9. Recuperat de&nbsp;<a href=\"http:\/\/www.google.com\/url?q=http%3A%2F%2Fwww.acup.cat%2Fsites%2Fdefault%2Ffiles%2Fmbitmetodologies-innovadoresaps-ludificacio-i-abp.pdf&amp;sa=D&amp;sntz=1&amp;usg=AFQjCNFo6ILGbk0OmOuOuJbrNhQ9MtbjqA\" target=\"_blank\" rel=\"noreferrer noopener\">http:\/\/www.acup.cat\/sites\/default\/files\/mbitmetodologies-innovadoresaps-ludificacio-i-abp.pdf<\/a><\/p>\n\n\n\n<p>Edo, M. (2016). Mirada matem\u00e0tica sobre els jocs que apareixen a la primera inf\u00e0ncia. Dins: M. Edo, S. Blanch, M. Anton (eds.) <em>El joc a la primera inf\u00e0ncia<\/em>&nbsp;(pp. 85-110). Barcelona: Octaedro.<\/p>\n\n\n\n<p>Edo, M., Blanch, S., Anton, M. (coord.) (2016). <a href=\"http:\/\/gent.uab.cat\/mequeedo\/sites\/gent.uab.cat.mequeedo\/files\/el-joc-a-la-primera-infancia-edo-meque_1.jpg\">El joc a&nbsp;la primera inf\u00e0ncia<\/a>. Barcelona: Octaedro.<\/p>\n\n\n\n<p>Edo, M., Blanch, S., Anton, M. (coord.) (2016). <a href=\"http:\/\/octaedro.com\/es\/producto:Cos\/1\/ensenar\/recursos\/el-juego-en-la-primera-infancia\/742\">El juego en la primera infancia<\/a>. Barcelona: Octaedro.<\/p>\n\n\n\n<p>Edo, M. (2016).<a href=\"http:\/\/xxseiem16.uma.es\/wp-content\/uploads\/2016\/09\/ActasXXSEIEM.pdf\"> Emergencia de la Investigaci\u00f3n en Educaci\u00f3n Matem\u00e1tica Infantil. Juego y Matem\u00e1ticas<\/a>. En J. A. Mac\u00edas, A. Jim\u00e9nez, J. L. Gonz\u00e1lez, M. T. S\u00e1nchez, P. Hern\u00e1ndez, C. Fern\u00e1ndez, F. J. Ruiz, T. Fern\u00e1ndez y A. Berciano (Eds.), Investigaci\u00f3n en Educaci\u00f3n Matem\u00e1tica XX (pp. 53-66). M\u00e1laga: SEIEM.<\/p>\n\n\n\n<p>Edo, M. (2016). \u2018<a href=\"http:\/\/www.google.com\/url?q=http%3A%2F%2Fc2em.feemcat.org%2Fwp-content%2Fuploads%2Factes%2F3C224.pdf&amp;sa=D&amp;sntz=1&amp;usg=AFQjCNFXPSC0MCBMhT5oLk17OEPUVnHeCQ\" target=\"_blank\" rel=\"noreferrer noopener\">El full en blanc<\/a>\u2019 comunicaci\u00f3 presentada al&nbsp;<em>Congr\u00e9s Catal\u00e0 d\u2019Educaci\u00f3 Matem\u00e0tica<\/em>&nbsp;(pp.1-11). Barcelona. &nbsp;ISBN: 978-84-608-9217-5<\/p>\n\n\n\n<p>Edo, M., Blanch, S. (2016). <a href=\"\/\/gent.uab.cat\/mequeedo\/sites\/gent.uab.cat.mequeedo\/files\/El-patio-de-los-deseos%20Edo_Blanch.pdf\">El patio de los deseos. Un proyecto de aprendizaje y servicio<\/a>. En: J. Gair\u00edn e I. Vizca\u00edno. <em>Manual de Educaci\u00f3n Infantil. Orientaciones y Recursos (0-6 a\u00f1os).<\/em> (pp.1-11). Barcelona: Wolters Kluwer. En l\u00ednea mediante suscripci\u00f3n en la plataforma digital ebiblox.<\/p>\n\n\n\n<p>Edo, M., Art\u00e9s, M. (2016). <a href=\"http:\/\/www.edma0-6.es\/index.php\/edma0-6\/article\/view\/82\">Juego y aprendizaje matem\u00e1tico en educaci\u00f3n infantil. Investigaci\u00f3n en did\u00e1ctica de las matem\u00e1ticas<\/a>. <em>Edma 0-6: Educaci\u00f3n Matem\u00e1tica en la Infancia, 5<\/em>(1), 33-44<\/p>\n\n\n\n<p>Blanch, S., Comes, P., Edo, M., Estrada, J., Gimeno, X., Moron, M., Par\u00eds, G., Peire, T. (2016). <a href=\"\/\/gent.uab.cat\/mequeedo\/sites\/gent.uab.cat.mequeedo\/files\/Publicacio_questionari_competencies.pdf\"><em>Q\u00fcestionari d\u2019avaluaci\u00f3 del desenvolupament de les compet\u00e8ncies personals i prosocials<\/em><\/a>. Bellaterra: Dip\u00f2sit digital de documents de la UAB.<\/p>\n\n\n\n<p>Edo, M., Prat, M., Boukafri, K. (2015 setembre). 50 wheels? What can we do? En <em>Abstract book of \u2018Innovation, experimentation and adventure in early childhood&#8217; <\/em>(p. 238). Barcelona, Catalunya, Spain. A: <a href=\"http:\/\/www.eecera.org\/documents\/pdf\/conferences\/abstract-books\/barcelona-2015.pdf\">http:\/\/www.eecera.org\/documents\/pdf\/conferences\/abstract-books\/barcelona-2015.pdf<\/a><\/p>\n\n\n\n<p>Edo, M., Blanch, S. (2015).<a href=\"http:\/\/gent.uab.cat\/mequeedo\/sites\/gent.uab.cat.mequeedo\/files\/Edo-Blanch-Poster-SANSebastian-versi\u00f32.pdf\"> El Aprendizaje Servicio, una innovaci\u00f3n para mejorar la formaci\u00f3n de futuros maestros<\/a>. En T. Ramiro-S\u00e1nchez y M.T. Ramiro-S\u00e1nchez (Coord.) Actas&nbsp;<em>3rd<\/em>&nbsp;<em>International Congress of Educational Sciences and Development.&nbsp;<\/em>(p. 578).<em>&nbsp;<\/em>San Sebastian:&nbsp;Asociaci\u00f3n Espa\u00f1ola de Psicolog\u00eda Conductual (AEPC)<\/p>\n\n\n\n<p>Edo, M., Blanch, S., Armengol, C. (2015).&nbsp;<a href=\"http:\/\/gent.uab.cat\/mequeedo\/sites\/gent.uab.cat.mequeedo\/files\/ElGradoDeEducacionInfantilDeLaUABApostandoPorElPra.pdf\" target=\"blank\" rel=\"noopener\">El grado de educaci\u00f3n infantil de la UAB, apostando por el pr\u00e1cticum<\/a>. A <em>Tendencias Pedag\u00f3gicas<\/em>, <em>26<\/em>, 109-130.<\/p>\n\n\n\n<p>Edo, M., Blanch, S. (2014). <a href=\"http:\/\/gent.uab.cat\/mequeedo\/sites\/gent.uab.cat.mequeedo\/files\/aps_eecera-Edo-Blach-2014_COMPRESSED.pdf\">Students placements. Innovation during the practicum in the early childhood educational degree to improve the children&#8217;s paticipation and learning at nurseries and schools<\/a>. En <em>Abstract book of &#8216;Us, them &amp; me: Universal, Target or Individuated Early Childhood Programmes&#8217; <\/em>(pp.86-87). Crete, Greece: University of Crete.<\/p>\n\n\n\n<p>Edo, M., &nbsp;Badillo, E. (2014).<a href=\"http:\/\/gent.uab.cat\/mequeedo\/sites\/gent.uab.cat.mequeedo\/files\/UN066.pdf\"> Ense\u00f1ar y aprender matem\u00e1ticas en los pr\u00e1cticums del Grado de Educaci\u00f3n Infantil de la UAB.<\/a> <em>UNO-Revista de Did\u00e1ctica de las Matem\u00e1ticas<\/em>, 66, 36-46.<\/p>\n\n\n\n<p>Blanch, S., Edo, M., Comes, P. (2013). <a href=\"http:\/\/gent.uab.cat\/mequeedo\/sites\/gent.uab.cat.mequeedo\/files\/PIO_0.pdf\">Aprendizaje servicio (APS) en el Pr\u00e1cticum IV del Grado de Educaci\u00f3n Infantil. Un enfoque educativo que fomenta la implicaci\u00f3n social del alumnado y completa su capacitaci\u00f3n profesional.<\/a> En P.C. Mu\u00f1oz, M. Raposo-Rivas, M. Gonz\u00e1lez, M.E. Mart\u00ednez-Figueira, M. Zabalza-Cerdeiri\u00f1a, A. P\u00e9rez-Abell\u00e1s (Eds.), <em>XII Symposium Internacional sobre el Pr\u00e1cticum y las empresas en la formaci\u00f3n universitaria <\/em>(pp. 503-516). Santiago de Compostela: Andavira.<\/p>\n\n\n\n<p>Edo, M., Blanch, S. (2013). <a href=\"http:\/\/gent.uab.cat\/mequeedo\/sites\/gent.uab.cat.mequeedo\/files\/Edo-Blanch-PosterApS%28U%295%5b1%5d.pdf\">El patio de los deseos. Pr\u00e1cticum IV, Educaci\u00f3n Infantil, UAB, APS en escuela p\u00fablica catalana<\/a>. <em>APS (U) 4 Universidad-Comunidad: Creando Sinergias<\/em>. Bilbao: Universidad del Pa\u00eds Vasco.<\/p>\n\n\n\n<p>Edo, M. (2012). <a href=\"http:\/\/gent.uab.cat\/mequeedo\/sites\/gent.uab.cat.mequeedo\/files\/Ahi_empieza_todo_04.pdf\">Ah\u00ed empieza todo.<\/a> Las matem\u00e1ticas de cero a tres a\u00f1os.<em> N\u00fameros-Revista de Did\u00e1ctica de las Matem\u00e1ticas, 80<\/em>, 71-84.<\/p>\n\n\n\n<p>Edo, M. (2012). <a href=\"http:\/\/gent.uab.cat\/mequeedo\/sites\/gent.uab.cat.mequeedo\/files\/SITUACIONES_INTERDISCIPLINARES.pdf\">Situaciones interdisciplinarias para el desarrollo del pensamiento matem\u00e1tico en Educaci\u00f3n Infantil en la formaci\u00f3n de maestros.<\/a> En M. Mar\u00edn-Rodr\u00edguez, N. Climent-Rodr\u00edguez (Eds.), <em>Investigaci\u00f3n en Educaci\u00f3n Matem\u00e1tica<\/em>.<em> XV Simposio de la SEIEM&nbsp; <\/em>(pp. 427-453). Ciudad Real: SEIEM.<\/p>\n\n\n\n<p>Edo, M. (2011). <a href=\"http:\/\/www.seiem.es\/congresos\/Seminario%20Castro\/Edo090411.pdf\">Did\u00e1ctica de la Matem\u00e1tica en el Grado de Educaci\u00f3n Infantil en la Universitat Aut\u00f2noma de Barcelona<\/a>. En M. Mar\u00edn, N. Climent (Eds.), <em>La formaci\u00f3n inicial del profesorado de matem\u00e1ticas ante la implantaci\u00f3n de los nuevos grados en infantil, primaria y m\u00e1ster de secundaria. Sociedad Espa\u00f1ola de Investigaci\u00f3n en Educaci\u00f3n Matem\u00e1tica SEIEM. <\/em>Santander: Castro Urdiales.<\/p>\n\n\n\n<p>Gamboa, G., Planas, N., Edo, M. (2010). <a href=\"http:\/\/gent.uab.cat\/mequeedo\/sites\/gent.uab.cat.mequeedo\/files\/Argumentaci%C3%B3n%20matem%C3%A1tica%20pr%C3%A1cticas%20escritas%20y%20argumentaciones.pdf\">Argumentaci\u00f3n matem\u00e1tica: pr\u00e1cticas escritas e interpretaciones<\/a>. <em>Suma-Revista sobre la Ense\u00f1anza y el Aprendizaje de las Matem\u00e1ticas, 64,<\/em> 35-44.<\/p>\n\n\n\n<p>Edo, M. (2009). <a href=\"http:\/\/gent.uab.cat\/mequeedo\/sites\/gent.uab.cat.mequeedo\/files\/Estetica_emociones.pdf\">Est\u00e9tica y emociones en la formaci\u00f3n matem\u00e1tica de maestros<\/a>. En N. Planas,&nbsp; A. Alsina (Eds.), <em>Educaci\u00f3n matem\u00e1tica y buenas pr\u00e1cticas<\/em> (pp. 244-253). Barcelona: Gra\u00f3.<\/p>\n\n\n\n<p>Roc, M., Edo, M., Mart\u00edn, C., Hern\u00e1ndez, M. (2009). <a href=\"http:\/\/gent.uab.cat\/mequeedo\/sites\/gent.uab.cat.mequeedo\/files\/practicum_magisteri_diversitat.pdf\">El pr\u00e0cticum de magisteri i la diversitat cultural.<\/a> Dins M. A. Essomba, D. Muntan\u00e9 (eds.), <em>Treball en xarxa a la formaci\u00f3 inicial dels professionals de l&#8217;educaci\u00f3<\/em> (pp.1-18). Barcelona: Fundaci\u00f3 Jaume Bofill.<\/p>\n\n\n\n<p>Planas, N., Font, V., Edo, M. (2009). <a href=\"http:\/\/gent.uab.cat\/mequeedo\/sites\/gent.uab.cat.mequeedo\/files\/_LaConfrontaci%C3%B3nDeNormas_Nplanas.pdf_-1.pdf\">La confrontaci\u00f3n de normas en la construcci\u00f3n del discurso de la matem\u00e1tica escolar.<\/a> <em>Paradigma-Revista de investigaci\u00f3n educativa, 30(2),<\/em> 125-142.<\/p>\n\n\n\n<p>Planas, N., Edo, M. (2008). <a href=\"http:\/\/gent.uab.cat\/mequeedo\/sites\/gent.uab.cat.mequeedo\/files\/interaccion_discurso.pdf\">Interacci\u00f3n entre discursos en una situaci\u00f3n de pr\u00e1ctica matem\u00e1tica escolar. <\/a><em>C&amp;E-Cultura y Educaci\u00f3n, 20<\/em>(4), 441-457.<\/p>\n\n\n\n<p>Planas, N., Edo, M. (2008). <a href=\"http:\/\/gent.uab.cat\/mequeedo\/sites\/gent.uab.cat.mequeedo\/files\/Dificultades_aprendizaje_mat.pdf\">Dificultades de aprendizaje matem\u00e1tico asociadas al aula multicultural<\/a>. <em>Boletim do Grupo de Estudos e Pesquisas em Educa\u00e7\u00e3o Matem\u00e1tica<\/em>, <em>52,<\/em> 11-28.<\/p>\n\n\n\n<p>Edo, M., Badillo, E. (2007). <a href=\"http:\/\/gent.uab.cat\/mequeedo\/sites\/gent.uab.cat.mequeedo\/files\/El_practicum_Present_futur_reflexio.pdf\">El pr\u00e0cticum de magisteri, un espai per a la innovaci\u00f3 i la recerca a l&#8217;aula.<\/a> Dins M. Anton, M. Oller (eds.), <em>El pr\u00e0cticum: present i futur a reflexi\u00f3<\/em> (pp. 95-100). Barcelona: Servei de Publicacions Universitat Aut\u00f2noma de Barcelona.<\/p>\n","protected":false},"excerpt":{"rendered":"<p>Edo, M., Aranda, M., Edo, C., Serrano, H. (2020). Un munt de jocs per un m\u00f3n de c\u00e0lculs. 1. Dossier del taller de jocs matem\u00e0tics per a les mestres. Barcelona: Dip\u00f2sit Digital de Documents, UAB. Recuperat de: https:\/\/ddd.uab.cat\/record\/225037 Edo, M., Aranda, M., Edo, C., Serrano, H. (2020). Un munt de jocs per un m\u00f3n de [&hellip;]<\/p>\n","protected":false},"author":20,"featured_media":0,"parent":0,"menu_order":0,"comment_status":"closed","ping_status":"closed","template":"","meta":{"footnotes":""},"class_list":["post-277","page","type-page","status-publish","hentry"],"_links":{"self":[{"href":"https:\/\/webs.uab.cat\/mequeedo\/wp-json\/wp\/v2\/pages\/277","targetHints":{"allow":["GET"]}}],"collection":[{"href":"https:\/\/webs.uab.cat\/mequeedo\/wp-json\/wp\/v2\/pages"}],"about":[{"href":"https:\/\/webs.uab.cat\/mequeedo\/wp-json\/wp\/v2\/types\/page"}],"author":[{"embeddable":true,"href":"https:\/\/webs.uab.cat\/mequeedo\/wp-json\/wp\/v2\/users\/20"}],"replies":[{"embeddable":true,"href":"https:\/\/webs.uab.cat\/mequeedo\/wp-json\/wp\/v2\/comments?post=277"}],"version-history":[{"count":1,"href":"https:\/\/webs.uab.cat\/mequeedo\/wp-json\/wp\/v2\/pages\/277\/revisions"}],"predecessor-version":[{"id":539,"href":"https:\/\/webs.uab.cat\/mequeedo\/wp-json\/wp\/v2\/pages\/277\/revisions\/539"}],"wp:attachment":[{"href":"https:\/\/webs.uab.cat\/mequeedo\/wp-json\/wp\/v2\/media?parent=277"}],"curies":[{"name":"wp","href":"https:\/\/api.w.org\/{rel}","templated":true}]}}