{"id":192,"date":"2012-11-01T18:13:25","date_gmt":"2012-11-01T16:13:25","guid":{"rendered":"https:\/\/webs.uab.cat\/methodos\/biblio\/sintaxi-llatina-proposta-didactica-com-reflexio-del-proces-daprenentatge\/"},"modified":"2012-11-01T18:13:25","modified_gmt":"2012-11-01T16:13:25","slug":"sintaxi-llatina-proposta-didactica-com-reflexio-del-proces-daprenentatge","status":"publish","type":"biblio","link":"https:\/\/webs.uab.cat\/methodos\/biblio\/sintaxi-llatina-proposta-didactica-com-reflexio-del-proces-daprenentatge\/","title":{"rendered":"Sintaxi llatina : proposta did\u00e0ctica com a reflexi\u00f3 del proc\u00e9s d\u2019aprenentatge"},"content":{"rendered":"<p><span class=\"text\">En aquest article s\u2019explica el plantejament, l\u2019organitzaci\u00f3 i el sistema d\u2019avaluaci\u00f3 de l\u2019assignatura de Sintaxi Llatina a la titulaci\u00f3 de Filologia Cl\u00e0ssica de la UAB durant el per\u00edode 2007-2011. S\u2019ofereix, a m\u00e9s, una experi\u00e8ncia did\u00e0ctica que sintetitza i reflexiona sobre el proc\u00e9s mateix d\u2019aprenentatge mitjan\u00e7ant un document audiovisual. <\/span><\/p>\n","protected":false},"excerpt":{"rendered":"<p>En aquest article s\u2019explica el plantejament, l\u2019organitzaci\u00f3 i el sistema d\u2019avaluaci\u00f3 de l\u2019assignatura de Sintaxi Llatina a la titulaci\u00f3 de Filologia Cl\u00e0ssica de la UAB durant el per\u00edode 2007-2011. S\u2019ofereix, a m\u00e9s, una experi\u00e8ncia did\u00e0ctica que sintetitza i reflexiona sobre el proc\u00e9s mateix d\u2019aprenentatge mitjan\u00e7ant un document audiovisual.<\/p>\n","protected":false},"author":20,"featured_media":0,"template":"","class_list":["post-192","biblio","type-biblio","status-publish","hentry"],"_links":{"self":[{"href":"https:\/\/webs.uab.cat\/methodos\/wp-json\/wp\/v2\/biblio\/192","targetHints":{"allow":["GET"]}}],"collection":[{"href":"https:\/\/webs.uab.cat\/methodos\/wp-json\/wp\/v2\/biblio"}],"about":[{"href":"https:\/\/webs.uab.cat\/methodos\/wp-json\/wp\/v2\/types\/biblio"}],"author":[{"embeddable":true,"href":"https:\/\/webs.uab.cat\/methodos\/wp-json\/wp\/v2\/users\/20"}],"wp:attachment":[{"href":"https:\/\/webs.uab.cat\/methodos\/wp-json\/wp\/v2\/media?parent=192"}],"curies":[{"name":"wp","href":"https:\/\/api.w.org\/{rel}","templated":true}]}}

Sintaxi llatina : proposta didàctica com a reflexió del procés d’aprenentatge

<p><span class="text">En aquest article s’explica el plantejament, l’organització i el sistema d’avaluació de l’assignatura de Sintaxi Llatina a la titulació de Filologia Clàssica de la UAB durant el període 2007-2011. S’ofereix, a més, una experiència didàctica que sintetitza i reflexiona sobre el procés mateix d’aprenentatge mitjançant un document audiovisual. </span></p>

<p>En aquest article s’explica el plantejament, l’organització i el sistema d’avaluació de l’assignatura de Sintaxi Llatina a la titulació de Filologia Clàssica de la UAB durant el període 2007-2011. S’ofereix, a més, una experiència didàctica que sintetitza i reflexiona sobre el procés mateix d’aprenentatge mitjançant un document audiovisual.</p>
