{"id":441,"date":"2022-10-25T16:57:30","date_gmt":"2022-10-25T14:57:30","guid":{"rendered":"https:\/\/webs.uab.cat\/methodos\/?page_id=441"},"modified":"2022-10-25T16:57:30","modified_gmt":"2022-10-25T14:57:30","slug":"numero-0-primera-epoca","status":"publish","type":"page","link":"https:\/\/webs.uab.cat\/methodos\/numero-0-primera-epoca\/","title":{"rendered":"N\u00famero 0. Primera \u00e8poca"},"content":{"rendered":"<li><span class=\"any\">2011<\/span>, D\u00edez Fern\u00e1ndez, Olga, P\u00e9rez Vilari\u00f1o, \u00c1lvaro, Giralt, Sebasti\u00e0, i Incl\u00e1n, Luis. <span class=\"titol\"><a href=\"https:\/\/webs.uab.cat\/methodos\/biblio\/chiron-cultura-clasica-20\/\">Chiron, cultura cl\u00e1sica 2.0<\/a><\/span>. <span class=\"revista\">Methodos<\/span> 0 <\/li><li><span class=\"any\">2011<\/span>, Lillo Redonet, Fernando. <span class=\"titol\"><a href=\"https:\/\/webs.uab.cat\/methodos\/biblio\/ensenar-la-civilizacion-bizantina-traves-del-cine\/\">Ense\u00f1ar la civilizaci\u00f3n bizantina a trav\u00e9s del cine<\/a><\/span>. <span class=\"revista\">Methodos<\/span> 0 1-7<\/li><li><span class=\"any\">2011<\/span>, Mac\u00edas, Crist\u00f3bal. <span class=\"titol\"><a href=\"https:\/\/webs.uab.cat\/methodos\/biblio\/las-clasicas-y-la-ensenanza-virtual-algunas-experiencias\/\">Las cl\u00e1sicas y la ense\u00f1anza virtual: algunas experiencias<\/a><\/span>. <span class=\"revista\">Methodos<\/span> 0 <\/li><li><span class=\"any\">2011<\/span>, Alcalde-Diosdado G\u00f3mez, Alfonso. <span class=\"titol\"><a href=\"https:\/\/webs.uab.cat\/methodos\/biblio\/latin-vi-internet-una-experiencia-pionera-en-espanol\/\">Lat\u00edn v\u00eda internet: una experiencia pionera en espa\u00f1ol<\/a><\/span>. <span class=\"revista\">Methodos<\/span> 0 1-13<\/li><li><span class=\"any\">2011<\/span>, Carbonell Manils, Joan. <span class=\"titol\"><a href=\"https:\/\/webs.uab.cat\/methodos\/biblio\/literatura-latina-y-competencia-literaria\/\">Literatura latina y competencia literaria<\/a><\/span>. <span class=\"revista\">Methodos<\/span> 0 1-12<\/li><li><span class=\"any\">2011<\/span>, Tovar Paz, Francisco Javier. <span class=\"titol\"><a href=\"https:\/\/webs.uab.cat\/methodos\/biblio\/posibilidades-didacticas-y-de-investigacion-sobre-mitos-en-el-cine-excepcion-hecha-del-gener\/\">Posibilidades did\u00e1cticas y de investigaci\u00f3n sobre mitos en el cine (excepci\u00f3n hecha del g\u00e9nero &#8216;peplum&#8217; y las adaptaciones literarias)<\/a><\/span>. <span class=\"revista\">Methodos<\/span> 0 1-10<\/li><li><span class=\"any\">2011<\/span>, Cano, Pedro Luis i Mart\u00ednez G\u00e1zquez, Jos\u00e9. <span class=\"titol\"><a href=\"https:\/\/webs.uab.cat\/methodos\/biblio\/sobre-textos-clasicos-y-pintura-algunas-observaciones\/\">Sobre textos cl\u00e1sicos y pintura : algunas observaciones<\/a><\/span>. <span class=\"revista\">Methodos<\/span> 0 1-8<\/li><li><span class=\"any\">2011<\/span>, Montesdeoca Alamo, Jes\u00fas Francisco. <span class=\"titol\"><a href=\"https:\/\/webs.uab.cat\/methodos\/biblio\/un-repaso-las-oraciones-subordinadas-sustantivas-en-las-catilinarias\/\">Un repaso a las oraciones subordinadas sustantivas en las Catilinarias<\/a><\/span>. <span class=\"revista\">Methodos<\/span> 0 1-31<\/li><li><span class=\"any\">2011<\/span>, Mac\u00edas, Crist\u00f3bal. <span class=\"titol\"><a href=\"https:\/\/webs.uab.cat\/methodos\/biblio\/una-experiencia-de-teletutori-en-la-ensenanza-del-latin-nivel-universitario\/\">Una experiencia de teletutor\u00eda en la ense\u00f1anza del lat\u00edn a nivel universitario<\/a><\/span>. <span class=\"revista\">Methodos<\/span> 0 1-16<\/li>","protected":false},"excerpt":{"rendered":"","protected":false},"author":20,"featured_media":0,"parent":0,"menu_order":0,"comment_status":"closed","ping_status":"closed","template":"","meta":{"footnotes":""},"class_list":["post-441","page","type-page","status-publish","hentry"],"_links":{"self":[{"href":"https:\/\/webs.uab.cat\/methodos\/wp-json\/wp\/v2\/pages\/441","targetHints":{"allow":["GET"]}}],"collection":[{"href":"https:\/\/webs.uab.cat\/methodos\/wp-json\/wp\/v2\/pages"}],"about":[{"href":"https:\/\/webs.uab.cat\/methodos\/wp-json\/wp\/v2\/types\/page"}],"author":[{"embeddable":true,"href":"https:\/\/webs.uab.cat\/methodos\/wp-json\/wp\/v2\/users\/20"}],"replies":[{"embeddable":true,"href":"https:\/\/webs.uab.cat\/methodos\/wp-json\/wp\/v2\/comments?post=441"}],"version-history":[{"count":1,"href":"https:\/\/webs.uab.cat\/methodos\/wp-json\/wp\/v2\/pages\/441\/revisions"}],"predecessor-version":[{"id":442,"href":"https:\/\/webs.uab.cat\/methodos\/wp-json\/wp\/v2\/pages\/441\/revisions\/442"}],"wp:attachment":[{"href":"https:\/\/webs.uab.cat\/methodos\/wp-json\/wp\/v2\/media?parent=441"}],"curies":[{"name":"wp","href":"https:\/\/api.w.org\/{rel}","templated":true}]}}