{"id":449,"date":"2022-10-25T17:02:56","date_gmt":"2022-10-25T15:02:56","guid":{"rendered":"https:\/\/webs.uab.cat\/methodos\/?page_id=449"},"modified":"2022-10-25T17:02:57","modified_gmt":"2022-10-25T15:02:57","slug":"numero-4","status":"publish","type":"page","link":"https:\/\/webs.uab.cat\/methodos\/numero-4\/","title":{"rendered":"N\u00famero 4"},"content":{"rendered":"<li><span class=\"any\">2019<\/span>, Palomar P\u00e9rez, Natalia, Rion, Lorena, Sol\u00e9, David, i Plesa, Denis C.. <span class=\"titol\"><a href=\"https:\/\/webs.uab.cat\/methodos\/biblio\/dramatizacion-y-griegometrajes-por-una-experiencia-integrada-del-griego\/\">Dramatizaci\u00f3n y griegometrajes: por una &#8220;experiencia&#8221; integrada del griego<\/a><\/span>. <span class=\"revista\">Methodos<\/span> 4 29-39<\/li><li><span class=\"any\">2019<\/span>, Ferrero Hern\u00e1ndez, C\u00e1ndida. <span class=\"titol\"><a href=\"https:\/\/webs.uab.cat\/methodos\/biblio\/in-memoriam-pedro-luis-cano-alonso-1946-2018\/\">In memoriam Pedro Luis Cano Alonso (1946-2018)<\/a><\/span>. <span class=\"revista\">Methodos<\/span> 4 3-5<\/li><li><span class=\"any\">2019<\/span>, Lucas, Laura. <span class=\"titol\"><a href=\"https:\/\/webs.uab.cat\/methodos\/biblio\/in-schola-romana-taller-internivells-per-estudiar-de-manera-practica-leducacio-a-lantiga-roma\/\">In schola romana: taller internivells per estudiar de manera pr\u00e0ctica l&#8217;educaci\u00f3 a l&#8217;antiga Roma<\/a><\/span>. <span class=\"revista\">Methodos<\/span> 4 63-70<\/li><li><span class=\"any\">2019<\/span>, Cant\u00f3, Berta. <span class=\"titol\"><a href=\"https:\/\/webs.uab.cat\/methodos\/biblio\/la-lectura-del-cicle-troia-a-traves-del-role-playing-i-les-xarxes-socials\/\">La lectura del cicle troi\u00e0 a trav\u00e9s del role-playing i les xarxes socials<\/a><\/span>. <span class=\"revista\">Methodos<\/span> 4 71-83<\/li><li><span class=\"any\">2019<\/span>, Carbonell Mart\u00ednez, Santiago. <span class=\"titol\"><a href=\"https:\/\/webs.uab.cat\/methodos\/biblio\/practicas-de-griego-antiguo-con-%ce%b4%ce%b9%ce%b1%ce%bb%ce%bf%ce%b3%ce%bf%cf%83\/\">Pr\u00e1cticas de griego antiguo con \u0394\u0399\u0391\u039b\u039f\u0393\u039f\u03a3<\/a><\/span>. <span class=\"revista\">Methodos<\/span> 4 85-93<\/li><li><span class=\"any\">2019<\/span>, Giralt, Sebasti\u00e0. <span class=\"titol\"><a href=\"https:\/\/webs.uab.cat\/methodos\/biblio\/presentacio-del-numero-4-de-methodos-catala\/\">Presentaci\u00f3 del n\u00famero 4 de Methodos (catal\u00e0)<\/a><\/span>. <span class=\"revista\">Methodos<\/span> 4 1<\/li><li><span class=\"any\">2019<\/span>, Giralt, Sebasti\u00e0. <span class=\"titol\"><a href=\"https:\/\/webs.uab.cat\/methodos\/biblio\/presentacion-del-numero-4-de-methodos-castellano\/\">Presentaci\u00f3n del n\u00famero 4 de Methodos (castellano)<\/a><\/span>. <span class=\"revista\">Methodos<\/span> 4 2<\/li><li><span class=\"any\">2019<\/span>, Torn\u00e9, Ramon. <span class=\"titol\"><a href=\"https:\/\/webs.uab.cat\/methodos\/biblio\/propostes-i-orientacions-per-a-la-lectura-del-prometeu-encadenat\/\">Propostes i orientacions per a la lectura del Prometeu encadenat<\/a><\/span>. <span class=\"revista\">Methodos<\/span> 4 41-46<\/li>\n<p class=\"pods-pagination\">\n\n<span class=\"pods-pagination-advanced \">\n\t\n\t<span\n\t\tclass=\"pods-pagination-number pods-pagination-current \">1<\/span>\n\n\t\t\t<a href=\"\/methodos\/wp-json\/wp\/v2\/pages\/449?pg=2\"\n\t\t   class=\"pods-pagination-number pods-pagination-last pods-pagination-2 \">2<\/a>\n\t\t\t\t\t<a href=\"\/methodos\/wp-json\/wp\/v2\/pages\/449?pg=2\"\n\t\t\t   class=\"pods-pagination-label pods-pagination-next \">Seg\u00fcent &rsaquo;<\/a>\n\t\t\t\t\t\t\t<a href=\"\/methodos\/wp-json\/wp\/v2\/pages\/449?pg=2\"\n\t\t\t   class=\"pods-pagination-label pods-pagination-last \">\u00daltim &raquo;<\/a>\n\t\t\t\t\n<\/span>\n\n<\/p>\n","protected":false},"excerpt":{"rendered":"","protected":false},"author":20,"featured_media":0,"parent":0,"menu_order":0,"comment_status":"closed","ping_status":"closed","template":"","meta":{"footnotes":""},"class_list":["post-449","page","type-page","status-publish","hentry"],"_links":{"self":[{"href":"https:\/\/webs.uab.cat\/methodos\/wp-json\/wp\/v2\/pages\/449","targetHints":{"allow":["GET"]}}],"collection":[{"href":"https:\/\/webs.uab.cat\/methodos\/wp-json\/wp\/v2\/pages"}],"about":[{"href":"https:\/\/webs.uab.cat\/methodos\/wp-json\/wp\/v2\/types\/page"}],"author":[{"embeddable":true,"href":"https:\/\/webs.uab.cat\/methodos\/wp-json\/wp\/v2\/users\/20"}],"replies":[{"embeddable":true,"href":"https:\/\/webs.uab.cat\/methodos\/wp-json\/wp\/v2\/comments?post=449"}],"version-history":[{"count":1,"href":"https:\/\/webs.uab.cat\/methodos\/wp-json\/wp\/v2\/pages\/449\/revisions"}],"predecessor-version":[{"id":450,"href":"https:\/\/webs.uab.cat\/methodos\/wp-json\/wp\/v2\/pages\/449\/revisions\/450"}],"wp:attachment":[{"href":"https:\/\/webs.uab.cat\/methodos\/wp-json\/wp\/v2\/media?parent=449"}],"curies":[{"name":"wp","href":"https:\/\/api.w.org\/{rel}","templated":true}]}}