{"id":73,"date":"2024-01-02T20:50:16","date_gmt":"2024-01-02T18:50:16","guid":{"rendered":"https:\/\/webs.uab.cat\/midalab\/?page_id=73"},"modified":"2026-02-09T17:43:34","modified_gmt":"2026-02-09T15:43:34","slug":"lab-members","status":"publish","type":"page","link":"https:\/\/webs.uab.cat\/midalab\/lab-members\/","title":{"rendered":"Team"},"content":{"rendered":"\n<p><strong>Current<\/strong> <strong>members<\/strong><\/p>\n\n\n\n<figure class=\"wp-block-table\"><table><tbody><tr><td><strong>Name<\/strong><\/td><td><strong>Role<\/strong><\/td><td><strong>Profile<\/strong><\/td><\/tr><tr><td>Margarida Juli\u00e0 Sap\u00e9<\/td><td>Group leader<\/td><td><a href=\"https:\/\/orcid.org\/0000-0002-3316-9027\" target=\"_blank\" rel=\"noreferrer noopener\">Orcid<\/a> , <a href=\"https:\/\/scholar.google.es\/citations?user=88uOLpgAAAAJ&amp;hl=en\" target=\"_blank\" rel=\"noreferrer noopener\">Google scholar<\/a> , <a href=\"https:\/\/www-scopus-com.are.uab.cat\/authid\/detail.uri?authorId=23392766000\" target=\"_blank\" rel=\"noreferrer noopener\">Scopus<\/a> , <a href=\"https:\/\/www.linkedin.com\/in\/margaridajuliasape\/\" target=\"_blank\" rel=\"noreferrer noopener\">Linkedin<\/a><\/td><\/tr><tr><td>Lili Fanni T\u00f3th<\/td><td>PhD candidate<\/td><td><a href=\"https:\/\/orcid.org\/0000-0002-4553-292X\" target=\"_blank\" rel=\"noreferrer noopener\">Orcid<\/a><\/td><\/tr><tr><td>Matthew John McCarthy<\/td><td>PhD candidate<\/td><td><\/td><\/tr><\/tbody><\/table><\/figure>\n\n\n\n<p><strong>Past<\/strong> <strong>members<\/strong><\/p>\n\n\n\n<figure class=\"wp-block-table\"><table><tbody><tr><td><strong>Name<\/strong><\/td><td><strong>Role<\/strong><\/td><td><strong>Profile<\/strong><\/td><\/tr><tr><td>Yanisleydis Hern\u00e1ndez Villegas<\/td><td>PhD <\/td><td><a href=\"https:\/\/www.linkedin.com\/in\/yanisleydis-hern%C3%A1ndez-villegas-689781111\/?originalSubdomain=es\" target=\"_blank\" rel=\"noreferrer noopener\">Linkedin<\/a><\/td><\/tr><tr><td>Daniel Ulinic<\/td><td>Software developer<\/td><td><a href=\"https:\/\/www.linkedin.com\/in\/dulinic\/\" target=\"_blank\" rel=\"noreferrer noopener\">Linkedin<\/a><\/td><\/tr><tr><td>G\u00fclnur Semahat Ungan<\/td><td>PhD Bioinformatics<\/td><td><a href=\"https:\/\/connects.catalyst.harvard.edu\/Profiles\/display\/Person\/218703\" target=\"_blank\" rel=\"noreferrer noopener\">Massachusetts General Hospital<\/a><\/td><\/tr><tr><td>Iv\u00e1n Vergara Fern\u00e1ndez<\/td><td>MsC Bioinformatics<\/td><td><a href=\"https:\/\/www.uoc.edu\/es\">UOC<\/a><\/td><\/tr><tr><td>Irene Sarmiento<\/td><td>MsC Bioinformatics<\/td><td><\/td><\/tr><\/tbody><\/table><\/figure>\n\n\n\n<p><strong>Thesis defended<\/strong><\/p>\n\n\n\n<figure class=\"wp-block-table\"><table><tbody><tr><td><strong>Name<\/strong><\/td><td><strong>Type<\/strong><\/td><td><strong>Date of defense<\/strong><\/td><\/tr><tr><td>Yanisleydis Hern\u00e1ndez Villegas<\/td><td><a href=\"http:\/\/hdl.handle.net\/10803\/674858\" target=\"_blank\" rel=\"noreferrer noopener\">PhD <\/a><\/td><td>January 17, 2022<\/td><\/tr><tr><td>G\u00fclnur Semahat Ungan<\/td><td>PhD<\/td><td>November 24, 2023<\/td><\/tr><tr><td>Matthew John McCarthy<\/td><td>MsC<\/td><td>June 2025<\/td><\/tr><tr><td>Irene Sarmiento<\/td><td>MsC<\/td><td>June 2025<\/td><\/tr><\/tbody><\/table><\/figure>\n","protected":false},"excerpt":{"rendered":"<p>Current members Name Role Profile Margarida Juli\u00e0 Sap\u00e9 Group leader Orcid , Google scholar , Scopus , Linkedin Lili Fanni T\u00f3th PhD candidate Orcid Matthew John McCarthy PhD candidate Past members Name Role Profile Yanisleydis Hern\u00e1ndez Villegas PhD Linkedin Daniel Ulinic Software developer Linkedin G\u00fclnur Semahat Ungan PhD Bioinformatics Massachusetts General Hospital Iv\u00e1n Vergara Fern\u00e1ndez [&hellip;]<\/p>\n","protected":false},"author":2550,"featured_media":0,"parent":0,"menu_order":1,"comment_status":"closed","ping_status":"closed","template":"sidebar.php","meta":{"footnotes":""},"class_list":["post-73","page","type-page","status-publish","hentry"],"_links":{"self":[{"href":"https:\/\/webs.uab.cat\/midalab\/wp-json\/wp\/v2\/pages\/73","targetHints":{"allow":["GET"]}}],"collection":[{"href":"https:\/\/webs.uab.cat\/midalab\/wp-json\/wp\/v2\/pages"}],"about":[{"href":"https:\/\/webs.uab.cat\/midalab\/wp-json\/wp\/v2\/types\/page"}],"author":[{"embeddable":true,"href":"https:\/\/webs.uab.cat\/midalab\/wp-json\/wp\/v2\/users\/2550"}],"replies":[{"embeddable":true,"href":"https:\/\/webs.uab.cat\/midalab\/wp-json\/wp\/v2\/comments?post=73"}],"version-history":[{"count":14,"href":"https:\/\/webs.uab.cat\/midalab\/wp-json\/wp\/v2\/pages\/73\/revisions"}],"predecessor-version":[{"id":244,"href":"https:\/\/webs.uab.cat\/midalab\/wp-json\/wp\/v2\/pages\/73\/revisions\/244"}],"wp:attachment":[{"href":"https:\/\/webs.uab.cat\/midalab\/wp-json\/wp\/v2\/media?parent=73"}],"curies":[{"name":"wp","href":"https:\/\/api.w.org\/{rel}","templated":true}]}}