{"id":11,"date":"2024-01-11T11:16:20","date_gmt":"2024-01-11T09:16:20","guid":{"rendered":"https:\/\/webs.uab.cat\/migracions\/?page_id=11"},"modified":"2024-06-14T09:38:39","modified_gmt":"2024-06-14T07:38:39","slug":"investigador-es","status":"publish","type":"page","link":"https:\/\/webs.uab.cat\/migracions\/ca\/investigador-es\/","title":{"rendered":"Investigadores i investigadors"},"content":{"rendered":"\n<p><strong>Participants a la L\u00ednia de Recerca sobre MIGRACIONS del grup consolidat ECONECOL (SGR2021-2025, AGAUR):<\/strong><\/p>\n\n\n\n<div class=\"wp-block-group alignwide\"><div class=\"wp-block-group__inner-container is-layout-constrained wp-block-group-is-layout-constrained\">\n<p>(ordre alfab\u00e8tic)<\/p>\n\n\n\n<p>* Virginie Baby-Collin<\/p>\n\n\n\n<p>* William Berthomi\u00e8re<\/p>\n\n\n\n<p>* Sandra Fatoric<\/p>\n\n\n\n<p>* Lucinda Fonseca<\/p>\n\n\n\n<p>*Consuelo Gonz\u00e1lez<\/p>\n\n\n\n<p>* Dani\u00e8le Joly<\/p>\n\n\n\n<p>* Charalambos Kasimis<\/p>\n\n\n\n<p>* Ruth McAreavey<\/p>\n\n\n\n<p>* Crist\u00f3bal Mendoza<\/p>\n\n\n\n<p>* Na\u00efk Miret<\/p>\n\n\n\n<p>* Josepha Milazzo<\/p>\n\n\n\n<p><strong>*&nbsp;<\/strong><a href=\"http:\/\/geografia.uab.cat\/migracions\/ca\/ricard.htm\">Ricard Mor\u00e9n-Alegret:<\/a><strong>&nbsp;<em>Coordinador de la l\u00ednia de recerca sobre migracions i d&#8217;aquesta Galeria de Recerca sobre Migracions, GRM.<\/em><\/strong><\/p>\n\n\n\n<p>* Dawid Wladyka<\/p>\n\n\n\n<hr class=\"wp-block-separator has-alpha-channel-opacity is-style-dots\" \/>\n<\/div><\/div>\n\n\n\n<p><strong>Participants in the MIGRATION research program of the consolidated and funded research group ECONECOL (<strong>SGR2017-20<\/strong>21, AGAUR):<\/strong><\/p>\n\n\n\n<p><strong>(<\/strong>in alphabetical order<strong>)<\/strong><\/p>\n\n\n\n<div class=\"wp-block-group\"><div class=\"wp-block-group__inner-container is-layout-constrained wp-block-group-is-layout-constrained\">\n<p>* Virginie Baby-Collin<\/p>\n\n\n\n<p>* William Berthomi\u00e8re<\/p>\n\n\n\n<p>* Sandra Fatoric<\/p>\n\n\n\n<p>* Maria Lucinda Fonseca<\/p>\n\n\n\n<p>* Dani\u00e8le Joly<\/p>\n\n\n\n<p>*Charalambos Kasimis<\/p>\n\n\n\n<p>* Ruth McAreavey<\/p>\n\n\n\n<p>* Na\u00efk Miret<\/p>\n\n\n\n<p>* Josepha Milazzo<\/p>\n\n\n\n<p>**\u00a0<a href=\"https:\/\/webs.uab.cat\/migracions\/ca\/ricard-moren-alegret\/\">Ricard Mor\u00e9n-Alegret<\/a>:\u00a0<em>Coordinator of the Migration Research Program and this Migration Research Gallery, GRM<\/em><\/p>\n\n\n\n<p>* Dawid Wladyka<\/p>\n\n\n\n<div class=\"wp-block-group\"><div class=\"wp-block-group__inner-container is-layout-constrained wp-block-group-is-layout-constrained\">\n<hr class=\"wp-block-separator has-alpha-channel-opacity is-style-dots\" \/>\n<\/div><\/div>\n<\/div><\/div>\n\n\n\n<p><strong>Participants a la L\u00ednia de Recerca sobre MIGRACIONS del grup de recerca consolidat Interfase (SGR2014-2017):<\/strong><\/p>\n\n\n\n<div class=\"wp-block-group\"><div class=\"wp-block-group__inner-container is-layout-constrained wp-block-group-is-layout-constrained\">\n<p>* Virginie Baby-Collin<\/p>\n\n\n\n<p>* Sandra Fatoric<\/p>\n\n\n\n<p>* Lucinda Fonseca<\/p>\n\n\n\n<p>* Charalambos Kasimis<\/p>\n\n\n\n<p>* Dani\u00e8le Joly<\/p>\n\n\n\n<p>* Crist\u00f3bal Mendoza<\/p>\n\n\n\n<p>* Josepha Milazzo<\/p>\n\n\n\n<p>*&nbsp;<a href=\"https:\/\/webs.uab.cat\/migracions\/ca\/ricard-moren-alegret\/\">Ricard Mor\u00e9n Alegret<\/a>&nbsp;<em>(Coordinador d&#8217;aquesta l\u00ednia de recerca sobre migracions)<\/em><\/p>\n\n\n\n<p>* Dawid Wladyka<\/p>\n<\/div><\/div>\n\n\n\n<hr class=\"wp-block-separator has-alpha-channel-opacity is-style-dots\" \/>\n\n\n\n<p><strong>Antics membres del GRM (setembre 2009 &#8211; juny 2014)<\/strong><\/p>\n\n\n\n<figure class=\"wp-block-table is-style-stripes\"><table><tbody><tr><td><strong><a href=\"https:\/\/webs.uab.cat\/migracions\/ca\/angels-pascual-de-sans\/\">\u00c0ngels Pascual-de-Sans<\/a><\/strong><\/td><td>Doctora, UAB 1982. Catedr\u00e0tica Em\u00e8rita de Geografia Humana jubilada (Coordinadora del GRM de 2005 a 2008 i&nbsp;<strong>coordinadora em\u00e8rita del GRM des de 2009 fins la seva jubilaci\u00f3 el 2013<\/strong>)<\/td><\/tr><tr><td><strong><a href=\"https:\/\/webs.uab.cat\/migracions\/ca\/ricard-moren-alegret\/\">Ricard Mor\u00e9n-Alegret<\/a><\/strong><\/td><td>Doctor, Warwick University 1999.<br>Professor i investigador del Departament de Geografia de la UAB (<strong>Coordinador&nbsp;<\/strong>del<strong>&nbsp;GRM&nbsp;<\/strong>des de<strong>&nbsp;2009 a 2014<\/strong>&nbsp;i coordinador de la&nbsp;<strong>linia de recerca sobre migracions<\/strong>&nbsp;del grup INTERFASE,<strong>&nbsp;2014-2016<\/strong>)<\/td><\/tr><tr><td><strong>Virginie Baby-Collin<\/strong><\/td><td>Doctora, Universit\u00e9 de Toulouse II Le Mirail, 2000. TeleMMe, Aix-Marseille Universit\u00e9&nbsp;(<em>Ma\u00eetre de conf\u00e9rences<\/em>, P\u00f4le g\u00e9ographie).&nbsp;(membre del GRM).<\/td><\/tr><tr><td><strong><a href=\"https:\/\/webs.uab.cat\/migracions\/ca\/sandra-fatoric\/\">Sandra Fatoric<\/a><\/strong><\/td><td>Doctora en Geograf\u00eda, UAB, 2014. M\u00e0ster en Ci\u00e8ncies Ambientals (UAB, 2010). Cursant el Programa de Doctorat en Geografia organitzat pel Departament de Geografia de la UAB. Bec\u00e0ria FI de l&#8217;AGAUR, Generalitat de Catalunya. (membre del GRM)<\/td><\/tr><tr><td><strong><a href=\"https:\/\/webs.uab.cat\/migracions\/ca\/montserrat-feixas\/\">Montserrat Feixas<\/a><\/strong><\/td><td>Doctora, UAB 2007. Llicenciada en Ci\u00e8ncia Pol\u00edtica per Princeton University i funcionaria de l&#8217;ACNUR (membre del GRM)<\/td><\/tr><tr><td><strong>Dani\u00e8le Joly<\/strong><\/td><td>Doctora, Aston University, UK, 1982. Professora Em\u00e0rita a la University of Warwick, Anglaterra, i MSH-Par\u00eds, Fran\u00e7a (membre del GRM).<\/td><\/tr><tr><td><strong><strong><a href=\"https:\/\/webs.uab.cat\/migracions\/ca\/albert-mas-palacios\/\">Albert Mas Palacios<\/a><\/strong><\/strong><\/td><td>Doctor en Geografia (UAB, 2014). Interessat en temes de migracions, sostenibilitat i integraci\u00f3 social (membre del GRM)<\/td><\/tr><tr><td><strong><a href=\"https:\/\/webs.uab.cat\/migracions\/ca\/cristobal-mendoza\/\">Crist\u00f3bal Mendoza<\/a><\/strong><\/td><td>Doctor, King&#8217;s College London 1998. Professor i investigador a la Universidad Aut\u00f3noma Metropolitana, M\u00e8xic (membre del GRM)<\/td><\/tr><tr><td><strong>Josepha Milazzo<\/strong><\/td><td>Cursant el Programa de Doctorat en Geografia organitzat pel Departament de Geografia de la UAB en r\u00e8gim de cotutela internacional amb Aix-Marseille Universit\u00e9 (Fran\u00e7a). Membre del GRM i del laboratori TELEMMe.<\/td><\/tr><tr><td><strong>Dan Rodr\u00edguez Garc\u00eda<\/strong><\/td><td>Doctor, UAB 2002. Professor i investigador al Departament d\u2019Antropologia Social i Cultural de la UAB. Especialista en migracions internacionals, interculturalitat, transnacionalisme, i integraci\u00f3-acomodaci\u00f3 sociocultural.<\/td><\/tr><tr><td><strong>Miguel Solana<\/strong><\/td><td>Doctor, UAB 2001. Professor i investigador al Departament de Geografia de la UAB (membre del GRM).<\/td><\/tr><tr><td><strong><a href=\"https:\/\/webs.uab.cat\/migracions\/papa-sow\/\">Papa <\/a><a href=\"https:\/\/webs.uab.cat\/migracions\/ca\/papa-sow\/\">Sow<\/a><\/strong><\/td><td>Doctor, UAB 2004 (membre del GRM).<\/td><\/tr><tr><td><strong><strong><a href=\"https:\/\/webs.uab.cat\/migracions\/ca\/dawid-wladyka\/\">Dawid Wladyka<\/a><\/strong><\/strong><\/td><td>Doctor, UAB 2013. M\u00e0ster de Sociologia amb especialitzaci\u00f3 en Comunicaci\u00f3 Social (Universitat de Sil\u00e8sia, Pol\u00f2nia, 2007). Lecturer a Texas University, USA (membre del GRM)<\/td><\/tr><\/tbody><\/table><\/figure>\n\n\n\n<p><strong>Antics col\u00b7laboradors del GRM (2009-2014)<\/strong><\/p>\n\n\n\n<figure class=\"wp-block-table is-style-stripes\"><table><tbody><tr><td><a href=\"http:\/\/www.ceg.ul.pt\/investigadores.asp?id=30\" target=\"_blank\" rel=\"noreferrer noopener\"><strong>Lucinda Fonseca<\/strong><\/a><\/td><td>Universidade de Lisboa, Portugal (Instituto de Geografia e Ordenamento do Territ\u00f3rio,&nbsp;<em>Professora Catedr\u00e1tica<\/em>). Doctora, Universidade de Lisboa, 1989.<\/td><\/tr><tr><td><a href=\"http:\/\/www.adelaide.edu.au\/directory\/graeme.hugo\" target=\"_blank\" rel=\"noreferrer noopener\"><strong>Graeme Hugo<\/strong><\/a><\/td><td>University of Adelaide, Australia (ARC Australian&nbsp;Professorial&nbsp;Fellow, Professor of Geography and Director of the Australian Population and Migration Research Centre at the University of Adelaide).<\/td><\/tr><tr><td><a href=\"http:\/\/www.aoa.aua.gr\/en\/staff_details.aspx?mn=mn3&amp;staff_id=36\" target=\"_blank\" rel=\"noreferrer noopener\"><strong>Charalambos Kasimis<\/strong><\/a><\/td><td>Agricultural University of Athens, Grecia (<em>Professor<\/em>,&nbsp;Laboratory of Agricultural Extension, Agricultural Systems &amp; Rural Sociology)<\/td><\/tr><tr><td><strong>Ver\u00f3nica de Miguel Luken<\/strong><br><\/td><td>Doctora, UAB 2007. Dem\u00f2grafa i estad\u00edstica (col\u00b7laboradora del GRM)<\/td><\/tr><tr><td><strong>Eva \u00d8stergaard-Nielsen<\/strong><\/td><td>Doctora, University of Oxford 1999. Professora e investigadora del Departament de Ci\u00e8ncies Pol\u00edtiques, UAB. (col\u00b7laboradora del GRM)<\/td><\/tr><\/tbody><\/table><\/figure>\n\n\n\n<p><strong>Altres antics col\u00b7laboradors externs<\/strong><\/p>\n\n\n\n<figure class=\"wp-block-table is-style-stripes\"><table><tbody><tr><td><strong>Jordi Cardel\u00fas<\/strong><\/td><td>Soci\u00f2leg i economista format a Par\u00eds i Barcelona (col\u00b7laborador extern del GRM).<\/td><\/tr><tr><td><strong>Francesc Espinet<\/strong><\/td><td>Doctor, UAB 1992. Professor titular jubilat, Hist\u00f2ria Contempor\u00e0nia, UAB (col\u00b7laborador extern del GRM).<\/td><\/tr><tr><td><strong>Helena Estalella<\/strong><\/td><td>Doctora, UAB 1982. Catedr\u00e0tica Em\u00e8rita de Geografia Humana (col\u00b7laboradora externa del GRM).<\/td><\/tr><tr><td><strong>Xavier Ferrer<\/strong><\/td><td>Doctor en Geografia Humana, UAB, 2008 (col\u00b7laborador extern del GRM)<\/td><\/tr><tr><td><strong>Pau Mota<\/strong><\/td><td>Doctor, UAB 2007 (col\u00b7laborador extern del GRM).<\/td><\/tr><tr><td><strong>Clara Carme Parramon<\/strong><\/td><td>Antrop\u00f2loga especialitzada en la migraci\u00f3 interna a Espanya, la migraci\u00f3 de dones i els m\u00e8todes qualitatius d&#8217;an\u00e0lisi aplicats a l&#8217;estudi de la migraci\u00f3 (col\u00b7laboradora externa del GRM).<\/td><\/tr><tr><td><strong>Berta Pongiluppi<\/strong><\/td><td>Economista formada a la Universitat Pompeu Fabra, va realitzar un M\u00e0ster en Demografia a la UAB i va ser investigadora Marie Curie a la University of Sussex 1996-1998 (col\u00b7laboradora externa del GRM).<\/td><\/tr><\/tbody><\/table><\/figure>\n","protected":false},"excerpt":{"rendered":"<p>Participants a la L\u00ednia de Recerca sobre MIGRACIONS del grup consolidat ECONECOL (SGR2021-2025, AGAUR): (ordre alfab\u00e8tic) * Virginie Baby-Collin * William Berthomi\u00e8re * Sandra Fatoric * Lucinda Fonseca *Consuelo Gonz\u00e1lez * Dani\u00e8le Joly * Charalambos Kasimis * Ruth McAreavey * Crist\u00f3bal Mendoza * Na\u00efk Miret * Josepha Milazzo *&nbsp;Ricard Mor\u00e9n-Alegret:&nbsp;Coordinador de la l\u00ednia de recerca [&hellip;]<\/p>\n","protected":false},"author":2819,"featured_media":0,"parent":0,"menu_order":0,"comment_status":"closed","ping_status":"closed","template":"","meta":{"footnotes":""},"class_list":["post-11","page","type-page","status-publish","hentry"],"_links":{"self":[{"href":"https:\/\/webs.uab.cat\/migracions\/ca\/wp-json\/wp\/v2\/pages\/11","targetHints":{"allow":["GET"]}}],"collection":[{"href":"https:\/\/webs.uab.cat\/migracions\/ca\/wp-json\/wp\/v2\/pages"}],"about":[{"href":"https:\/\/webs.uab.cat\/migracions\/ca\/wp-json\/wp\/v2\/types\/page"}],"author":[{"embeddable":true,"href":"https:\/\/webs.uab.cat\/migracions\/ca\/wp-json\/wp\/v2\/users\/2819"}],"replies":[{"embeddable":true,"href":"https:\/\/webs.uab.cat\/migracions\/ca\/wp-json\/wp\/v2\/comments?post=11"}],"version-history":[{"count":14,"href":"https:\/\/webs.uab.cat\/migracions\/ca\/wp-json\/wp\/v2\/pages\/11\/revisions"}],"predecessor-version":[{"id":1480,"href":"https:\/\/webs.uab.cat\/migracions\/ca\/wp-json\/wp\/v2\/pages\/11\/revisions\/1480"}],"wp:attachment":[{"href":"https:\/\/webs.uab.cat\/migracions\/ca\/wp-json\/wp\/v2\/media?parent=11"}],"curies":[{"name":"wp","href":"https:\/\/api.w.org\/{rel}","templated":true}]}}

<p><strong>Participants a la Línia de Recerca sobre MIGRACIONS del grup consolidat ECONECOL (SGR2021-2025, AGAUR):</strong></p>



<div class="wp-block-group alignwide"><div class="wp-block-group__inner-container is-layout-constrained wp-block-group-is-layout-constrained">
<p>(ordre alfabètic)</p>



<p>* Virginie Baby-Collin</p>



<p>* William Berthomière</p>



<p>* Sandra Fatoric</p>



<p>* Lucinda Fonseca</p>



<p>*Consuelo González</p>



<p>* Danièle Joly</p>



<p>* Charalambos Kasimis</p>



<p>* Ruth McAreavey</p>



<p>* Cristóbal Mendoza</p>



<p>* Naïk Miret</p>



<p>* Josepha Milazzo</p>



<p><strong>*&nbsp;</strong><a href="http://geografia.uab.cat/migracions/ca/ricard.htm">Ricard Morén-Alegret:</a><strong>&nbsp;<em>Coordinador de la línia de recerca sobre migracions i d&#8217;aquesta Galeria de Recerca sobre Migracions, GRM.</em></strong></p>



<p>* Dawid Wladyka</p>



<hr class="wp-block-separator has-alpha-channel-opacity is-style-dots" />
</div></div>



<p><strong>Participants in the MIGRATION research program of the consolidated and funded research group ECONECOL (<strong>SGR2017-20</strong>21, AGAUR):</strong></p>



<p><strong>(</strong>in alphabetical order<strong>)</strong></p>



<div class="wp-block-group"><div class="wp-block-group__inner-container is-layout-constrained wp-block-group-is-layout-constrained">
<p>* Virginie Baby-Collin</p>



<p>* William Berthomière</p>



<p>* Sandra Fatoric</p>



<p>* Maria Lucinda Fonseca</p>



<p>* Danièle Joly</p>



<p>*Charalambos Kasimis</p>



<p>* Ruth McAreavey</p>



<p>* Naïk Miret</p>



<p>* Josepha Milazzo</p>



<p>** <a href="https://webs.uab.cat/migracions/ca/ricard-moren-alegret/">Ricard Morén-Alegret</a>: <em>Coordinator of the Migration Research Program and this Migration Research Gallery, GRM</em></p>



<p>* Dawid Wladyka</p>



<div class="wp-block-group"><div class="wp-block-group__inner-container is-layout-constrained wp-block-group-is-layout-constrained">
<hr class="wp-block-separator has-alpha-channel-opacity is-style-dots" />
</div></div>
</div></div>



<p><strong>Participants a la Línia de Recerca sobre MIGRACIONS del grup de recerca consolidat Interfase (SGR2014-2017):</strong></p>



<div class="wp-block-group"><div class="wp-block-group__inner-container is-layout-constrained wp-block-group-is-layout-constrained">
<p>* Virginie Baby-Collin</p>



<p>* Sandra Fatoric</p>



<p>* Lucinda Fonseca</p>



<p>* Charalambos Kasimis</p>



<p>* Danièle Joly</p>



<p>* Cristóbal Mendoza</p>



<p>* Josepha Milazzo</p>



<p>*&nbsp;<a href="https://webs.uab.cat/migracions/ca/ricard-moren-alegret/">Ricard Morén Alegret</a>&nbsp;<em>(Coordinador d&#8217;aquesta línia de recerca sobre migracions)</em></p>



<p>* Dawid Wladyka</p>
</div></div>



<hr class="wp-block-separator has-alpha-channel-opacity is-style-dots" />



<p><strong>Antics membres del GRM (setembre 2009 &#8211; juny 2014)</strong></p>



<figure class="wp-block-table is-style-stripes"><table><tbody><tr><td><strong><a href="https://webs.uab.cat/migracions/ca/angels-pascual-de-sans/">Àngels Pascual-de-Sans</a></strong></td><td>Doctora, UAB 1982. Catedràtica Emèrita de Geografia Humana jubilada (Coordinadora del GRM de 2005 a 2008 i&nbsp;<strong>coordinadora emèrita del GRM des de 2009 fins la seva jubilació el 2013</strong>)</td></tr><tr><td><strong><a href="https://webs.uab.cat/migracions/ca/ricard-moren-alegret/">Ricard Morén-Alegret</a></strong></td><td>Doctor, Warwick University 1999.<br>Professor i investigador del Departament de Geografia de la UAB (<strong>Coordinador&nbsp;</strong>del<strong>&nbsp;GRM&nbsp;</strong>des de<strong>&nbsp;2009 a 2014</strong>&nbsp;i coordinador de la&nbsp;<strong>linia de recerca sobre migracions</strong>&nbsp;del grup INTERFASE,<strong>&nbsp;2014-2016</strong>)</td></tr><tr><td><strong>Virginie Baby-Collin</strong></td><td>Doctora, Université de Toulouse II Le Mirail, 2000. TeleMMe, Aix-Marseille Université&nbsp;(<em>Maître de conférences</em>, Pôle géographie).&nbsp;(membre del GRM).</td></tr><tr><td><strong><a href="https://webs.uab.cat/migracions/ca/sandra-fatoric/">Sandra Fatoric</a></strong></td><td>Doctora en Geografía, UAB, 2014. Màster en Ciències Ambientals (UAB, 2010). Cursant el Programa de Doctorat en Geografia organitzat pel Departament de Geografia de la UAB. Becària FI de l&#8217;AGAUR, Generalitat de Catalunya. (membre del GRM)</td></tr><tr><td><strong><a href="https://webs.uab.cat/migracions/ca/montserrat-feixas/">Montserrat Feixas</a></strong></td><td>Doctora, UAB 2007. Llicenciada en Ciència Política per Princeton University i funcionaria de l&#8217;ACNUR (membre del GRM)</td></tr><tr><td><strong>Danièle Joly</strong></td><td>Doctora, Aston University, UK, 1982. Professora Emàrita a la University of Warwick, Anglaterra, i MSH-París, França (membre del GRM).</td></tr><tr><td><strong><strong><a href="https://webs.uab.cat/migracions/ca/albert-mas-palacios/">Albert Mas Palacios</a></strong></strong></td><td>Doctor en Geografia (UAB, 2014). Interessat en temes de migracions, sostenibilitat i integració social (membre del GRM)</td></tr><tr><td><strong><a href="https://webs.uab.cat/migracions/ca/cristobal-mendoza/">Cristóbal Mendoza</a></strong></td><td>Doctor, King&#8217;s College London 1998. Professor i investigador a la Universidad Autónoma Metropolitana, Mèxic (membre del GRM)</td></tr><tr><td><strong>Josepha Milazzo</strong></td><td>Cursant el Programa de Doctorat en Geografia organitzat pel Departament de Geografia de la UAB en règim de cotutela internacional amb Aix-Marseille Université (França). Membre del GRM i del laboratori TELEMMe.</td></tr><tr><td><strong>Dan Rodríguez García</strong></td><td>Doctor, UAB 2002. Professor i investigador al Departament d’Antropologia Social i Cultural de la UAB. Especialista en migracions internacionals, interculturalitat, transnacionalisme, i integració-acomodació sociocultural.</td></tr><tr><td><strong>Miguel Solana</strong></td><td>Doctor, UAB 2001. Professor i investigador al Departament de Geografia de la UAB (membre del GRM).</td></tr><tr><td><strong><a href="https://webs.uab.cat/migracions/papa-sow/">Papa </a><a href="https://webs.uab.cat/migracions/ca/papa-sow/">Sow</a></strong></td><td>Doctor, UAB 2004 (membre del GRM).</td></tr><tr><td><strong><strong><a href="https://webs.uab.cat/migracions/ca/dawid-wladyka/">Dawid Wladyka</a></strong></strong></td><td>Doctor, UAB 2013. Màster de Sociologia amb especialització en Comunicació Social (Universitat de Silèsia, Polònia, 2007). Lecturer a Texas University, USA (membre del GRM)</td></tr></tbody></table></figure>



<p><strong>Antics col·laboradors del GRM (2009-2014)</strong></p>



<figure class="wp-block-table is-style-stripes"><table><tbody><tr><td><a href="http://www.ceg.ul.pt/investigadores.asp?id=30" target="_blank" rel="noreferrer noopener"><strong>Lucinda Fonseca</strong></a></td><td>Universidade de Lisboa, Portugal (Instituto de Geografia e Ordenamento do Território,&nbsp;<em>Professora Catedrática</em>). Doctora, Universidade de Lisboa, 1989.</td></tr><tr><td><a href="http://www.adelaide.edu.au/directory/graeme.hugo" target="_blank" rel="noreferrer noopener"><strong>Graeme Hugo</strong></a></td><td>University of Adelaide, Australia (ARC Australian&nbsp;Professorial&nbsp;Fellow, Professor of Geography and Director of the Australian Population and Migration Research Centre at the University of Adelaide).</td></tr><tr><td><a href="http://www.aoa.aua.gr/en/staff_details.aspx?mn=mn3&amp;staff_id=36" target="_blank" rel="noreferrer noopener"><strong>Charalambos Kasimis</strong></a></td><td>Agricultural University of Athens, Grecia (<em>Professor</em>,&nbsp;Laboratory of Agricultural Extension, Agricultural Systems &amp; Rural Sociology)</td></tr><tr><td><strong>Verónica de Miguel Luken</strong><br></td><td>Doctora, UAB 2007. Demògrafa i estadística (col·laboradora del GRM)</td></tr><tr><td><strong>Eva Østergaard-Nielsen</strong></td><td>Doctora, University of Oxford 1999. Professora e investigadora del Departament de Ciències Polítiques, UAB. (col·laboradora del GRM)</td></tr></tbody></table></figure>



<p><strong>Altres antics col·laboradors externs</strong></p>



<figure class="wp-block-table is-style-stripes"><table><tbody><tr><td><strong>Jordi Cardelús</strong></td><td>Sociòleg i economista format a París i Barcelona (col·laborador extern del GRM).</td></tr><tr><td><strong>Francesc Espinet</strong></td><td>Doctor, UAB 1992. Professor titular jubilat, Història Contemporània, UAB (col·laborador extern del GRM).</td></tr><tr><td><strong>Helena Estalella</strong></td><td>Doctora, UAB 1982. Catedràtica Emèrita de Geografia Humana (col·laboradora externa del GRM).</td></tr><tr><td><strong>Xavier Ferrer</strong></td><td>Doctor en Geografia Humana, UAB, 2008 (col·laborador extern del GRM)</td></tr><tr><td><strong>Pau Mota</strong></td><td>Doctor, UAB 2007 (col·laborador extern del GRM).</td></tr><tr><td><strong>Clara Carme Parramon</strong></td><td>Antropòloga especialitzada en la migració interna a Espanya, la migració de dones i els mètodes qualitatius d&#8217;anàlisi aplicats a l&#8217;estudi de la migració (col·laboradora externa del GRM).</td></tr><tr><td><strong>Berta Pongiluppi</strong></td><td>Economista formada a la Universitat Pompeu Fabra, va realitzar un Màster en Demografia a la UAB i va ser investigadora Marie Curie a la University of Sussex 1996-1998 (col·laboradora externa del GRM).</td></tr></tbody></table></figure>

<p>Participants a la Línia de Recerca sobre MIGRACIONS del grup consolidat ECONECOL (SGR2021-2025, AGAUR): (ordre alfabètic) * Virginie Baby-Collin * William Berthomière * Sandra Fatoric * Lucinda Fonseca *Consuelo González * Danièle Joly * Charalambos Kasimis * Ruth McAreavey * Cristóbal Mendoza * Naïk Miret * Josepha Milazzo *&nbsp;Ricard Morén-Alegret:&nbsp;Coordinador de la línia de recerca [&hellip;]</p>
