{"id":1362,"date":"2024-06-12T13:02:15","date_gmt":"2024-06-12T11:02:15","guid":{"rendered":"https:\/\/webs.uab.cat\/migracions\/?page_id=1362"},"modified":"2024-06-12T15:43:50","modified_gmt":"2024-06-12T13:43:50","slug":"angels-pascual-de-sans","status":"publish","type":"page","link":"https:\/\/webs.uab.cat\/migracions\/ca\/angels-pascual-de-sans\/","title":{"rendered":"\u00c0ngels Pascual-de-Sans"},"content":{"rendered":"\n<div class=\"wp-block-columns is-layout-flex wp-container-core-columns-is-layout-9d6595d7 wp-block-columns-is-layout-flex\">\n<div class=\"wp-block-column is-layout-flow wp-block-column-is-layout-flow\">\n<p><strong>Adre\u00e7a<\/strong><\/p>\n\n\n\n<p><strong>Adre\u00e7a electr\u00f2nica<\/strong><\/p>\n\n\n\n<p><strong>Despatx<\/strong><\/p>\n\n\n\n<p><strong>Tel\u00e8fon<\/strong><\/p>\n\n\n\n<p><strong>Fax<\/strong><\/p>\n<\/div>\n\n\n\n<div class=\"wp-block-column is-layout-flow wp-block-column-is-layout-flow\"><\/div>\n\n\n\n<div class=\"wp-block-column is-layout-flow wp-block-column-is-layout-flow\">\n<figure class=\"wp-block-image size-full is-resized\"><img loading=\"lazy\" decoding=\"async\" width=\"127\" height=\"120\" src=\"https:\/\/webs.uab.cat\/migracions\/wp-content\/uploads\/sites\/534\/2024\/06\/apascual.jpg\" alt=\"\" class=\"wp-image-1355\" style=\"width:210px;height:auto\" \/><\/figure>\n<\/div>\n<\/div>\n\n\n\n<p>Llicenciada en Ci\u00e8ncies per la Universitat de Barcelona, Doctora en Economia per la Universitat Aut\u00f2noma de Barcelona (1982). Despr\u00e9s de d\u00e8cades com a professora a la UAB, el setembre de 2013 es jubil\u00e0 d&#8217;aquesta feina. Desde 2011 \u00e9s tresorera de la Secci\u00f3 de Filosofia i Ci\u00e8ncies Socials del Institut d&#8217;Estudis Catalans (IEC). Vegeu: http:\/\/apmembres2.iec.cat\/detall.aspx?pkMembrePLE=457<\/p>\n\n\n\n<p><a href=\"https:\/\/webs.uab.cat\/migracions\/ca\/publicacions\/\">Llistat de publicacions<\/a><\/p>\n","protected":false},"excerpt":{"rendered":"<p>Adre\u00e7a Adre\u00e7a electr\u00f2nica Despatx Tel\u00e8fon Fax Llicenciada en Ci\u00e8ncies per la Universitat de Barcelona, Doctora en Economia per la Universitat Aut\u00f2noma de Barcelona (1982). Despr\u00e9s de d\u00e8cades com a professora a la UAB, el setembre de 2013 es jubil\u00e0 d&#8217;aquesta feina. Desde 2011 \u00e9s tresorera de la Secci\u00f3 de Filosofia i Ci\u00e8ncies Socials del Institut [&hellip;]<\/p>\n","protected":false},"author":2819,"featured_media":0,"parent":0,"menu_order":0,"comment_status":"closed","ping_status":"closed","template":"","meta":{"footnotes":""},"class_list":["post-1362","page","type-page","status-publish","hentry"],"_links":{"self":[{"href":"https:\/\/webs.uab.cat\/migracions\/ca\/wp-json\/wp\/v2\/pages\/1362","targetHints":{"allow":["GET"]}}],"collection":[{"href":"https:\/\/webs.uab.cat\/migracions\/ca\/wp-json\/wp\/v2\/pages"}],"about":[{"href":"https:\/\/webs.uab.cat\/migracions\/ca\/wp-json\/wp\/v2\/types\/page"}],"author":[{"embeddable":true,"href":"https:\/\/webs.uab.cat\/migracions\/ca\/wp-json\/wp\/v2\/users\/2819"}],"replies":[{"embeddable":true,"href":"https:\/\/webs.uab.cat\/migracions\/ca\/wp-json\/wp\/v2\/comments?post=1362"}],"version-history":[{"count":1,"href":"https:\/\/webs.uab.cat\/migracions\/ca\/wp-json\/wp\/v2\/pages\/1362\/revisions"}],"predecessor-version":[{"id":1364,"href":"https:\/\/webs.uab.cat\/migracions\/ca\/wp-json\/wp\/v2\/pages\/1362\/revisions\/1364"}],"wp:attachment":[{"href":"https:\/\/webs.uab.cat\/migracions\/ca\/wp-json\/wp\/v2\/media?parent=1362"}],"curies":[{"name":"wp","href":"https:\/\/api.w.org\/{rel}","templated":true}]}}

Àngels Pascual-de-Sans

<div class="wp-block-columns is-layout-flex wp-container-core-columns-is-layout-9d6595d7 wp-block-columns-is-layout-flex">
<div class="wp-block-column is-layout-flow wp-block-column-is-layout-flow">
<p><strong>Adreça</strong></p>



<p><strong>Adreça electrònica</strong></p>



<p><strong>Despatx</strong></p>



<p><strong>Telèfon</strong></p>



<p><strong>Fax</strong></p>
</div>



<div class="wp-block-column is-layout-flow wp-block-column-is-layout-flow"></div>



<div class="wp-block-column is-layout-flow wp-block-column-is-layout-flow">
<figure class="wp-block-image size-full is-resized"><img loading="lazy" decoding="async" width="127" height="120" src="https://webs.uab.cat/migracions/wp-content/uploads/sites/534/2024/06/apascual.jpg" alt="" class="wp-image-1355" style="width:210px;height:auto" /></figure>
</div>
</div>



<p>Llicenciada en Ciències per la Universitat de Barcelona, Doctora en Economia per la Universitat Autònoma de Barcelona (1982). Després de dècades com a professora a la UAB, el setembre de 2013 es jubilà d&#8217;aquesta feina. Desde 2011 és tresorera de la Secció de Filosofia i Ciències Socials del Institut d&#8217;Estudis Catalans (IEC). Vegeu: http://apmembres2.iec.cat/detall.aspx?pkMembrePLE=457</p>



<p><a href="https://webs.uab.cat/migracions/ca/publicacions/">Llistat de publicacions</a></p>

<p>Adreça Adreça electrònica Despatx Telèfon Fax Llicenciada en Ciències per la Universitat de Barcelona, Doctora en Economia per la Universitat Autònoma de Barcelona (1982). Després de dècades com a professora a la UAB, el setembre de 2013 es jubilà d&#8217;aquesta feina. Desde 2011 és tresorera de la Secció de Filosofia i Ciències Socials del Institut [&hellip;]</p>
