{"id":959,"date":"2024-02-28T15:54:48","date_gmt":"2024-02-28T13:54:48","guid":{"rendered":"https:\/\/webs.uab.cat\/migracions\/?page_id=959"},"modified":"2025-03-17T12:05:27","modified_gmt":"2025-03-17T10:05:27","slug":"bases-de-datos","status":"publish","type":"page","link":"https:\/\/webs.uab.cat\/migracions\/es\/bases-de-datos\/","title":{"rendered":"Bases de datos"},"content":{"rendered":"\n<p><strong><strong>Base de datos bibliogr\u00e1fica sobre migraciones en Catalu\u00f1a<\/strong><\/strong><\/p>\n\n\n\n<p>La realizaci\u00f3n de esta base de datos bibliogr\u00e1fica se enmarca en un proyecto de investigaci\u00f3n m\u00e1s amplio desarrollado por Ver\u00f3nica de Miguel, Ricard Mor\u00e9n Alegret y Miguel Solana &#8211; miembros del GRM de la UAB :&nbsp;<strong>\u00abMigracions a Catalunya. L&#8217;estat de la q\u00fcesti\u00f3 (1975-2000)\u00bb<\/strong>, que fue dirigido por \u00c0ngels Pascual de Sans y financiado por la Fundaci\u00f3n Castellet del Foix. Posteriormente se procedi\u00f3 a su actualizaci\u00f3n hasta el 2003 gracias a la financiaci\u00f3n de la Secretaria per a la Immigraci\u00f3n de la Generalitat de Catalunya. Dando continuidad al proyecto comentado anteriormente, gracias a la ayuda de la Fundaci\u00f3 Jaume Bofill y bajo la coordinaci\u00f3n de Pau Mota, la base de datos ha sido&nbsp;<strong>actualizada hasta el a\u00f1o 2007<\/strong>.<\/p>\n\n\n\n<p>Otro producto de esta investigaci\u00f3n disponible en internet es la realizaci\u00f3n de un informe en el que se analiza \u00e9sta y otras bases de datos.<\/p>\n\n\n\n<p>Esta base de datos aparece como fichero con formato de ACCESS. Su consulta se puede realizar siguiendo las posibilidades que ofrece este programa. Por ejemplo, pueden hacerse b\u00fasquedas de palabras clave. Una lectura del informe mencionado puede ser de utilidad para sacar mayor partido de la consulta de la base de datos.<\/p>\n\n\n\n<p class=\"has-text-align-center\"><strong><a href=\"https:\/\/webs.uab.cat\/migracions\/wp-content\/uploads\/sites\/534\/2025\/03\/Base-de-dades-ditems-sobre-migracions-1.pdf\">CONSULTAR BASE DE DATOS\u00a0(hasta 2007)(PDF)<\/a><\/strong><\/p>\n","protected":false},"excerpt":{"rendered":"<p>Base de datos bibliogr\u00e1fica sobre migraciones en Catalu\u00f1a La realizaci\u00f3n de esta base de datos bibliogr\u00e1fica se enmarca en un proyecto de investigaci\u00f3n m\u00e1s amplio desarrollado por Ver\u00f3nica de Miguel, Ricard Mor\u00e9n Alegret y Miguel Solana &#8211; miembros del GRM de la UAB :&nbsp;\u00abMigracions a Catalunya. L&#8217;estat de la q\u00fcesti\u00f3 (1975-2000)\u00bb, que fue dirigido por [&hellip;]<\/p>\n","protected":false},"author":2819,"featured_media":0,"parent":0,"menu_order":0,"comment_status":"closed","ping_status":"closed","template":"","meta":{"footnotes":""},"class_list":["post-959","page","type-page","status-publish","hentry"],"_links":{"self":[{"href":"https:\/\/webs.uab.cat\/migracions\/es\/wp-json\/wp\/v2\/pages\/959","targetHints":{"allow":["GET"]}}],"collection":[{"href":"https:\/\/webs.uab.cat\/migracions\/es\/wp-json\/wp\/v2\/pages"}],"about":[{"href":"https:\/\/webs.uab.cat\/migracions\/es\/wp-json\/wp\/v2\/types\/page"}],"author":[{"embeddable":true,"href":"https:\/\/webs.uab.cat\/migracions\/es\/wp-json\/wp\/v2\/users\/2819"}],"replies":[{"embeddable":true,"href":"https:\/\/webs.uab.cat\/migracions\/es\/wp-json\/wp\/v2\/comments?post=959"}],"version-history":[{"count":3,"href":"https:\/\/webs.uab.cat\/migracions\/es\/wp-json\/wp\/v2\/pages\/959\/revisions"}],"predecessor-version":[{"id":2768,"href":"https:\/\/webs.uab.cat\/migracions\/es\/wp-json\/wp\/v2\/pages\/959\/revisions\/2768"}],"wp:attachment":[{"href":"https:\/\/webs.uab.cat\/migracions\/es\/wp-json\/wp\/v2\/media?parent=959"}],"curies":[{"name":"wp","href":"https:\/\/api.w.org\/{rel}","templated":true}]}}

<p><strong><strong>Base de datos bibliográfica sobre migraciones en Cataluña</strong></strong></p>



<p>La realización de esta base de datos bibliográfica se enmarca en un proyecto de investigación más amplio desarrollado por Verónica de Miguel, Ricard Morén Alegret y Miguel Solana &#8211; miembros del GRM de la UAB :&nbsp;<strong>«Migracions a Catalunya. L&#8217;estat de la qüestió (1975-2000)»</strong>, que fue dirigido por Àngels Pascual de Sans y financiado por la Fundación Castellet del Foix. Posteriormente se procedió a su actualización hasta el 2003 gracias a la financiación de la Secretaria per a la Immigración de la Generalitat de Catalunya. Dando continuidad al proyecto comentado anteriormente, gracias a la ayuda de la Fundació Jaume Bofill y bajo la coordinación de Pau Mota, la base de datos ha sido&nbsp;<strong>actualizada hasta el año 2007</strong>.</p>



<p>Otro producto de esta investigación disponible en internet es la realización de un informe en el que se analiza ésta y otras bases de datos.</p>



<p>Esta base de datos aparece como fichero con formato de ACCESS. Su consulta se puede realizar siguiendo las posibilidades que ofrece este programa. Por ejemplo, pueden hacerse búsquedas de palabras clave. Una lectura del informe mencionado puede ser de utilidad para sacar mayor partido de la consulta de la base de datos.</p>



<p class="has-text-align-center"><strong><a href="https://webs.uab.cat/migracions/wp-content/uploads/sites/534/2025/03/Base-de-dades-ditems-sobre-migracions-1.pdf">CONSULTAR BASE DE DATOS (hasta 2007)(PDF)</a></strong></p>

<p>Base de datos bibliográfica sobre migraciones en Cataluña La realización de esta base de datos bibliográfica se enmarca en un proyecto de investigación más amplio desarrollado por Verónica de Miguel, Ricard Morén Alegret y Miguel Solana &#8211; miembros del GRM de la UAB :&nbsp;«Migracions a Catalunya. L&#8217;estat de la qüestió (1975-2000)», que fue dirigido por [&hellip;]</p>
