{"id":705,"date":"2024-02-28T15:53:58","date_gmt":"2024-02-28T13:53:58","guid":{"rendered":"https:\/\/webs.uab.cat\/migracions\/?page_id=705"},"modified":"2024-06-14T09:41:29","modified_gmt":"2024-06-14T07:41:29","slug":"migracions-a-catalunya","status":"publish","type":"page","link":"https:\/\/webs.uab.cat\/migracions\/migracions-a-catalunya\/","title":{"rendered":"Migracions a Catalunya"},"content":{"rendered":"\n<p><strong>INFORME SOBRE &#8220;MIGRACIONS A CATALUNYA. L&#8217;ESTAT DE LA Q\u00dcESTI\u00d3 (1975-2000)&#8221;<\/strong><\/p>\n\n\n\n<p>La realitzaci\u00f3 d&#8217;aquest informe s&#8217;emmarca en un projecte de recerca m\u00e9s ampli desenvolupat per Ver\u00f3nica de Miguel, Ricard Mor\u00e9n Alegret i Miguel Solana &#8211; membres del GRM de la UAB &#8211; sobre<strong>&nbsp;&#8220;Migracions a Catalunya. L&#8217;estat de la q\u00fcesti\u00f3 (1975-2000)&#8221;<\/strong>&nbsp;que va ser dirigit per \u00c0ngels Pascual de Sans i finan\u00e7at per la Fundaci\u00f3 Castellet del Foix. Un altre producte d&#8217;aquella recerca disponible a internet \u00e9s la realitzaci\u00f3 d&#8217;una base de dades bibliogr\u00e0fica que, juntament amb d&#8217;altres, van ser les fonts que van permetre la realitzaci\u00f3 de l&#8217;informe que ara podeu consultar a internet:<\/p>\n\n\n\n<p class=\"has-text-align-center\"><strong><a href=\"https:\/\/webs.uab.cat\/migracions\/wp-content\/uploads\/sites\/534\/2024\/06\/migracions.pdf\">CONSULTAR INFORME<\/a><\/strong><\/p>\n","protected":false},"excerpt":{"rendered":"<p>INFORME SOBRE &#8220;MIGRACIONS A CATALUNYA. L&#8217;ESTAT DE LA Q\u00dcESTI\u00d3 (1975-2000)&#8221; La realitzaci\u00f3 d&#8217;aquest informe s&#8217;emmarca en un projecte de recerca m\u00e9s ampli desenvolupat per Ver\u00f3nica de Miguel, Ricard Mor\u00e9n Alegret i Miguel Solana &#8211; membres del GRM de la UAB &#8211; sobre&nbsp;&#8220;Migracions a Catalunya. L&#8217;estat de la q\u00fcesti\u00f3 (1975-2000)&#8221;&nbsp;que va ser dirigit per \u00c0ngels Pascual [&hellip;]<\/p>\n","protected":false},"author":2819,"featured_media":0,"parent":0,"menu_order":0,"comment_status":"closed","ping_status":"closed","template":"","meta":{"footnotes":""},"class_list":["post-705","page","type-page","status-publish","hentry"],"_links":{"self":[{"href":"https:\/\/webs.uab.cat\/migracions\/wp-json\/wp\/v2\/pages\/705","targetHints":{"allow":["GET"]}}],"collection":[{"href":"https:\/\/webs.uab.cat\/migracions\/wp-json\/wp\/v2\/pages"}],"about":[{"href":"https:\/\/webs.uab.cat\/migracions\/wp-json\/wp\/v2\/types\/page"}],"author":[{"embeddable":true,"href":"https:\/\/webs.uab.cat\/migracions\/wp-json\/wp\/v2\/users\/2819"}],"replies":[{"embeddable":true,"href":"https:\/\/webs.uab.cat\/migracions\/wp-json\/wp\/v2\/comments?post=705"}],"version-history":[{"count":2,"href":"https:\/\/webs.uab.cat\/migracions\/wp-json\/wp\/v2\/pages\/705\/revisions"}],"predecessor-version":[{"id":1485,"href":"https:\/\/webs.uab.cat\/migracions\/wp-json\/wp\/v2\/pages\/705\/revisions\/1485"}],"wp:attachment":[{"href":"https:\/\/webs.uab.cat\/migracions\/wp-json\/wp\/v2\/media?parent=705"}],"curies":[{"name":"wp","href":"https:\/\/api.w.org\/{rel}","templated":true}]}}