{"id":1525,"date":"2023-04-18T10:03:58","date_gmt":"2023-04-18T08:03:58","guid":{"rendered":"https:\/\/webs.uab.cat\/miras\/?page_id=1525"},"modified":"2023-04-18T10:05:24","modified_gmt":"2023-04-18T08:05:24","slug":"valeria-tonioli-2","status":"publish","type":"page","link":"https:\/\/webs.uab.cat\/miras\/ca\/valeria-tonioli-2\/","title":{"rendered":"Valeria Tonioli"},"content":{"rendered":"\n<figure class=\"wp-block-image size-full is-resized\"><img loading=\"lazy\" decoding=\"async\" src=\"https:\/\/webs.uab.cat\/miras\/wp-content\/uploads\/sites\/300\/2023\/04\/1-profilo.jpg\" alt=\"\" class=\"wp-image-1533\" width=\"228\" height=\"334\" srcset=\"https:\/\/webs.uab.cat\/miras\/wp-content\/uploads\/sites\/300\/2023\/04\/1-profilo.jpg 300w, https:\/\/webs.uab.cat\/miras\/wp-content\/uploads\/sites\/300\/2023\/04\/1-profilo-205x300.jpg 205w\" sizes=\"auto, (max-width: 228px) 100vw, 228px\" \/><\/figure>\n\n\n\n<hr class=\"wp-block-separator has-alpha-channel-opacity\" \/>\n\n\n\n<p>Valeria\u00a0Tonioli\u00a0\u00e9s doctora en\u00a0cotutela\u00a0de tesi en Ci\u00e8ncies del Llenguatge, amb una especialitzaci\u00f3 en ling\u00fc\u00edstica educativa, per la Universitat\u00a0Ca&#8217;\u00a0Foscari\u00a0de Ven\u00e8cia i en Traducci\u00f3, Interpretaci\u00f3 i Estudis Interculturals per la Universitat\u00a0Aut\u00f2noma\u00a0de Barcelona.<\/p>\n\n\n\n<p>Actualment \u00e9s investigadora postdoctoral en el Departament de Traducci\u00f3 i Interpretaci\u00f3 i Estudis d&#8217;\u00c0sia Oriental de la Universitat Aut\u00f2noma de Barcelona, on treballa en el projecte\u00a0Horizon\u00a0New\u00a0Abc\u00a0sobre l&#8217;educaci\u00f3 de menors amb\u00a0background\u00a0migratori.<\/p>\n\n\n\n<p>Anteriorment va treballar com a investigadora postdoctoral en la Universitat\u00a0Ca&#8217;\u00a0Foscari\u00a0de Ven\u00e8cia en diferents projectes nacionals i internacionals.<br>Els seus interessos de recerca se centren en la comunicaci\u00f3 intercultural, la mediaci\u00f3 ling\u00fc\u00edstica i cultural, l&#8217;educaci\u00f3 intercultural i pluriling\u00fce i la did\u00e0ctica de les lleng\u00fces.<\/p>\n","protected":false},"excerpt":{"rendered":"<p>Valeria\u00a0Tonioli\u00a0\u00e9s doctora en\u00a0cotutela\u00a0de tesi en Ci\u00e8ncies del Llenguatge, amb una especialitzaci\u00f3 en ling\u00fc\u00edstica educativa, per la Universitat\u00a0Ca&#8217;\u00a0Foscari\u00a0de Ven\u00e8cia i en Traducci\u00f3, Interpretaci\u00f3 i Estudis Interculturals per la Universitat\u00a0Aut\u00f2noma\u00a0de Barcelona. Actualment \u00e9s investigadora postdoctoral en el Departament de Traducci\u00f3 i Interpretaci\u00f3 i Estudis d&#8217;\u00c0sia Oriental de la Universitat Aut\u00f2noma de Barcelona, on treballa en el projecte\u00a0Horizon\u00a0New\u00a0Abc\u00a0sobre [&hellip;]<\/p>\n","protected":false},"author":103,"featured_media":0,"parent":0,"menu_order":0,"comment_status":"closed","ping_status":"closed","template":"","meta":{"footnotes":""},"class_list":["post-1525","page","type-page","status-publish","hentry"],"_links":{"self":[{"href":"https:\/\/webs.uab.cat\/miras\/ca\/wp-json\/wp\/v2\/pages\/1525","targetHints":{"allow":["GET"]}}],"collection":[{"href":"https:\/\/webs.uab.cat\/miras\/ca\/wp-json\/wp\/v2\/pages"}],"about":[{"href":"https:\/\/webs.uab.cat\/miras\/ca\/wp-json\/wp\/v2\/types\/page"}],"author":[{"embeddable":true,"href":"https:\/\/webs.uab.cat\/miras\/ca\/wp-json\/wp\/v2\/users\/103"}],"replies":[{"embeddable":true,"href":"https:\/\/webs.uab.cat\/miras\/ca\/wp-json\/wp\/v2\/comments?post=1525"}],"version-history":[{"count":3,"href":"https:\/\/webs.uab.cat\/miras\/ca\/wp-json\/wp\/v2\/pages\/1525\/revisions"}],"predecessor-version":[{"id":1544,"href":"https:\/\/webs.uab.cat\/miras\/ca\/wp-json\/wp\/v2\/pages\/1525\/revisions\/1544"}],"wp:attachment":[{"href":"https:\/\/webs.uab.cat\/miras\/ca\/wp-json\/wp\/v2\/media?parent=1525"}],"curies":[{"name":"wp","href":"https:\/\/api.w.org\/{rel}","templated":true}]}}

<figure class="wp-block-image size-full is-resized"><img loading="lazy" decoding="async" src="https://webs.uab.cat/miras/wp-content/uploads/sites/300/2023/04/1-profilo.jpg" alt="" class="wp-image-1533" width="228" height="334" srcset="https://webs.uab.cat/miras/wp-content/uploads/sites/300/2023/04/1-profilo.jpg 300w, https://webs.uab.cat/miras/wp-content/uploads/sites/300/2023/04/1-profilo-205x300.jpg 205w" sizes="auto, (max-width: 228px) 100vw, 228px" /></figure>



<hr class="wp-block-separator has-alpha-channel-opacity" />



<p>Valeria Tonioli és doctora en cotutela de tesi en Ciències del Llenguatge, amb una especialització en lingüística educativa, per la Universitat Ca&#8217; Foscari de Venècia i en Traducció, Interpretació i Estudis Interculturals per la Universitat Autònoma de Barcelona.</p>



<p>Actualment és investigadora postdoctoral en el Departament de Traducció i Interpretació i Estudis d&#8217;Àsia Oriental de la Universitat Autònoma de Barcelona, on treballa en el projecte Horizon New Abc sobre l&#8217;educació de menors amb background migratori.</p>



<p>Anteriorment va treballar com a investigadora postdoctoral en la Universitat Ca&#8217; Foscari de Venècia en diferents projectes nacionals i internacionals.<br>Els seus interessos de recerca se centren en la comunicació intercultural, la mediació lingüística i cultural, l&#8217;educació intercultural i plurilingüe i la didàctica de les llengües.</p>

<p>Valeria Tonioli és doctora en cotutela de tesi en Ciències del Llenguatge, amb una especialització en lingüística educativa, per la Universitat Ca&#8217; Foscari de Venècia i en Traducció, Interpretació i Estudis Interculturals per la Universitat Autònoma de Barcelona. Actualment és investigadora postdoctoral en el Departament de Traducció i Interpretació i Estudis d&#8217;Àsia Oriental de la Universitat Autònoma de Barcelona, on treballa en el projecte Horizon New Abc sobre [&hellip;]</p>
