{"id":620,"date":"2012-07-05T21:16:00","date_gmt":"2012-07-05T19:16:00","guid":{"rendered":"https:\/\/webs.uab.cat\/miras\/iii-jornada-de-traduccio-i-interpretacio-als-serveis-publics-de-catalunya\/"},"modified":"2022-12-01T12:58:49","modified_gmt":"2022-12-01T10:58:49","slug":"iii-jornada-de-traduccio-i-interpretacio-als-serveis-publics-de-catalunya","status":"publish","type":"page","link":"https:\/\/webs.uab.cat\/miras\/ca\/iii-jornada-de-traduccio-i-interpretacio-als-serveis-publics-de-catalunya\/","title":{"rendered":"III Jornada de Traducci\u00f3 i Interpretaci\u00f3 als Serveis P\u00fablics a Catalunya: Regulaci\u00f3 professional; q\u00fcesti\u00f3 social"},"content":{"rendered":"\n<p class=\"wp-block-paragraph\"><strong>Liudmila Onos, UAB<\/strong><\/p>\n\n\n\n<p class=\"wp-block-paragraph\">T\u00edtol pon\u00e8ncia: <a href=\"https:\/\/webs.uab.cat\/miras\/wp-content\/uploads\/sites\/300\/2016\/11\/PRESENTACIO-ARUMI-I-GIL_0.pdf\" data-type=\"attachment\" data-id=\"428\">Panorama dels sis<\/a><a href=\"https:\/\/webs.uab.cat\/miras\/wp-content\/uploads\/sites\/300\/2016\/11\/PRESENTACION_III_JORNADA_MIRAS-Compatibility-Mode_0.pdf\" data-type=\"attachment\" data-id=\"622\">t<\/a><a href=\"https:\/\/webs.uab.cat\/miras\/wp-content\/uploads\/sites\/300\/2016\/11\/PRESENTACIO-ARUMI-I-GIL_0.pdf\" data-type=\"attachment\" data-id=\"428\">emes d\u2019acreditaci\u00f3 en TISP al m\u00f3n<\/a><\/p>\n\n\n\n<p class=\"wp-block-paragraph\"><strong>V\u00eddeos de la Jornada:<\/strong><\/p>\n\n\n\n<p class=\"wp-block-paragraph\">Part 1: presentaci\u00f3 de la Jornada<\/p>\n\n\n\n<p class=\"wp-block-paragraph\">Part 2: pon\u00e8ncia Liudmila Onos<\/p>\n\n\n\n<p class=\"wp-block-paragraph\">Part 3: pon\u00e8ncia Marjory Bancroft<\/p>\n\n\n\n<p class=\"wp-block-paragraph\">Part 4: taula rodona de debat<\/p>\n\n\n\n<p class=\"wp-block-paragraph\">Part 5: lliurament de diplomes del I Curs d\u2019especialitzaci\u00f3 en interpretaci\u00f3 als serveis p\u00fablics a Catalunya<\/p>\n","protected":false},"excerpt":{"rendered":"<p>Liudmila Onos, UAB T\u00edtol pon\u00e8ncia: Panorama dels sistemes d\u2019acreditaci\u00f3 en TISP al m\u00f3n V\u00eddeos de la Jornada: Part 1: presentaci\u00f3 de la Jornada Part 2: pon\u00e8ncia Liudmila Onos Part 3: pon\u00e8ncia Marjory Bancroft Part 4: taula rodona de debat Part 5: lliurament de diplomes del I Curs d\u2019especialitzaci\u00f3 en interpretaci\u00f3 als serveis p\u00fablics a Catalunya<\/p>\n","protected":false},"author":20,"featured_media":0,"parent":0,"menu_order":0,"comment_status":"closed","ping_status":"closed","template":"","meta":{"footnotes":""},"class_list":["post-620","page","type-page","status-publish","hentry"],"_links":{"self":[{"href":"https:\/\/webs.uab.cat\/miras\/ca\/wp-json\/wp\/v2\/pages\/620","targetHints":{"allow":["GET"]}}],"collection":[{"href":"https:\/\/webs.uab.cat\/miras\/ca\/wp-json\/wp\/v2\/pages"}],"about":[{"href":"https:\/\/webs.uab.cat\/miras\/ca\/wp-json\/wp\/v2\/types\/page"}],"author":[{"embeddable":true,"href":"https:\/\/webs.uab.cat\/miras\/ca\/wp-json\/wp\/v2\/users\/20"}],"replies":[{"embeddable":true,"href":"https:\/\/webs.uab.cat\/miras\/ca\/wp-json\/wp\/v2\/comments?post=620"}],"version-history":[{"count":2,"href":"https:\/\/webs.uab.cat\/miras\/ca\/wp-json\/wp\/v2\/pages\/620\/revisions"}],"predecessor-version":[{"id":1269,"href":"https:\/\/webs.uab.cat\/miras\/ca\/wp-json\/wp\/v2\/pages\/620\/revisions\/1269"}],"wp:attachment":[{"href":"https:\/\/webs.uab.cat\/miras\/ca\/wp-json\/wp\/v2\/media?parent=620"}],"curies":[{"name":"wp","href":"https:\/\/api.w.org\/{rel}","templated":true}]}}

III Jornada de Traducció i Interpretació als Serveis Públics a Catalunya: Regulació professional; qüestió social

<p class="wp-block-paragraph"><strong>Liudmila Onos, UAB</strong></p>



<p class="wp-block-paragraph">Títol ponència: <a href="https://webs.uab.cat/miras/wp-content/uploads/sites/300/2016/11/PRESENTACIO-ARUMI-I-GIL_0.pdf" data-type="attachment" data-id="428">Panorama dels sis</a><a href="https://webs.uab.cat/miras/wp-content/uploads/sites/300/2016/11/PRESENTACION_III_JORNADA_MIRAS-Compatibility-Mode_0.pdf" data-type="attachment" data-id="622">t</a><a href="https://webs.uab.cat/miras/wp-content/uploads/sites/300/2016/11/PRESENTACIO-ARUMI-I-GIL_0.pdf" data-type="attachment" data-id="428">emes d’acreditació en TISP al món</a></p>



<p class="wp-block-paragraph"><strong>Vídeos de la Jornada:</strong></p>



<p class="wp-block-paragraph">Part 1: presentació de la Jornada</p>



<p class="wp-block-paragraph">Part 2: ponència Liudmila Onos</p>



<p class="wp-block-paragraph">Part 3: ponència Marjory Bancroft</p>



<p class="wp-block-paragraph">Part 4: taula rodona de debat</p>



<p class="wp-block-paragraph">Part 5: lliurament de diplomes del I Curs d’especialització en interpretació als serveis públics a Catalunya</p>

<p>Liudmila Onos, UAB Títol ponència: Panorama dels sistemes d’acreditació en TISP al món Vídeos de la Jornada: Part 1: presentació de la Jornada Part 2: ponència Liudmila Onos Part 3: ponència Marjory Bancroft Part 4: taula rodona de debat Part 5: lliurament de diplomes del I Curs d’especialització en interpretació als serveis públics a Catalunya</p>
