{"id":806,"date":"2021-02-25T23:16:56","date_gmt":"2021-02-25T21:16:56","guid":{"rendered":"https:\/\/webs.uab.cat\/miras\/dra-gema-rubio\/"},"modified":"2022-12-01T11:22:07","modified_gmt":"2022-12-01T09:22:07","slug":"dra-gema-rubio","status":"publish","type":"page","link":"https:\/\/webs.uab.cat\/miras\/ca\/dra-gema-rubio\/","title":{"rendered":"Dra. Gema Rubio"},"content":{"rendered":"<p class=\"rtejustify\"><img loading=\"lazy\" decoding=\"async\" class=\" size-full wp-image-802\" alt=\"photo_gema_rubio.jpg\" height=\"193\" src=\"https:\/\/webs.uab.cat\/miras\/wp-content\/uploads\/sites\/300\/2021\/02\/photo_gema_rubio-scaled.jpg\" width=\"175\" srcset=\"https:\/\/webs.uab.cat\/miras\/wp-content\/uploads\/sites\/300\/2021\/02\/photo_gema_rubio-scaled.jpg 2320w, https:\/\/webs.uab.cat\/miras\/wp-content\/uploads\/sites\/300\/2021\/02\/photo_gema_rubio-272x300.jpg 272w, https:\/\/webs.uab.cat\/miras\/wp-content\/uploads\/sites\/300\/2021\/02\/photo_gema_rubio-928x1024.jpg 928w, https:\/\/webs.uab.cat\/miras\/wp-content\/uploads\/sites\/300\/2021\/02\/photo_gema_rubio-768x847.jpg 768w, https:\/\/webs.uab.cat\/miras\/wp-content\/uploads\/sites\/300\/2021\/02\/photo_gema_rubio-1392x1536.jpg 1392w, https:\/\/webs.uab.cat\/miras\/wp-content\/uploads\/sites\/300\/2021\/02\/photo_gema_rubio-1856x2048.jpg 1856w, https:\/\/webs.uab.cat\/miras\/wp-content\/uploads\/sites\/300\/2021\/02\/photo_gema_rubio-1200x1324.jpg 1200w, https:\/\/webs.uab.cat\/miras\/wp-content\/uploads\/sites\/300\/2021\/02\/photo_gema_rubio-1980x2185.jpg 1980w\" sizes=\"auto, (max-width: 175px) 100vw, 175px\" \/><\/p>\n<p class=\"rtejustify\">&nbsp;<\/p>\n<hr>\n<p class=\"rtejustify\"><strong>Gema Rubio Carbonero<\/strong> \u00e9s lectora Serra&nbsp;H\u00fanter&nbsp;en el departament de Traducci\u00f3, Interpretaci\u00f3 i Estudis d&#8217;\u00c0sia Oriental de la Universitat Aut\u00f2noma de Barcelona, on imparteix diverses assignatures de llengua anglesa, metodologia de la recerca i traducci\u00f3 en estudis de grau i m\u00e0ster. Anteriorment, ha treballat com a investigadora en el departament de Filologia Anglesa de la Universitat Aut\u00f2noma de Barcelona. I va treballar durant quatre anys en&nbsp;GRITIM&nbsp;(Grup de Recerca Interdisciplin\u00e0ri sobre Immigraci\u00f3) en el departament de ci\u00e8ncies pol\u00edtiques i socials (Universitat Pompeu Fabra) com a investigadora postdoctoral. \u00c9s doctora en Comunicaci\u00f3 Ling\u00fc\u00edstica i Mediaci\u00f3 Multiling\u00fce (Universitat Pompeu Fabra). Els seus interessos de recerca se centren en l&#8217;an\u00e0lisi del discurs p\u00fablic i q\u00fcestions de diversitat (especialment sobre el discurs discriminatori sobre la immigraci\u00f3), la interculturalitat, el multiling\u00fcisme i la inclusi\u00f3 social. Ha participat en diversos projectes d&#8217;I + D finan\u00e7ats a nivell nacional i internacional i ha publicat diversos articles, llibres i cap\u00edtols relacionats amb les l\u00ednies de recerca esmentades. Tamb\u00e9 ha estat a c\u00e0rrec de m\u00e9s de vint pon\u00e8ncies i pon\u00e8ncies convidades en diferents congressos internacionals de reconegut prestigi.<\/p>\n<p class=\"rtejustify\">&nbsp;<\/p>\n","protected":false},"excerpt":{"rendered":"<p>&nbsp; Gema Rubio Carbonero \u00e9s lectora Serra&nbsp;H\u00fanter&nbsp;en el departament de Traducci\u00f3, Interpretaci\u00f3 i Estudis d&#8217;\u00c0sia Oriental de la Universitat Aut\u00f2noma de Barcelona, on imparteix diverses assignatures de llengua anglesa, metodologia de la recerca i traducci\u00f3 en estudis de grau i m\u00e0ster. Anteriorment, ha treballat com a investigadora en el departament de Filologia Anglesa de la [&hellip;]<\/p>\n","protected":false},"author":20,"featured_media":0,"parent":0,"menu_order":0,"comment_status":"closed","ping_status":"closed","template":"","meta":{"footnotes":""},"class_list":["post-806","page","type-page","status-publish","hentry"],"_links":{"self":[{"href":"https:\/\/webs.uab.cat\/miras\/ca\/wp-json\/wp\/v2\/pages\/806","targetHints":{"allow":["GET"]}}],"collection":[{"href":"https:\/\/webs.uab.cat\/miras\/ca\/wp-json\/wp\/v2\/pages"}],"about":[{"href":"https:\/\/webs.uab.cat\/miras\/ca\/wp-json\/wp\/v2\/types\/page"}],"author":[{"embeddable":true,"href":"https:\/\/webs.uab.cat\/miras\/ca\/wp-json\/wp\/v2\/users\/20"}],"replies":[{"embeddable":true,"href":"https:\/\/webs.uab.cat\/miras\/ca\/wp-json\/wp\/v2\/comments?post=806"}],"version-history":[{"count":2,"href":"https:\/\/webs.uab.cat\/miras\/ca\/wp-json\/wp\/v2\/pages\/806\/revisions"}],"predecessor-version":[{"id":1201,"href":"https:\/\/webs.uab.cat\/miras\/ca\/wp-json\/wp\/v2\/pages\/806\/revisions\/1201"}],"wp:attachment":[{"href":"https:\/\/webs.uab.cat\/miras\/ca\/wp-json\/wp\/v2\/media?parent=806"}],"curies":[{"name":"wp","href":"https:\/\/api.w.org\/{rel}","templated":true}]}}

<p class="rtejustify"><img loading="lazy" decoding="async" class=" size-full wp-image-802" alt="photo_gema_rubio.jpg" height="193" src="https://webs.uab.cat/miras/wp-content/uploads/sites/300/2021/02/photo_gema_rubio-scaled.jpg" width="175" srcset="https://webs.uab.cat/miras/wp-content/uploads/sites/300/2021/02/photo_gema_rubio-scaled.jpg 2320w, https://webs.uab.cat/miras/wp-content/uploads/sites/300/2021/02/photo_gema_rubio-272x300.jpg 272w, https://webs.uab.cat/miras/wp-content/uploads/sites/300/2021/02/photo_gema_rubio-928x1024.jpg 928w, https://webs.uab.cat/miras/wp-content/uploads/sites/300/2021/02/photo_gema_rubio-768x847.jpg 768w, https://webs.uab.cat/miras/wp-content/uploads/sites/300/2021/02/photo_gema_rubio-1392x1536.jpg 1392w, https://webs.uab.cat/miras/wp-content/uploads/sites/300/2021/02/photo_gema_rubio-1856x2048.jpg 1856w, https://webs.uab.cat/miras/wp-content/uploads/sites/300/2021/02/photo_gema_rubio-1200x1324.jpg 1200w, https://webs.uab.cat/miras/wp-content/uploads/sites/300/2021/02/photo_gema_rubio-1980x2185.jpg 1980w" sizes="auto, (max-width: 175px) 100vw, 175px" /></p>
<p class="rtejustify">&nbsp;</p>
<hr>
<p class="rtejustify"><strong>Gema Rubio Carbonero</strong> és lectora Serra&nbsp;Húnter&nbsp;en el departament de Traducció, Interpretació i Estudis d&#8217;Àsia Oriental de la Universitat Autònoma de Barcelona, on imparteix diverses assignatures de llengua anglesa, metodologia de la recerca i traducció en estudis de grau i màster. Anteriorment, ha treballat com a investigadora en el departament de Filologia Anglesa de la Universitat Autònoma de Barcelona. I va treballar durant quatre anys en&nbsp;GRITIM&nbsp;(Grup de Recerca Interdisciplinàri sobre Immigració) en el departament de ciències polítiques i socials (Universitat Pompeu Fabra) com a investigadora postdoctoral. És doctora en Comunicació Lingüística i Mediació Multilingüe (Universitat Pompeu Fabra). Els seus interessos de recerca se centren en l&#8217;anàlisi del discurs públic i qüestions de diversitat (especialment sobre el discurs discriminatori sobre la immigració), la interculturalitat, el multilingüisme i la inclusió social. Ha participat en diversos projectes d&#8217;I + D finançats a nivell nacional i internacional i ha publicat diversos articles, llibres i capítols relacionats amb les línies de recerca esmentades. També ha estat a càrrec de més de vint ponències i ponències convidades en diferents congressos internacionals de reconegut prestigi.</p>
<p class="rtejustify">&nbsp;</p>

<p>&nbsp; Gema Rubio Carbonero és lectora Serra&nbsp;Húnter&nbsp;en el departament de Traducció, Interpretació i Estudis d&#8217;Àsia Oriental de la Universitat Autònoma de Barcelona, on imparteix diverses assignatures de llengua anglesa, metodologia de la recerca i traducció en estudis de grau i màster. Anteriorment, ha treballat com a investigadora en el departament de Filologia Anglesa de la [&hellip;]</p>
