{"id":2072,"date":"2024-01-25T10:44:27","date_gmt":"2024-01-25T09:44:27","guid":{"rendered":"https:\/\/webs.uab.cat\/miras\/?page_id=2072"},"modified":"2025-12-12T12:09:59","modified_gmt":"2025-12-12T11:09:59","slug":"noticias","status":"publish","type":"page","link":"https:\/\/webs.uab.cat\/miras\/noticias\/","title":{"rendered":"NOTICIAS"},"content":{"rendered":"\n<figure class=\"wp-block-embed is-type-wp-embed is-provider-miras-mediaci-interpretaci-i-recerca-en-l-039-mbit-social wp-block-embed-miras-mediaci-interpretaci-i-recerca-en-l-039-mbit-social\"><div class=\"wp-block-embed__wrapper\">\n<blockquote class=\"wp-embedded-content\" data-secret=\"g4iNGmPjsz\"><a href=\"https:\/\/webs.uab.cat\/miras\/investigadoras-de-miras-participan-en-diversas-actividades-de-universidades-de-japon\/\">Investigadoras de MIRAS participan en diversas actividades de universidades de Jap\u00f3n<\/a><\/blockquote><iframe loading=\"lazy\" class=\"wp-embedded-content\" sandbox=\"allow-scripts\" security=\"restricted\" style=\"position: absolute; visibility: hidden;\" title=\"\u00abInvestigadoras de MIRAS participan en diversas actividades de universidades de Jap\u00f3n\u00bb \u2014 MIRAS: Mediaci\u00f3, Interpretaci\u00f3 i Recerca en l&#039;\u00c0mbit Social\" src=\"https:\/\/webs.uab.cat\/miras\/investigadoras-de-miras-participan-en-diversas-actividades-de-universidades-de-japon\/embed\/#?secret=oWpyiGv68x#?secret=g4iNGmPjsz\" data-secret=\"g4iNGmPjsz\" width=\"580\" height=\"327\" frameborder=\"0\" marginwidth=\"0\" marginheight=\"0\" scrolling=\"no\"><\/iframe>\n<\/div><\/figure>\n\n\n\n<figure class=\"wp-block-embed is-type-wp-embed is-provider-miras-mediaci-interpretaci-i-recerca-en-l-039-mbit-social wp-block-embed-miras-mediaci-interpretaci-i-recerca-en-l-039-mbit-social\"><div class=\"wp-block-embed__wrapper\">\n<blockquote class=\"wp-embedded-content\" data-secret=\"rA2v0acdse\"><a href=\"https:\/\/webs.uab.cat\/miras\/miras-celebrara-un-seminario-de-investigacion-abierto-al-alumnado-de-doctorado\/\">MIRAS celebrar\u00e1 un Seminario de Investigaci\u00f3n abierto al alumnado de doctorado<\/a><\/blockquote><iframe loading=\"lazy\" class=\"wp-embedded-content\" sandbox=\"allow-scripts\" security=\"restricted\" style=\"position: absolute; visibility: hidden;\" title=\"\u00abMIRAS celebrar\u00e1 un Seminario de Investigaci\u00f3n abierto al alumnado de doctorado\u00bb \u2014 MIRAS: Mediaci\u00f3, Interpretaci\u00f3 i Recerca en l&#039;\u00c0mbit Social\" src=\"https:\/\/webs.uab.cat\/miras\/miras-celebrara-un-seminario-de-investigacion-abierto-al-alumnado-de-doctorado\/embed\/#?secret=iDuNwfYs7V#?secret=rA2v0acdse\" data-secret=\"rA2v0acdse\" width=\"580\" height=\"327\" frameborder=\"0\" marginwidth=\"0\" marginheight=\"0\" scrolling=\"no\"><\/iframe>\n<\/div><\/figure>\n\n\n\n<figure class=\"wp-block-embed is-type-wp-embed is-provider-miras-mediaci-interpretaci-i-recerca-en-l-039-mbit-social wp-block-embed-miras-mediaci-interpretaci-i-recerca-en-l-039-mbit-social\"><div class=\"wp-block-embed__wrapper\">\n<blockquote class=\"wp-embedded-content\" data-secret=\"rA2v0acdse\"><a href=\"https:\/\/webs.uab.cat\/miras\/miras-celebrara-un-seminario-de-investigacion-abierto-al-alumnado-de-doctorado\/\">MIRAS celebrar\u00e1 un Seminario de Investigaci\u00f3n abierto al alumnado de doctorado<\/a><\/blockquote><iframe loading=\"lazy\" class=\"wp-embedded-content\" sandbox=\"allow-scripts\" security=\"restricted\" style=\"position: absolute; visibility: hidden;\" title=\"\u00abMIRAS celebrar\u00e1 un Seminario de Investigaci\u00f3n abierto al alumnado de doctorado\u00bb \u2014 MIRAS: Mediaci\u00f3, Interpretaci\u00f3 i Recerca en l&#039;\u00c0mbit Social\" src=\"https:\/\/webs.uab.cat\/miras\/miras-celebrara-un-seminario-de-investigacion-abierto-al-alumnado-de-doctorado\/embed\/#?secret=iDuNwfYs7V#?secret=rA2v0acdse\" data-secret=\"rA2v0acdse\" width=\"580\" height=\"327\" frameborder=\"0\" marginwidth=\"0\" marginheight=\"0\" scrolling=\"no\"><\/iframe>\n<\/div><\/figure>\n\n\n\n<figure class=\"wp-block-embed is-type-wp-embed is-provider-miras-mediaci-interpretaci-i-recerca-en-l-039-mbit-social wp-block-embed-miras-mediaci-interpretaci-i-recerca-en-l-039-mbit-social\"><div class=\"wp-block-embed__wrapper\">\n<blockquote class=\"wp-embedded-content\" data-secret=\"9Y1NJLbzJZ\"><a href=\"https:\/\/webs.uab.cat\/miras\/el-proyecto-cimas-celebra-su-sexta-reunion-general-para-planificar-el-analisis-y-diseminacion-de-resultados\/\">El proyecto CIMAS celebra su sexta reuni\u00f3n general para planificar el an\u00e1lisis y diseminaci\u00f3n de resultados<\/a><\/blockquote><iframe loading=\"lazy\" class=\"wp-embedded-content\" sandbox=\"allow-scripts\" security=\"restricted\" style=\"position: absolute; visibility: hidden;\" title=\"\u00abEl proyecto CIMAS celebra su sexta reuni\u00f3n general para planificar el an\u00e1lisis y diseminaci\u00f3n de resultados\u00bb \u2014 MIRAS: Mediaci\u00f3, Interpretaci\u00f3 i Recerca en l&#039;\u00c0mbit Social\" src=\"https:\/\/webs.uab.cat\/miras\/el-proyecto-cimas-celebra-su-sexta-reunion-general-para-planificar-el-analisis-y-diseminacion-de-resultados\/embed\/#?secret=ey9Bv8Niov#?secret=9Y1NJLbzJZ\" data-secret=\"9Y1NJLbzJZ\" width=\"580\" height=\"327\" frameborder=\"0\" marginwidth=\"0\" marginheight=\"0\" scrolling=\"no\"><\/iframe>\n<\/div><\/figure>\n\n\n\n<figure class=\"wp-block-embed is-type-wp-embed is-provider-miras-mediaci-interpretaci-i-recerca-en-l-039-mbit-social wp-block-embed-miras-mediaci-interpretaci-i-recerca-en-l-039-mbit-social\"><div class=\"wp-block-embed__wrapper\">\n<blockquote class=\"wp-embedded-content\" data-secret=\"uXePXTxHwq\"><a href=\"https:\/\/webs.uab.cat\/miras\/el-equipo-de-cimas-presenta-su-investigacion-en-el-6th-european-colloquium-on-gender-translation\/\">El equipo de CIMAS presenta su investigaci\u00f3n en el 6th European Colloquium on Gender &amp; Translation<\/a><\/blockquote><iframe loading=\"lazy\" class=\"wp-embedded-content\" sandbox=\"allow-scripts\" security=\"restricted\" style=\"position: absolute; visibility: hidden;\" title=\"\u00abEl equipo de CIMAS presenta su investigaci\u00f3n en el 6th European Colloquium on Gender &amp; Translation\u00bb \u2014 MIRAS: Mediaci\u00f3, Interpretaci\u00f3 i Recerca en l&#039;\u00c0mbit Social\" src=\"https:\/\/webs.uab.cat\/miras\/el-equipo-de-cimas-presenta-su-investigacion-en-el-6th-european-colloquium-on-gender-translation\/embed\/#?secret=KhzCBScM0f#?secret=uXePXTxHwq\" data-secret=\"uXePXTxHwq\" width=\"580\" height=\"327\" frameborder=\"0\" marginwidth=\"0\" marginheight=\"0\" scrolling=\"no\"><\/iframe>\n<\/div><\/figure>\n\n\n\n<figure class=\"wp-block-embed is-type-wp-embed is-provider-miras-mediaci-interpretaci-i-recerca-en-l-039-mbit-social wp-block-embed-miras-mediaci-interpretaci-i-recerca-en-l-039-mbit-social\"><div class=\"wp-block-embed__wrapper\">\n<blockquote class=\"wp-embedded-content\" data-secret=\"Z2Lzxm8ZTt\"><a href=\"https:\/\/webs.uab.cat\/miras\/investigadoras-de-miras-participan-en-el-congreso-est\/\">Investigadoras de MIRAS participan en el congreso EST<\/a><\/blockquote><iframe loading=\"lazy\" class=\"wp-embedded-content\" sandbox=\"allow-scripts\" security=\"restricted\" style=\"position: absolute; visibility: hidden;\" title=\"\u00abInvestigadoras de MIRAS participan en el congreso EST\u00bb \u2014 MIRAS: Mediaci\u00f3, Interpretaci\u00f3 i Recerca en l&#039;\u00c0mbit Social\" src=\"https:\/\/webs.uab.cat\/miras\/investigadoras-de-miras-participan-en-el-congreso-est\/embed\/#?secret=XmEZumXo2m#?secret=Z2Lzxm8ZTt\" data-secret=\"Z2Lzxm8ZTt\" width=\"580\" height=\"327\" frameborder=\"0\" marginwidth=\"0\" marginheight=\"0\" scrolling=\"no\"><\/iframe>\n<\/div><\/figure>\n\n\n\n<figure class=\"wp-block-embed is-type-wp-embed is-provider-miras-mediaci-interpretaci-i-recerca-en-l-039-mbit-social wp-block-embed-miras-mediaci-interpretaci-i-recerca-en-l-039-mbit-social\"><div class=\"wp-block-embed__wrapper\">\n<blockquote class=\"wp-embedded-content\" data-secret=\"nh0duj9vK0\"><a href=\"https:\/\/webs.uab.cat\/miras\/se-celebra-el-primer-congreso-de-etica-y-bioetica-de-la-uab\/\">Se celebra el primer Congreso de \u00c9tica y Bio\u00e9tica de la UAB<\/a><\/blockquote><iframe loading=\"lazy\" class=\"wp-embedded-content\" sandbox=\"allow-scripts\" security=\"restricted\" style=\"position: absolute; visibility: hidden;\" title=\"\u00abSe celebra el primer Congreso de \u00c9tica y Bio\u00e9tica de la UAB\u00bb \u2014 MIRAS: Mediaci\u00f3, Interpretaci\u00f3 i Recerca en l&#039;\u00c0mbit Social\" src=\"https:\/\/webs.uab.cat\/miras\/se-celebra-el-primer-congreso-de-etica-y-bioetica-de-la-uab\/embed\/#?secret=z1dJ51niZB#?secret=nh0duj9vK0\" data-secret=\"nh0duj9vK0\" width=\"580\" height=\"327\" frameborder=\"0\" marginwidth=\"0\" marginheight=\"0\" scrolling=\"no\"><\/iframe>\n<\/div><\/figure>\n\n\n\n<figure class=\"wp-block-embed is-type-wp-embed is-provider-miras-mediaci-interpretaci-i-recerca-en-l-039-mbit-social wp-block-embed-miras-mediaci-interpretaci-i-recerca-en-l-039-mbit-social\"><div class=\"wp-block-embed__wrapper\">\n<blockquote class=\"wp-embedded-content\" data-secret=\"v86omAvnp2\"><a href=\"https:\/\/webs.uab.cat\/miras\/ispyac-primera-microcredencial-de-la-uab-finalizada-con-exito-en-la-fti\/\">ISPyAC: Primera Microcredencial de la UAB finalizada con \u00e9xito en la FTI<\/a><\/blockquote><iframe loading=\"lazy\" class=\"wp-embedded-content\" sandbox=\"allow-scripts\" security=\"restricted\" style=\"position: absolute; visibility: hidden;\" title=\"\u00abISPyAC: Primera Microcredencial de la UAB finalizada con \u00e9xito en la FTI\u00bb \u2014 MIRAS: Mediaci\u00f3, Interpretaci\u00f3 i Recerca en l&#039;\u00c0mbit Social\" src=\"https:\/\/webs.uab.cat\/miras\/ispyac-primera-microcredencial-de-la-uab-finalizada-con-exito-en-la-fti\/embed\/#?secret=276RUM0Vmb#?secret=v86omAvnp2\" data-secret=\"v86omAvnp2\" width=\"580\" height=\"327\" frameborder=\"0\" marginwidth=\"0\" marginheight=\"0\" scrolling=\"no\"><\/iframe>\n<\/div><\/figure>\n\n\n\n<p><a href=\"https:\/\/www.uab.cat\/web\/sala-de-prensa\/detalle-noticia\/nuevas-herramientas-para-una-educacion-mas-plural-e-inclusiva-en-europa-1345830290069.html?detid=1345926705923\">Nuevas herramientas para una educaci\u00f3n m\u00e1s plural e inclusiva en Europa: investigadoras de MIRAS presentan en Bruselas los resultados del proyecto NEW ABC<\/a><\/p>\n\n\n\n<figure class=\"wp-block-embed is-type-wp-embed is-provider-miras-mediaci-interpretaci-i-recerca-en-l-039-mbit-social wp-block-embed-miras-mediaci-interpretaci-i-recerca-en-l-039-mbit-social\"><div class=\"wp-block-embed__wrapper\">\n<blockquote class=\"wp-embedded-content\" data-secret=\"exgVQ13JRH\"><a href=\"https:\/\/webs.uab.cat\/miras\/el-consejo-del-audiovisual-de-cataluna-concede-un-premio-a-la-diversidad-en-el-audiovisual-a-miras\/\">El Consejo del Audiovisual de Catalu\u00f1a concede un Premio a la Diversidad en el Audiovisual a MIRAS<\/a><\/blockquote><iframe loading=\"lazy\" class=\"wp-embedded-content\" sandbox=\"allow-scripts\" security=\"restricted\" style=\"position: absolute; visibility: hidden;\" title=\"\u00abEl Consejo del Audiovisual de Catalu\u00f1a concede un Premio a la Diversidad en el Audiovisual a MIRAS\u00bb \u2014 MIRAS: Mediaci\u00f3, Interpretaci\u00f3 i Recerca en l&#039;\u00c0mbit Social\" src=\"https:\/\/webs.uab.cat\/miras\/el-consejo-del-audiovisual-de-cataluna-concede-un-premio-a-la-diversidad-en-el-audiovisual-a-miras\/embed\/#?secret=QuFEwWXx6I#?secret=exgVQ13JRH\" data-secret=\"exgVQ13JRH\" width=\"580\" height=\"327\" frameborder=\"0\" marginwidth=\"0\" marginheight=\"0\" scrolling=\"no\"><\/iframe>\n<\/div><\/figure>\n","protected":false},"excerpt":{"rendered":"<p>Nuevas herramientas para una educaci\u00f3n m\u00e1s plural e inclusiva en Europa: investigadoras de MIRAS presentan en Bruselas los resultados del proyecto NEW ABC<\/p>\n","protected":false},"author":955,"featured_media":0,"parent":0,"menu_order":0,"comment_status":"closed","ping_status":"closed","template":"","meta":{"footnotes":""},"class_list":["post-2072","page","type-page","status-publish","hentry"],"_links":{"self":[{"href":"https:\/\/webs.uab.cat\/miras\/wp-json\/wp\/v2\/pages\/2072","targetHints":{"allow":["GET"]}}],"collection":[{"href":"https:\/\/webs.uab.cat\/miras\/wp-json\/wp\/v2\/pages"}],"about":[{"href":"https:\/\/webs.uab.cat\/miras\/wp-json\/wp\/v2\/types\/page"}],"author":[{"embeddable":true,"href":"https:\/\/webs.uab.cat\/miras\/wp-json\/wp\/v2\/users\/955"}],"replies":[{"embeddable":true,"href":"https:\/\/webs.uab.cat\/miras\/wp-json\/wp\/v2\/comments?post=2072"}],"version-history":[{"count":12,"href":"https:\/\/webs.uab.cat\/miras\/wp-json\/wp\/v2\/pages\/2072\/revisions"}],"predecessor-version":[{"id":2999,"href":"https:\/\/webs.uab.cat\/miras\/wp-json\/wp\/v2\/pages\/2072\/revisions\/2999"}],"wp:attachment":[{"href":"https:\/\/webs.uab.cat\/miras\/wp-json\/wp\/v2\/media?parent=2072"}],"curies":[{"name":"wp","href":"https:\/\/api.w.org\/{rel}","templated":true}]}}