{"id":2821,"date":"2025-10-22T08:44:08","date_gmt":"2025-10-22T06:44:08","guid":{"rendered":"https:\/\/webs.uab.cat\/miras\/almudena-nevado-llopis\/"},"modified":"2025-10-22T08:46:39","modified_gmt":"2025-10-22T06:46:39","slug":"almudena-nevado-llopis","status":"publish","type":"page","link":"https:\/\/webs.uab.cat\/miras\/almudena-nevado-llopis\/","title":{"rendered":"Almudena Nevado Llopis"},"content":{"rendered":"\n<figure class=\"wp-block-image size-full is-resized\"><img loading=\"lazy\" decoding=\"async\" width=\"300\" height=\"400\" src=\"https:\/\/webs.uab.cat\/miras\/wp-content\/uploads\/sites\/300\/2025\/10\/Foto-web.jpg\" alt=\"Almudena Nevado Llopis\" class=\"wp-image-2818\" style=\"object-fit:cover;width:253px;height:260px\" srcset=\"https:\/\/webs.uab.cat\/miras\/wp-content\/uploads\/sites\/300\/2025\/10\/Foto-web.jpg 300w, https:\/\/webs.uab.cat\/miras\/wp-content\/uploads\/sites\/300\/2025\/10\/Foto-web-225x300.jpg 225w\" sizes=\"auto, (max-width: 300px) 100vw, 300px\" \/><\/figure>\n\n\n\n<p>Contacto: <a href=\"mailto:almudena.nevado@uab.cat\">almudena.nevado@uab.cat<\/a><\/p>\n\n\n\n<hr class=\"wp-block-separator has-alpha-channel-opacity\" \/>\n\n\n\n<p>Almudena Nevado Llopis es Licenciada en Traducci\u00f3n e Interpretaci\u00f3n por la Universitat Jaume I de Castell\u00f3n. En esta misma universidad se doctor\u00f3 en Traducci\u00f3n, Sociedad y Comunicaci\u00f3n, con una tesis centrada en la comunicaci\u00f3n intercultural en el \u00e1mbito de la salud reproductiva, por la cual obtuvo el premio extraordinario.<\/p>\n\n\n\n<p>Desde septiembre de 2025 es profesora lectora del Departamento de Traducci\u00f3n y de Interpretaci\u00f3n y de Estudios de Asia Oriental de la Universitat Aut\u00f3noma de Barcelona. Asimismo, ha sido colaboradora experta ling\u00fc\u00edstica en la Alma Mater Studiorum \u2013 Universit\u00e0 di Bologna (It\u00e0lia) y profesora contratada doctora en la Universidad San Jorge de Zaragoza. Tambi\u00e9n ha colaborado en el M\u00e1ster universitario en Comunicaci\u00f3n Intercultural, Interpretaci\u00f3n y Traducci\u00f3n en los Servicios P\u00fablicos de la Universidad de Alcal\u00e1 y en el M\u00e1ster universitario en Traducci\u00f3n Especializada de la Universidad de Vic, en los que ha impartido docencia de interpretaci\u00f3n sanitaria e interpretaci\u00f3n para la empresa, respectivamente. &nbsp;&nbsp;<\/p>\n\n\n\n<p>Ha realizado estancias de investigaci\u00f3n en la School of Medical Education del King\u2019s College \u2013 London (Reino Unido) y en la Facultatea de Litere de la Universitatea Babes-Bolyai (Ruman\u00eda).&nbsp;<\/p>\n\n\n\n<p>Ha participado en diversos proyectos europeos financiados, entre los cuales cabr\u00eda destacar Research &amp; Action and Training in Medical Interpreting (ReACTMe), del cual fue la investigadora principal.&nbsp; Sus intereses investigadores se centran en la interpretaci\u00f3n en los servicios p\u00fablicos, principalmente en el \u00e1mbito de la salud, la interpretaci\u00f3n en contextos de asilo y refugio, la gesti\u00f3n del impacto emocional por parte de los int\u00e9rpretes, la comunicaci\u00f3n intercultural y el desarrollo de la competencia intercultural. Sobre estos temas cuenta con numerosas publicaciones y comunicaciones en congresos nacionales e internacionales.<\/p>\n","protected":false},"excerpt":{"rendered":"<p>Contacto: almudena.nevado@uab.cat Almudena Nevado Llopis es Licenciada en Traducci\u00f3n e Interpretaci\u00f3n por la Universitat Jaume I de Castell\u00f3n. En esta misma universidad se doctor\u00f3 en Traducci\u00f3n, Sociedad y Comunicaci\u00f3n, con una tesis centrada en la comunicaci\u00f3n intercultural en el \u00e1mbito de la salud reproductiva, por la cual obtuvo el premio extraordinario. Desde septiembre de 2025 [&hellip;]<\/p>\n","protected":false},"author":103,"featured_media":0,"parent":0,"menu_order":0,"comment_status":"closed","ping_status":"closed","template":"","meta":{"footnotes":""},"class_list":["post-2821","page","type-page","status-publish","hentry"],"_links":{"self":[{"href":"https:\/\/webs.uab.cat\/miras\/wp-json\/wp\/v2\/pages\/2821","targetHints":{"allow":["GET"]}}],"collection":[{"href":"https:\/\/webs.uab.cat\/miras\/wp-json\/wp\/v2\/pages"}],"about":[{"href":"https:\/\/webs.uab.cat\/miras\/wp-json\/wp\/v2\/types\/page"}],"author":[{"embeddable":true,"href":"https:\/\/webs.uab.cat\/miras\/wp-json\/wp\/v2\/users\/103"}],"replies":[{"embeddable":true,"href":"https:\/\/webs.uab.cat\/miras\/wp-json\/wp\/v2\/comments?post=2821"}],"version-history":[{"count":1,"href":"https:\/\/webs.uab.cat\/miras\/wp-json\/wp\/v2\/pages\/2821\/revisions"}],"predecessor-version":[{"id":2823,"href":"https:\/\/webs.uab.cat\/miras\/wp-json\/wp\/v2\/pages\/2821\/revisions\/2823"}],"wp:attachment":[{"href":"https:\/\/webs.uab.cat\/miras\/wp-json\/wp\/v2\/media?parent=2821"}],"curies":[{"name":"wp","href":"https:\/\/api.w.org\/{rel}","templated":true}]}}