{"id":2975,"date":"2025-12-12T11:48:19","date_gmt":"2025-12-12T10:48:19","guid":{"rendered":"https:\/\/webs.uab.cat\/miras\/?page_id=2975"},"modified":"2025-12-12T11:49:22","modified_gmt":"2025-12-12T10:49:22","slug":"miras-celebrara-un-seminario-de-investigacion-abierto-al-alumnado-de-doctorado","status":"publish","type":"page","link":"https:\/\/webs.uab.cat\/miras\/miras-celebrara-un-seminario-de-investigacion-abierto-al-alumnado-de-doctorado\/","title":{"rendered":"MIRAS celebrar\u00e1 un Seminario de Investigaci\u00f3n abierto al alumnado de doctorado"},"content":{"rendered":"\n<figure class=\"wp-block-image size-large\"><img loading=\"lazy\" decoding=\"async\" width=\"1024\" height=\"576\" src=\"https:\/\/webs.uab.cat\/miras\/wp-content\/uploads\/sites\/300\/2025\/12\/Seminari-de-recerca-MIRAS-Cartell-pantalla-1024x576.png\" alt=\"\" class=\"wp-image-2976\" srcset=\"https:\/\/webs.uab.cat\/miras\/wp-content\/uploads\/sites\/300\/2025\/12\/Seminari-de-recerca-MIRAS-Cartell-pantalla-1024x576.png 1024w, https:\/\/webs.uab.cat\/miras\/wp-content\/uploads\/sites\/300\/2025\/12\/Seminari-de-recerca-MIRAS-Cartell-pantalla-300x169.png 300w, https:\/\/webs.uab.cat\/miras\/wp-content\/uploads\/sites\/300\/2025\/12\/Seminari-de-recerca-MIRAS-Cartell-pantalla-768x432.png 768w, https:\/\/webs.uab.cat\/miras\/wp-content\/uploads\/sites\/300\/2025\/12\/Seminari-de-recerca-MIRAS-Cartell-pantalla-1200x675.png 1200w, https:\/\/webs.uab.cat\/miras\/wp-content\/uploads\/sites\/300\/2025\/12\/Seminari-de-recerca-MIRAS-Cartell-pantalla.png 1536w\" sizes=\"auto, (max-width: 1024px) 100vw, 1024px\" \/><\/figure>\n\n\n\n<p>El pr\u00f3ximo 28 de enero, el grupo de investigaci\u00f3n MIRAS realizar\u00e1 un Seminario de Investigaci\u00f3n en la Sala Jordi Arbon\u00e8s de la Facultad de Traducci\u00f3n e Interpretaci\u00f3n. Este seminario se ha concebido como un espacio de encuentro entre los miembros del grupo para que compartan y debatan sobre su investigaci\u00f3n con otros investigadores.<\/p>\n\n\n\n<p>En esta ocasi\u00f3n, dos investigadores predoctorales del grupo presentar\u00e1n su proyecto de tesis doctoral y, a continuaci\u00f3n, se abrir\u00e1 un turno de preguntas. Por ello, la asistencia a este seminario se abrir\u00e1 al alumnado de doctorado del Departamento de Traducci\u00f3n, Interpretaci\u00f3n y Estudios de Asia Oriental.<\/p>\n\n\n\n<p>Para asistir es necesario apuntarse previamente a trav\u00e9s de <a href=\"http:\/\/El pr\u00f3ximo 28 de enero, el grupo de investigaci\u00f3n MIRAS realizar\u00e1 un Seminario de Investigaci\u00f3n en la Sala Jordi Arbon\u00e8s de la Facultad de Traducci\u00f3n e Interpretaci\u00f3n. Este seminario se ha concebido como un espacio de encuentro entre los miembros del grupo para que compartan y debatan sobre su investigaci\u00f3n con otros investigadores. En esta ocasi\u00f3n, dos investigadores predoctorales del grupo presentar\u00e1n su proyecto de tesis doctoral y, a continuaci\u00f3n, se abrir\u00e1 un turno de preguntas. Por ello, la asistencia a este seminario se abrir\u00e1 al alumnado de doctorado del Departamento de Traducci\u00f3n, Interpretaci\u00f3n y Estudios de Asia Oriental. Para asistir es necesario apuntarse previamente a trav\u00e9s de este formulario. El seminario se celebrar\u00e1 de forma h\u00edbrida y las presentaciones ser\u00e1n en catal\u00e1n.\">este formulario<\/a>. El seminario se celebrar\u00e1 de forma h\u00edbrida y las presentaciones ser\u00e1n en catal\u00e1n.<\/p>\n","protected":false},"excerpt":{"rendered":"<p>El pr\u00f3ximo 28 de enero, el grupo de investigaci\u00f3n MIRAS realizar\u00e1 un Seminario de Investigaci\u00f3n en la Sala Jordi Arbon\u00e8s de la Facultad de Traducci\u00f3n e Interpretaci\u00f3n. Este seminario se ha concebido como un espacio de encuentro entre los miembros del grupo para que compartan y debatan sobre su investigaci\u00f3n con otros investigadores. En esta [&hellip;]<\/p>\n","protected":false},"author":955,"featured_media":0,"parent":0,"menu_order":0,"comment_status":"closed","ping_status":"closed","template":"","meta":{"footnotes":""},"class_list":["post-2975","page","type-page","status-publish","hentry"],"_links":{"self":[{"href":"https:\/\/webs.uab.cat\/miras\/wp-json\/wp\/v2\/pages\/2975","targetHints":{"allow":["GET"]}}],"collection":[{"href":"https:\/\/webs.uab.cat\/miras\/wp-json\/wp\/v2\/pages"}],"about":[{"href":"https:\/\/webs.uab.cat\/miras\/wp-json\/wp\/v2\/types\/page"}],"author":[{"embeddable":true,"href":"https:\/\/webs.uab.cat\/miras\/wp-json\/wp\/v2\/users\/955"}],"replies":[{"embeddable":true,"href":"https:\/\/webs.uab.cat\/miras\/wp-json\/wp\/v2\/comments?post=2975"}],"version-history":[{"count":1,"href":"https:\/\/webs.uab.cat\/miras\/wp-json\/wp\/v2\/pages\/2975\/revisions"}],"predecessor-version":[{"id":2980,"href":"https:\/\/webs.uab.cat\/miras\/wp-json\/wp\/v2\/pages\/2975\/revisions\/2980"}],"wp:attachment":[{"href":"https:\/\/webs.uab.cat\/miras\/wp-json\/wp\/v2\/media?parent=2975"}],"curies":[{"name":"wp","href":"https:\/\/api.w.org\/{rel}","templated":true}]}}