{"id":744,"date":"2018-01-25T12:21:30","date_gmt":"2018-01-25T10:21:30","guid":{"rendered":"https:\/\/webs.uab.cat\/miras\/ioana-cornea\/"},"modified":"2018-01-25T12:21:30","modified_gmt":"2018-01-25T10:21:30","slug":"ioana-cornea","status":"publish","type":"page","link":"https:\/\/webs.uab.cat\/miras\/ioana-cornea\/","title":{"rendered":"Ioana Cornea"},"content":{"rendered":"<p class=\"rtejustify\">Ioana Cornea es licenciada en Lenguas Modernas Aplicadas por la Universidad \u201cBabes- Bolyai\u201d, Cluj Napoca, Ruman\u00eda, doctora en Estudios de Traducci\u00f3n Especializada por la Universidad Pompeu Fabra, Barcelona, Espa\u00f1a, donde tambi\u00e9n imparti\u00f3 clases de Derecho y Econom\u00eda para la Traducci\u00f3n, Teor\u00eda de la Traducci\u00f3n y Documentaci\u00f3n Aplicada a la Traducci\u00f3n.<\/p>\n<p class=\"rtejustify\">Actualmente es profesora de tiempo completo en el Departamento de Traducci\u00f3n e Interpretaci\u00f3n de la Universidad Nacional Aut\u00f3noma de M\u00e9xico (UNAM) donde imparte cursos de traducci\u00f3n especializada, documentaci\u00f3n y terminolog\u00eda aplicada a la traducci\u00f3n. Adem\u00e1s es coordinadora del Diplomado en Traducci\u00f3n Jur\u00eddica (en l\u00ednea) que ofrece el mismo Departamento de dicha universidad.<\/p>\n<p class=\"rtejustify\">Sus intereses se centran en los estudios de la traducci\u00f3n jur\u00eddica, las herramientas inform\u00e1ticas y documentales para traductores e int\u00e9rpretes, lexicograf\u00eda y terminolog\u00eda aplicada a la traducci\u00f3n, interpretaci\u00f3n judicial.<\/p>\n<p class=\"rtejustify\">&nbsp;<\/p>\n","protected":false},"excerpt":{"rendered":"<p>Ioana Cornea es licenciada en Lenguas Modernas Aplicadas por la Universidad \u201cBabes- Bolyai\u201d, Cluj Napoca, Ruman\u00eda, doctora en Estudios de Traducci\u00f3n Especializada por la Universidad Pompeu Fabra, Barcelona, Espa\u00f1a, donde tambi\u00e9n imparti\u00f3 clases de Derecho y Econom\u00eda para la Traducci\u00f3n, Teor\u00eda de la Traducci\u00f3n y Documentaci\u00f3n Aplicada a la Traducci\u00f3n. Actualmente es profesora de tiempo [&hellip;]<\/p>\n","protected":false},"author":20,"featured_media":0,"parent":0,"menu_order":0,"comment_status":"closed","ping_status":"closed","template":"","meta":{"footnotes":""},"class_list":["post-744","page","type-page","status-publish","hentry"],"_links":{"self":[{"href":"https:\/\/webs.uab.cat\/miras\/wp-json\/wp\/v2\/pages\/744","targetHints":{"allow":["GET"]}}],"collection":[{"href":"https:\/\/webs.uab.cat\/miras\/wp-json\/wp\/v2\/pages"}],"about":[{"href":"https:\/\/webs.uab.cat\/miras\/wp-json\/wp\/v2\/types\/page"}],"author":[{"embeddable":true,"href":"https:\/\/webs.uab.cat\/miras\/wp-json\/wp\/v2\/users\/20"}],"replies":[{"embeddable":true,"href":"https:\/\/webs.uab.cat\/miras\/wp-json\/wp\/v2\/comments?post=744"}],"version-history":[{"count":0,"href":"https:\/\/webs.uab.cat\/miras\/wp-json\/wp\/v2\/pages\/744\/revisions"}],"wp:attachment":[{"href":"https:\/\/webs.uab.cat\/miras\/wp-json\/wp\/v2\/media?parent=744"}],"curies":[{"name":"wp","href":"https:\/\/api.w.org\/{rel}","templated":true}]}}