{"id":807,"date":"2021-02-25T23:16:56","date_gmt":"2021-02-25T21:16:56","guid":{"rendered":"https:\/\/webs.uab.cat\/miras\/dra-gema-rubio\/"},"modified":"2022-12-01T11:21:43","modified_gmt":"2022-12-01T09:21:43","slug":"dra-gema-rubio","status":"publish","type":"page","link":"https:\/\/webs.uab.cat\/miras\/dra-gema-rubio\/","title":{"rendered":"Dra. Gema Rubio"},"content":{"rendered":"<p class=\"rtejustify\"><img loading=\"lazy\" decoding=\"async\" class=\" size-full wp-image-801\" alt=\"photo_gema_rubio.jpg\" height=\"193\" src=\"https:\/\/webs.uab.cat\/miras\/wp-content\/uploads\/sites\/300\/2021\/02\/photo_gema_rubio-scaled.jpg\" width=\"175\" srcset=\"https:\/\/webs.uab.cat\/miras\/wp-content\/uploads\/sites\/300\/2021\/02\/photo_gema_rubio-scaled.jpg 2320w, https:\/\/webs.uab.cat\/miras\/wp-content\/uploads\/sites\/300\/2021\/02\/photo_gema_rubio-272x300.jpg 272w, https:\/\/webs.uab.cat\/miras\/wp-content\/uploads\/sites\/300\/2021\/02\/photo_gema_rubio-928x1024.jpg 928w, https:\/\/webs.uab.cat\/miras\/wp-content\/uploads\/sites\/300\/2021\/02\/photo_gema_rubio-768x847.jpg 768w, https:\/\/webs.uab.cat\/miras\/wp-content\/uploads\/sites\/300\/2021\/02\/photo_gema_rubio-1392x1536.jpg 1392w, https:\/\/webs.uab.cat\/miras\/wp-content\/uploads\/sites\/300\/2021\/02\/photo_gema_rubio-1856x2048.jpg 1856w, https:\/\/webs.uab.cat\/miras\/wp-content\/uploads\/sites\/300\/2021\/02\/photo_gema_rubio-1200x1324.jpg 1200w, https:\/\/webs.uab.cat\/miras\/wp-content\/uploads\/sites\/300\/2021\/02\/photo_gema_rubio-1980x2185.jpg 1980w\" sizes=\"auto, (max-width: 175px) 100vw, 175px\" \/><\/p>\n<hr>\n<p class=\"rtejustify\"><strong>Gema Rubio Carbonero<\/strong> es lectora de Serra H\u00fanter en el departamento de Traducci\u00f3n, Interpretaci\u00f3n y Estudios de Asia Oriental de la Universitat Aut\u00f2noma de Barcelona, donde imparte diversas asignaturas de lengua inglesa, metodolog\u00eda de la investigaci\u00f3n y traducci\u00f3n en estudios de grado y m\u00e1ster.. Anteriormente, ha trabajado como investigadora en el departamento de Filolog\u00eda Inglesa de la Universitat Aut\u00f2noma de Barcelona. Y trabaj\u00f3 durante cuatro a\u00f1os en GRITIM (Grupo de Investigaci\u00f3n Interdisciplinar sobre Inmigraci\u00f3n) en el departamento de ciencias pol\u00edticas y sociales (Universitat Pompeu Fabra) como investigadora postdoctoral. Es doctora en Comunicaci\u00f3n Ling\u00fc\u00edstica y Mediaci\u00f3n Multiling\u00fce (Universitat Pompeu Fabra). Sus intereses de investigaci\u00f3n se centran en el an\u00e1lisis del discurso p\u00fablico y cuestiones de diversidad (especialmente sobre el discurso discriminatorio sobre la inmigraci\u00f3n), la interculturalidad, el multiling\u00fcismo y la inclusi\u00f3n social. Ha participado en varios proyectos de I + D financiados a nivel nacional e internacional y ha publicado diversos art\u00edculos, libros y cap\u00edtulos relacionados con las l\u00edneas de investigaci\u00f3n mencionadas. Tambi\u00e9n ha estado a cargo de m\u00e1s de veinte charlas y charlas invitadas en diferentes congresos internacionales de reconocido prestigio.<\/p>\n<p class=\"rtejustify\">&nbsp;<\/p>\n","protected":false},"excerpt":{"rendered":"<p>Gema Rubio Carbonero es lectora de Serra H\u00fanter en el departamento de Traducci\u00f3n, Interpretaci\u00f3n y Estudios de Asia Oriental de la Universitat Aut\u00f2noma de Barcelona, donde imparte diversas asignaturas de lengua inglesa, metodolog\u00eda de la investigaci\u00f3n y traducci\u00f3n en estudios de grado y m\u00e1ster.. Anteriormente, ha trabajado como investigadora en el departamento de Filolog\u00eda Inglesa [&hellip;]<\/p>\n","protected":false},"author":20,"featured_media":0,"parent":0,"menu_order":0,"comment_status":"closed","ping_status":"closed","template":"","meta":{"footnotes":""},"class_list":["post-807","page","type-page","status-publish","hentry"],"_links":{"self":[{"href":"https:\/\/webs.uab.cat\/miras\/wp-json\/wp\/v2\/pages\/807","targetHints":{"allow":["GET"]}}],"collection":[{"href":"https:\/\/webs.uab.cat\/miras\/wp-json\/wp\/v2\/pages"}],"about":[{"href":"https:\/\/webs.uab.cat\/miras\/wp-json\/wp\/v2\/types\/page"}],"author":[{"embeddable":true,"href":"https:\/\/webs.uab.cat\/miras\/wp-json\/wp\/v2\/users\/20"}],"replies":[{"embeddable":true,"href":"https:\/\/webs.uab.cat\/miras\/wp-json\/wp\/v2\/comments?post=807"}],"version-history":[{"count":1,"href":"https:\/\/webs.uab.cat\/miras\/wp-json\/wp\/v2\/pages\/807\/revisions"}],"predecessor-version":[{"id":1199,"href":"https:\/\/webs.uab.cat\/miras\/wp-json\/wp\/v2\/pages\/807\/revisions\/1199"}],"wp:attachment":[{"href":"https:\/\/webs.uab.cat\/miras\/wp-json\/wp\/v2\/media?parent=807"}],"curies":[{"name":"wp","href":"https:\/\/api.w.org\/{rel}","templated":true}]}}