{"id":827,"date":"2021-03-08T08:50:43","date_gmt":"2021-03-08T06:50:43","guid":{"rendered":"https:\/\/webs.uab.cat\/miras\/2018-2\/"},"modified":"2021-03-08T08:50:43","modified_gmt":"2021-03-08T06:50:43","slug":"2018-2","status":"publish","type":"page","link":"https:\/\/webs.uab.cat\/miras\/2018-2\/","title":{"rendered":"2018"},"content":{"rendered":"<p><strong>Formaci\u00f3n para agentes&nbsp;ling\u00fc\u00edsticos&nbsp;e&nbsp;int\u00e9rpretes en los Servicios P\u00fablicos.&nbsp;<\/strong><\/p>\n<ul>\n<\/ul>\n<p><strong>Coordinaci\u00f3n:<\/strong>&nbsp; Dra. Mireia Vargas- Urp\u00ed<\/p>\n<p><strong>Fechas y duraci\u00f3n:<\/strong>&nbsp;Julio&nbsp;y&nbsp;noviembre de 2018 (12 y&nbsp;8 horas respectivamente)<\/p>\n<p><strong>Organizaci\u00f3n:&nbsp;<\/strong>Ayuntamiento de Vic y&nbsp;Consell&nbsp;Comarcal d&#8217;Osona<\/p>\n<p>&nbsp;<\/p>\n<p><strong>Aproximaci\u00f3n creativa al Derecho comparado: apuntes para una utilizaci\u00f3n pr\u00e1ctica en la interpretaci\u00f3n judicial. Seminario.<\/strong><\/p>\n<p><strong>Impartido por:&nbsp;<\/strong>Dra. Carmen Bestu\u00e9&nbsp;<\/p>\n<p><strong>Fecha:<\/strong> 20 de julio de 2018<\/p>\n<p><strong>Lugar: <\/strong><em>National Center for Interpretation<\/em>, Universidad de Arizona, Tucson (EE.UU)<\/p>\n<p><strong>Organizaci\u00f3n:<\/strong>&nbsp;<em>Court Interpreter Training Institute<\/em><\/p>\n<p>&nbsp;<\/p>\n<p class=\"rtejustify\"><strong>La intervenci\u00f3n del int\u00e9rprete en las actuaciones del juicio oral: consideraciones especiales para los casos de violencia de g\u00e9nero. Seminario incluido en la I Jornada de formaci\u00f3n sobre comunicaci\u00f3n en el \u00e1mbito judicial.&nbsp;<\/strong><\/p>\n<p class=\"rtejustify\"><strong>Impartido por:&nbsp;<\/strong>Dra. Carmen Bestu\u00e9&nbsp;<\/p>\n<p class=\"rtejustify\"><strong>Fecha:&nbsp;<\/strong>11 de junio de 2018<\/p>\n<p class=\"rtejustify\"><strong>Lugar:&nbsp;<\/strong>Santa Cruz de Tenerife<\/p>\n<p class=\"rtejustify\"><strong>Organizaci\u00f3n: <\/strong>Ilustre Colegio de Abogados de Santa Cruz de Tenerife, Universidad de La Laguna e Instituto Canario de Igualdad<\/p>\n<p class=\"rtejustify\">&nbsp;<\/p>\n","protected":false},"excerpt":{"rendered":"<p>Formaci\u00f3n para agentes&nbsp;ling\u00fc\u00edsticos&nbsp;e&nbsp;int\u00e9rpretes en los Servicios P\u00fablicos.&nbsp; Coordinaci\u00f3n:&nbsp; Dra. Mireia Vargas- Urp\u00ed Fechas y duraci\u00f3n:&nbsp;Julio&nbsp;y&nbsp;noviembre de 2018 (12 y&nbsp;8 horas respectivamente) Organizaci\u00f3n:&nbsp;Ayuntamiento de Vic y&nbsp;Consell&nbsp;Comarcal d&#8217;Osona &nbsp; Aproximaci\u00f3n creativa al Derecho comparado: apuntes para una utilizaci\u00f3n pr\u00e1ctica en la interpretaci\u00f3n judicial. Seminario. Impartido por:&nbsp;Dra. Carmen Bestu\u00e9&nbsp; Fecha: 20 de julio de 2018 Lugar: National Center [&hellip;]<\/p>\n","protected":false},"author":20,"featured_media":0,"parent":0,"menu_order":0,"comment_status":"closed","ping_status":"closed","template":"","meta":{"footnotes":""},"class_list":["post-827","page","type-page","status-publish","hentry"],"_links":{"self":[{"href":"https:\/\/webs.uab.cat\/miras\/wp-json\/wp\/v2\/pages\/827","targetHints":{"allow":["GET"]}}],"collection":[{"href":"https:\/\/webs.uab.cat\/miras\/wp-json\/wp\/v2\/pages"}],"about":[{"href":"https:\/\/webs.uab.cat\/miras\/wp-json\/wp\/v2\/types\/page"}],"author":[{"embeddable":true,"href":"https:\/\/webs.uab.cat\/miras\/wp-json\/wp\/v2\/users\/20"}],"replies":[{"embeddable":true,"href":"https:\/\/webs.uab.cat\/miras\/wp-json\/wp\/v2\/comments?post=827"}],"version-history":[{"count":0,"href":"https:\/\/webs.uab.cat\/miras\/wp-json\/wp\/v2\/pages\/827\/revisions"}],"wp:attachment":[{"href":"https:\/\/webs.uab.cat\/miras\/wp-json\/wp\/v2\/media?parent=827"}],"curies":[{"name":"wp","href":"https:\/\/api.w.org\/{rel}","templated":true}]}}