{"id":345,"date":"2026-02-12T11:08:22","date_gmt":"2026-02-12T09:08:22","guid":{"rendered":"https:\/\/webs.uab.cat\/mire\/?page_id=345"},"modified":"2026-02-26T12:35:05","modified_gmt":"2026-02-26T10:35:05","slug":"estela-calabuig-bonastre","status":"publish","type":"page","link":"https:\/\/webs.uab.cat\/mire\/equip\/estela-calabuig-bonastre\/","title":{"rendered":"Estela Calabuig Bonastre"},"content":{"rendered":"\n<div class=\"wp-block-columns alignfull are-vertically-aligned-center has-background is-layout-flex wp-container-core-columns-is-layout-9d6595d7 wp-block-columns-is-layout-flex\" style=\"background-color:#f1f2f4\">\n<div class=\"wp-block-column is-vertically-aligned-center is-layout-flow wp-block-column-is-layout-flow\"><div class=\"wp-block-image is-style-rounded\">\n<figure class=\"alignright size-medium is-resized\"><img loading=\"lazy\" decoding=\"async\" width=\"300\" height=\"300\" src=\"https:\/\/webs.uab.cat\/mire\/wp-content\/uploads\/sites\/657\/2026\/02\/Estela-Calabuig-1-edited-e1770886459381-300x300.jpeg\" alt=\"\" class=\"wp-image-341\" style=\"width:240px\" srcset=\"https:\/\/webs.uab.cat\/mire\/wp-content\/uploads\/sites\/657\/2026\/02\/Estela-Calabuig-1-edited-e1770886459381-300x300.jpeg 300w, https:\/\/webs.uab.cat\/mire\/wp-content\/uploads\/sites\/657\/2026\/02\/Estela-Calabuig-1-edited-e1770886459381-150x150.jpeg 150w, https:\/\/webs.uab.cat\/mire\/wp-content\/uploads\/sites\/657\/2026\/02\/Estela-Calabuig-1-edited-e1770886459381-768x768.jpeg 768w, https:\/\/webs.uab.cat\/mire\/wp-content\/uploads\/sites\/657\/2026\/02\/Estela-Calabuig-1-edited-e1770886459381.jpeg 1003w\" sizes=\"auto, (max-width: 300px) 100vw, 300px\" \/><\/figure>\n<\/div>\n\n\n<div style=\"height:20px\" aria-hidden=\"true\" class=\"wp-block-spacer\"><\/div>\n<\/div>\n\n\n\n<div class=\"wp-block-column is-vertically-aligned-center is-layout-flow wp-block-column-is-layout-flow\">\n<div class=\"wp-block-buttons is-layout-flex wp-block-buttons-is-layout-flex\">\n<div class=\"wp-block-button\"><a class=\"wp-block-button__link has-background wp-element-button\" style=\"background:linear-gradient(135deg,rgb(232,80,29) 0%,rgb(232,80,29) 100%)\">ORCID<\/a><\/div>\n\n\n\n<div class=\"wp-block-button\"><a class=\"wp-block-button__link has-background wp-element-button\" style=\"background:linear-gradient(135deg,rgb(232,80,29) 0%,rgb(232,80,29) 100%)\">Portal de recerca<\/a><\/div>\n<\/div>\n<\/div>\n<\/div>\n\n\n\n<div class=\"wp-block-columns alignwide is-layout-flex wp-container-core-columns-is-layout-9d6595d7 wp-block-columns-is-layout-flex\">\n<div class=\"wp-block-column is-layout-flow wp-block-column-is-layout-flow\">\n<p class=\"has-text-color has-link-color has-small-font-size wp-elements-23240f9dad854f5cbdf24ae6d0aa796d\" style=\"color:#e8501d\">CAT<\/p>\n\n\n\n<p>Graduada en Educaci\u00f3 Prim\u00e0ria i Educaci\u00f3 Infantil, actualment cursa el M\u00e0ster en Direcci\u00f3 i Gesti\u00f3 de Centres Educatius. \u00c9s mestra amb dotze anys d\u2019experi\u00e8ncia i assistent de recerca al grup M\u00efRE de la Universitat Aut\u00f2noma de Barcelona, integrant la pr\u00e0ctica de centre amb la recerca educativa. La seva traject\u00f2ria integra experi\u00e8ncia docent i responsabilitats de direcci\u00f3 i coordinaci\u00f3 d\u2019activitats i equips educatius en diversos contextos formatius. Ha desenvolupat formaci\u00f3 en AICLE i Cultura de Pensament (ProjectZero de Harvard).<\/p>\n<\/div>\n\n\n\n<div class=\"wp-block-column is-layout-flow wp-block-column-is-layout-flow\">\n<p class=\"has-text-color has-link-color has-small-font-size wp-elements-65b36b4a8708c5d6c190420d49a041b8\" style=\"color:#e8501d\">ES<\/p>\n\n\n\n<p>Graduada en Educaci\u00f3n Primaria y Educaci\u00f3n Infantil, actualmente cursa el M\u00e1ster en Direcci\u00f3n y Gesti\u00f3n de Centros Educativos. Es maestra con doce a\u00f1os de experiencia y asistente de investigaci\u00f3n en el grupo M\u00efRE de la Universidad Aut\u00f3noma de Barcelona, integrando la pr\u00e1ctica de centro con la investigaci\u00f3n educativa. Su trayectoria integra experiencia docente y responsabilidades de direcci\u00f3n y coordinaci\u00f3n de actividades y equipos educativos en distintos contextos formativos. Ha desarrollado formaci\u00f3n en AICLE y Cultura de Pensamiento (ProjectZero de Harvard).<\/p>\n<\/div>\n\n\n\n<div class=\"wp-block-column is-layout-flow wp-block-column-is-layout-flow\">\n<p class=\"has-text-color has-link-color has-small-font-size wp-elements-43e6e81a12bfcea3d5e81e8d3ae66b85\" style=\"color:#e8501d\">EN<\/p>\n\n\n\n<p>Holds degrees in Primary Education and Early Childhood Education and is currently pursuing a Master\u2019s Degree in Educational Leadership and School Management. She has twelve years of teaching experience and works as a research assistant in the M\u00efRE research group at the Universitat Aut\u00f2noma de Barcelona, integrating school-based practice with educational research. Her professional trajectory combines teaching experience with responsibilities in the leadership and coordination of educational activities and teams across diverse educational contexts. She has received training in CLIL (Content and Language Integrated Learning) and Thinking Cultures (ProjectZero, Harvard Graduate School of Education).<\/p>\n<\/div>\n<\/div>\n","protected":false},"excerpt":{"rendered":"<p>CAT Graduada en Educaci\u00f3 Prim\u00e0ria i Educaci\u00f3 Infantil, actualment cursa el M\u00e0ster en Direcci\u00f3 i Gesti\u00f3 de Centres Educatius. \u00c9s mestra amb dotze anys d\u2019experi\u00e8ncia i assistent de recerca al grup M\u00efRE de la Universitat Aut\u00f2noma de Barcelona, integrant la pr\u00e0ctica de centre amb la recerca educativa. La seva traject\u00f2ria integra experi\u00e8ncia docent i responsabilitats [&hellip;]<\/p>\n","protected":false},"author":3170,"featured_media":0,"parent":9,"menu_order":0,"comment_status":"closed","ping_status":"closed","template":"","meta":{"footnotes":""},"class_list":["post-345","page","type-page","status-publish","hentry"],"_links":{"self":[{"href":"https:\/\/webs.uab.cat\/mire\/wp-json\/wp\/v2\/pages\/345","targetHints":{"allow":["GET"]}}],"collection":[{"href":"https:\/\/webs.uab.cat\/mire\/wp-json\/wp\/v2\/pages"}],"about":[{"href":"https:\/\/webs.uab.cat\/mire\/wp-json\/wp\/v2\/types\/page"}],"author":[{"embeddable":true,"href":"https:\/\/webs.uab.cat\/mire\/wp-json\/wp\/v2\/users\/3170"}],"replies":[{"embeddable":true,"href":"https:\/\/webs.uab.cat\/mire\/wp-json\/wp\/v2\/comments?post=345"}],"version-history":[{"count":5,"href":"https:\/\/webs.uab.cat\/mire\/wp-json\/wp\/v2\/pages\/345\/revisions"}],"predecessor-version":[{"id":386,"href":"https:\/\/webs.uab.cat\/mire\/wp-json\/wp\/v2\/pages\/345\/revisions\/386"}],"up":[{"embeddable":true,"href":"https:\/\/webs.uab.cat\/mire\/wp-json\/wp\/v2\/pages\/9"}],"wp:attachment":[{"href":"https:\/\/webs.uab.cat\/mire\/wp-json\/wp\/v2\/media?parent=345"}],"curies":[{"name":"wp","href":"https:\/\/api.w.org\/{rel}","templated":true}]}}