{"id":87,"date":"2025-07-06T11:20:17","date_gmt":"2025-07-06T09:20:17","guid":{"rendered":"https:\/\/webs.uab.cat\/mire\/?page_id=87"},"modified":"2025-11-11T12:07:35","modified_gmt":"2025-11-11T10:07:35","slug":"allan-baez-contreras","status":"publish","type":"page","link":"https:\/\/webs.uab.cat\/mire\/equip\/allan-baez-contreras\/","title":{"rendered":"Allan Baez Contreras"},"content":{"rendered":"\n<div class=\"wp-block-columns alignfull are-vertically-aligned-center has-background is-layout-flex wp-container-core-columns-is-layout-9d6595d7 wp-block-columns-is-layout-flex\" style=\"background-color:#f1f2f4\">\n<div class=\"wp-block-column is-vertically-aligned-center is-layout-flow wp-block-column-is-layout-flow\"><div class=\"wp-block-image is-style-rounded\">\n<figure class=\"alignright size-medium is-resized\"><img loading=\"lazy\" decoding=\"async\" width=\"300\" height=\"300\" src=\"https:\/\/webs.uab.cat\/mire\/wp-content\/uploads\/sites\/657\/2025\/07\/Allan_Baez-300x300.jpg\" alt=\"\" class=\"wp-image-78\" style=\"width:240px\" srcset=\"https:\/\/webs.uab.cat\/mire\/wp-content\/uploads\/sites\/657\/2025\/07\/Allan_Baez-300x300.jpg 300w, https:\/\/webs.uab.cat\/mire\/wp-content\/uploads\/sites\/657\/2025\/07\/Allan_Baez-1024x1024.jpg 1024w, https:\/\/webs.uab.cat\/mire\/wp-content\/uploads\/sites\/657\/2025\/07\/Allan_Baez-150x150.jpg 150w, https:\/\/webs.uab.cat\/mire\/wp-content\/uploads\/sites\/657\/2025\/07\/Allan_Baez-768x768.jpg 768w, https:\/\/webs.uab.cat\/mire\/wp-content\/uploads\/sites\/657\/2025\/07\/Allan_Baez.jpg 1200w\" sizes=\"auto, (max-width: 300px) 100vw, 300px\" \/><\/figure>\n<\/div>\n\n\n<div style=\"height:20px\" aria-hidden=\"true\" class=\"wp-block-spacer\"><\/div>\n<\/div>\n\n\n\n<div class=\"wp-block-column is-vertically-aligned-center is-layout-flow wp-block-column-is-layout-flow\">\n<div class=\"wp-block-buttons is-layout-flex wp-block-buttons-is-layout-flex\">\n<div class=\"wp-block-button\"><a class=\"wp-block-button__link has-background wp-element-button\" style=\"background:linear-gradient(135deg,rgb(232,80,29) 0%,rgb(232,80,29) 100%)\">ORCID<\/a><\/div>\n\n\n\n<div class=\"wp-block-button\"><a class=\"wp-block-button__link has-background wp-element-button\" style=\"background:linear-gradient(135deg,rgb(232,80,29) 0%,rgb(232,80,29) 100%)\">Portal de recerca<\/a><\/div>\n<\/div>\n<\/div>\n<\/div>\n\n\n\n<div class=\"wp-block-columns alignwide is-layout-flex wp-container-core-columns-is-layout-9d6595d7 wp-block-columns-is-layout-flex\">\n<div class=\"wp-block-column is-layout-flow wp-block-column-is-layout-flow\">\n<p class=\"has-text-color has-link-color has-small-font-size wp-elements-23240f9dad854f5cbdf24ae6d0aa796d\" style=\"color:#e8501d\">CAT<\/p>\n\n\n\n<p>Graduat en Pedagogia per la Universitat Aut\u00f2noma de Barcelona (UAB) i M\u00e0ster de Recerca en Educaci\u00f3 per la mateixa instituci\u00f3. Actualment doctorand en Educaci\u00f3. Les meves principals l\u00ednies de recerca se centren en les metodologies actives, les compet\u00e8ncies en recerca i les metodologies d\u2019investigaci\u00f3.<\/p>\n<\/div>\n\n\n\n<div class=\"wp-block-column is-layout-flow wp-block-column-is-layout-flow\">\n<p class=\"has-text-color has-link-color has-small-font-size wp-elements-65b36b4a8708c5d6c190420d49a041b8\" style=\"color:#e8501d\">ES<\/p>\n\n\n\n<p>Graduado en Pedagog\u00eda por la Universidad Aut\u00f3noma de Barcelona (UAB) y M\u00e1ster en Investigaci\u00f3n en Educaci\u00f3n por la misma instituci\u00f3n. Actualmente doctorando en Educaci\u00f3n. Mis principales l\u00edneas de investigaci\u00f3n se centran en las metodolog\u00edas activas, las competencias en investigaci\u00f3n y las metodolog\u00edas de investigaci\u00f3n.<\/p>\n<\/div>\n\n\n\n<div class=\"wp-block-column is-layout-flow wp-block-column-is-layout-flow\">\n<p class=\"has-text-color has-link-color has-small-font-size wp-elements-43e6e81a12bfcea3d5e81e8d3ae66b85\" style=\"color:#e8501d\">EN<\/p>\n\n\n\n<p>Graduated in Pedagogy from the Autonomous University of Barcelona (UAB) and holder of a Master&#8217;s degree in Educational Research from the same institution. I\u2019m currently a PhD candidate in Education. My main research interests focus on active methodologies, research competencies, and research methodologies.<\/p>\n<\/div>\n<\/div>\n","protected":false},"excerpt":{"rendered":"<p>CAT Graduat en Pedagogia per la Universitat Aut\u00f2noma de Barcelona (UAB) i M\u00e0ster de Recerca en Educaci\u00f3 per la mateixa instituci\u00f3. Actualment doctorand en Educaci\u00f3. Les meves principals l\u00ednies de recerca se centren en les metodologies actives, les compet\u00e8ncies en recerca i les metodologies d\u2019investigaci\u00f3. ES Graduado en Pedagog\u00eda por la Universidad Aut\u00f3noma de Barcelona [&hellip;]<\/p>\n","protected":false},"author":3035,"featured_media":0,"parent":9,"menu_order":0,"comment_status":"closed","ping_status":"closed","template":"","meta":{"footnotes":""},"class_list":["post-87","page","type-page","status-publish","hentry"],"_links":{"self":[{"href":"https:\/\/webs.uab.cat\/mire\/wp-json\/wp\/v2\/pages\/87","targetHints":{"allow":["GET"]}}],"collection":[{"href":"https:\/\/webs.uab.cat\/mire\/wp-json\/wp\/v2\/pages"}],"about":[{"href":"https:\/\/webs.uab.cat\/mire\/wp-json\/wp\/v2\/types\/page"}],"author":[{"embeddable":true,"href":"https:\/\/webs.uab.cat\/mire\/wp-json\/wp\/v2\/users\/3035"}],"replies":[{"embeddable":true,"href":"https:\/\/webs.uab.cat\/mire\/wp-json\/wp\/v2\/comments?post=87"}],"version-history":[{"count":7,"href":"https:\/\/webs.uab.cat\/mire\/wp-json\/wp\/v2\/pages\/87\/revisions"}],"predecessor-version":[{"id":294,"href":"https:\/\/webs.uab.cat\/mire\/wp-json\/wp\/v2\/pages\/87\/revisions\/294"}],"up":[{"embeddable":true,"href":"https:\/\/webs.uab.cat\/mire\/wp-json\/wp\/v2\/pages\/9"}],"wp:attachment":[{"href":"https:\/\/webs.uab.cat\/mire\/wp-json\/wp\/v2\/media?parent=87"}],"curies":[{"name":"wp","href":"https:\/\/api.w.org\/{rel}","templated":true}]}}

<div class="wp-block-columns alignfull are-vertically-aligned-center has-background is-layout-flex wp-container-core-columns-is-layout-9d6595d7 wp-block-columns-is-layout-flex" style="background-color:#f1f2f4">
<div class="wp-block-column is-vertically-aligned-center is-layout-flow wp-block-column-is-layout-flow"><div class="wp-block-image is-style-rounded">
<figure class="alignright size-medium is-resized"><img loading="lazy" decoding="async" width="300" height="300" src="https://webs.uab.cat/mire/wp-content/uploads/sites/657/2025/07/Allan_Baez-300x300.jpg" alt="" class="wp-image-78" style="width:240px" srcset="https://webs.uab.cat/mire/wp-content/uploads/sites/657/2025/07/Allan_Baez-300x300.jpg 300w, https://webs.uab.cat/mire/wp-content/uploads/sites/657/2025/07/Allan_Baez-1024x1024.jpg 1024w, https://webs.uab.cat/mire/wp-content/uploads/sites/657/2025/07/Allan_Baez-150x150.jpg 150w, https://webs.uab.cat/mire/wp-content/uploads/sites/657/2025/07/Allan_Baez-768x768.jpg 768w, https://webs.uab.cat/mire/wp-content/uploads/sites/657/2025/07/Allan_Baez.jpg 1200w" sizes="auto, (max-width: 300px) 100vw, 300px" /></figure>
</div>


<div style="height:20px" aria-hidden="true" class="wp-block-spacer"></div>
</div>



<div class="wp-block-column is-vertically-aligned-center is-layout-flow wp-block-column-is-layout-flow">
<div class="wp-block-buttons is-layout-flex wp-block-buttons-is-layout-flex">
<div class="wp-block-button"><a class="wp-block-button__link has-background wp-element-button" style="background:linear-gradient(135deg,rgb(232,80,29) 0%,rgb(232,80,29) 100%)">ORCID</a></div>



<div class="wp-block-button"><a class="wp-block-button__link has-background wp-element-button" style="background:linear-gradient(135deg,rgb(232,80,29) 0%,rgb(232,80,29) 100%)">Portal de recerca</a></div>
</div>
</div>
</div>



<div class="wp-block-columns alignwide is-layout-flex wp-container-core-columns-is-layout-9d6595d7 wp-block-columns-is-layout-flex">
<div class="wp-block-column is-layout-flow wp-block-column-is-layout-flow">
<p class="has-text-color has-link-color has-small-font-size wp-elements-23240f9dad854f5cbdf24ae6d0aa796d" style="color:#e8501d">CAT</p>



<p>Graduat en Pedagogia per la Universitat Autònoma de Barcelona (UAB) i Màster de Recerca en Educació per la mateixa institució. Actualment doctorand en Educació. Les meves principals línies de recerca se centren en les metodologies actives, les competències en recerca i les metodologies d’investigació.</p>
</div>



<div class="wp-block-column is-layout-flow wp-block-column-is-layout-flow">
<p class="has-text-color has-link-color has-small-font-size wp-elements-65b36b4a8708c5d6c190420d49a041b8" style="color:#e8501d">ES</p>



<p>Graduado en Pedagogía por la Universidad Autónoma de Barcelona (UAB) y Máster en Investigación en Educación por la misma institución. Actualmente doctorando en Educación. Mis principales líneas de investigación se centran en las metodologías activas, las competencias en investigación y las metodologías de investigación.</p>
</div>



<div class="wp-block-column is-layout-flow wp-block-column-is-layout-flow">
<p class="has-text-color has-link-color has-small-font-size wp-elements-43e6e81a12bfcea3d5e81e8d3ae66b85" style="color:#e8501d">EN</p>



<p>Graduated in Pedagogy from the Autonomous University of Barcelona (UAB) and holder of a Master&#8217;s degree in Educational Research from the same institution. I’m currently a PhD candidate in Education. My main research interests focus on active methodologies, research competencies, and research methodologies.</p>
</div>
</div>

<p>CAT Graduat en Pedagogia per la Universitat Autònoma de Barcelona (UAB) i Màster de Recerca en Educació per la mateixa institució. Actualment doctorand en Educació. Les meves principals línies de recerca se centren en les metodologies actives, les competències en recerca i les metodologies d’investigació. ES Graduado en Pedagogía por la Universidad Autónoma de Barcelona [&hellip;]</p>
