{"id":91,"date":"2025-07-06T11:21:25","date_gmt":"2025-07-06T09:21:25","guid":{"rendered":"https:\/\/webs.uab.cat\/mire\/?page_id=91"},"modified":"2025-11-04T08:36:06","modified_gmt":"2025-11-04T06:36:06","slug":"carla-quesada-pallares","status":"publish","type":"page","link":"https:\/\/webs.uab.cat\/mire\/equip\/carla-quesada-pallares\/","title":{"rendered":"Carla Quesada Pallar\u00e8s"},"content":{"rendered":"\n<div class=\"wp-block-columns alignfull are-vertically-aligned-center has-background is-layout-flex wp-container-core-columns-is-layout-9d6595d7 wp-block-columns-is-layout-flex\" style=\"background-color:#f1f2f4\">\n<div class=\"wp-block-column is-vertically-aligned-center is-layout-flow wp-block-column-is-layout-flow\"><div class=\"wp-block-image is-style-rounded\">\n<figure class=\"alignright size-medium is-resized\"><img loading=\"lazy\" decoding=\"async\" width=\"300\" height=\"300\" src=\"https:\/\/webs.uab.cat\/mire\/wp-content\/uploads\/sites\/657\/2025\/07\/Carla_Quesada-300x300.jpg\" alt=\"\" class=\"wp-image-77\" style=\"width:240px\" srcset=\"https:\/\/webs.uab.cat\/mire\/wp-content\/uploads\/sites\/657\/2025\/07\/Carla_Quesada-300x300.jpg 300w, https:\/\/webs.uab.cat\/mire\/wp-content\/uploads\/sites\/657\/2025\/07\/Carla_Quesada-1024x1024.jpg 1024w, https:\/\/webs.uab.cat\/mire\/wp-content\/uploads\/sites\/657\/2025\/07\/Carla_Quesada-150x150.jpg 150w, https:\/\/webs.uab.cat\/mire\/wp-content\/uploads\/sites\/657\/2025\/07\/Carla_Quesada-768x768.jpg 768w, https:\/\/webs.uab.cat\/mire\/wp-content\/uploads\/sites\/657\/2025\/07\/Carla_Quesada.jpg 1200w\" sizes=\"auto, (max-width: 300px) 100vw, 300px\" \/><\/figure>\n<\/div>\n\n\n<div style=\"height:20px\" aria-hidden=\"true\" class=\"wp-block-spacer\"><\/div>\n<\/div>\n\n\n\n<div class=\"wp-block-column is-vertically-aligned-center is-layout-flow wp-block-column-is-layout-flow\">\n<div class=\"wp-block-buttons is-layout-flex wp-block-buttons-is-layout-flex\">\n<div class=\"wp-block-button\"><a class=\"wp-block-button__link has-background wp-element-button\" href=\"https:\/\/orcid.org\/0000-0002-5997-1536\" style=\"background:linear-gradient(135deg,rgb(232,80,29) 0%,rgb(232,80,29) 100%)\" target=\"_blank\" rel=\"noreferrer noopener\">ORCID<\/a><\/div>\n\n\n\n<div class=\"wp-block-button\"><a class=\"wp-block-button__link has-background wp-element-button\" href=\"https:\/\/portalrecerca.uab.cat\/es\/persons\/carla-quesada-pallar%C3%A8s-6\" style=\"background:linear-gradient(135deg,rgb(232,80,29) 0%,rgb(232,80,29) 100%)\" target=\"_blank\" rel=\"noreferrer noopener\">Portal de recerca<\/a><\/div>\n<\/div>\n<\/div>\n<\/div>\n\n\n\n<div class=\"wp-block-columns alignwide is-layout-flex wp-container-core-columns-is-layout-9d6595d7 wp-block-columns-is-layout-flex\">\n<div class=\"wp-block-column is-layout-flow wp-block-column-is-layout-flow\">\n<p class=\"has-text-color has-link-color has-small-font-size wp-elements-23240f9dad854f5cbdf24ae6d0aa796d\" style=\"color:#e8501d\">CAT<\/p>\n\n\n\n<p>Dra. en Educaci\u00f3. Professora Agregada Serra H\u00fanter de l\u2019\u00c0rea de M\u00e8todes de Recerca i Diagn\u00f2stic en Educaci\u00f3 del Departament de Pedagogia Aplicada de la Facultat de Ci\u00e8ncies de l\u2019Educaci\u00f3. Forma part del grup de recerca PAFIU-GRID (Grup de Recerca i Innovaci\u00f3 en Dissenys GRID. Tecnologia i aplicaci\u00f3 multim\u00e8dia i digital als dissenys observacionals). Els seus interessos de recerca se centren en el desenvolupament de la compet\u00e8ncia investigadora i en com s\u2019aplica en el context de la pr\u00e0ctica basada en l\u2019evid\u00e8ncia; a m\u00e9s, investiga sobre els processos de transfer\u00e8ncia de l\u2019aprenentatge en la formaci\u00f3 cont\u00ednua i al llarg de la vida.<\/p>\n<\/div>\n\n\n\n<div class=\"wp-block-column is-layout-flow wp-block-column-is-layout-flow\">\n<p class=\"has-text-color has-link-color has-small-font-size wp-elements-65b36b4a8708c5d6c190420d49a041b8\" style=\"color:#e8501d\">ES<\/p>\n\n\n\n<p>Doctora en Educaci\u00f3n. Profesora Agregada Serra H\u00fanter del \u00c1rea de M\u00e9todos de Investigaci\u00f3n y Diagn\u00f3stico en Educaci\u00f3n del Departamento de Pedagog\u00eda Aplicada de la Facultad de Ciencias de la Educaci\u00f3n. Forma parte del grupo de investigaci\u00f3n PAFIU-GRID (Grupo de Investigaci\u00f3n e Innovaci\u00f3n en Dise\u00f1os GRID. Tecnolog\u00eda y aplicaci\u00f3n multimedia y digital en los dise\u00f1os observacionales). Sus intereses de investigaci\u00f3n se centran en el desarrollo de la competencia investigadora y en su aplicaci\u00f3n en el contexto de la pr\u00e1ctica basada en la evidencia; adem\u00e1s, investiga sobre los procesos de transferencia del aprendizaje en la formaci\u00f3n continua y a lo largo de la vida.<\/p>\n<\/div>\n\n\n\n<div class=\"wp-block-column is-layout-flow wp-block-column-is-layout-flow\">\n<p class=\"has-text-color has-link-color has-small-font-size wp-elements-43e6e81a12bfcea3d5e81e8d3ae66b85\" style=\"color:#e8501d\">EN<\/p>\n\n\n\n<p>PhD in Education. Serra H\u00fanter Associate Professor in the Area of Research Methods and Educational Diagnosis in the Department of Applied Pedagogy at the Faculty of Educational Sciences. She is a member of the PAFIU-GRID research group (Research and Innovation Group in GRID Designs. Technology and multimedia and digital application in observational designs). Her research interests focus on the development of research competence and its application in the context of evidence-based practice; she also investigates learning transfer processes in continuing and lifelong education.<\/p>\n<\/div>\n<\/div>\n","protected":false},"excerpt":{"rendered":"<p>CAT Dra. en Educaci\u00f3. Professora Agregada Serra H\u00fanter de l\u2019\u00c0rea de M\u00e8todes de Recerca i Diagn\u00f2stic en Educaci\u00f3 del Departament de Pedagogia Aplicada de la Facultat de Ci\u00e8ncies de l\u2019Educaci\u00f3. Forma part del grup de recerca PAFIU-GRID (Grup de Recerca i Innovaci\u00f3 en Dissenys GRID. Tecnologia i aplicaci\u00f3 multim\u00e8dia i digital als dissenys observacionals). Els [&hellip;]<\/p>\n","protected":false},"author":3035,"featured_media":0,"parent":9,"menu_order":0,"comment_status":"closed","ping_status":"closed","template":"","meta":{"footnotes":""},"class_list":["post-91","page","type-page","status-publish","hentry"],"_links":{"self":[{"href":"https:\/\/webs.uab.cat\/mire\/wp-json\/wp\/v2\/pages\/91","targetHints":{"allow":["GET"]}}],"collection":[{"href":"https:\/\/webs.uab.cat\/mire\/wp-json\/wp\/v2\/pages"}],"about":[{"href":"https:\/\/webs.uab.cat\/mire\/wp-json\/wp\/v2\/types\/page"}],"author":[{"embeddable":true,"href":"https:\/\/webs.uab.cat\/mire\/wp-json\/wp\/v2\/users\/3035"}],"replies":[{"embeddable":true,"href":"https:\/\/webs.uab.cat\/mire\/wp-json\/wp\/v2\/comments?post=91"}],"version-history":[{"count":4,"href":"https:\/\/webs.uab.cat\/mire\/wp-json\/wp\/v2\/pages\/91\/revisions"}],"predecessor-version":[{"id":275,"href":"https:\/\/webs.uab.cat\/mire\/wp-json\/wp\/v2\/pages\/91\/revisions\/275"}],"up":[{"embeddable":true,"href":"https:\/\/webs.uab.cat\/mire\/wp-json\/wp\/v2\/pages\/9"}],"wp:attachment":[{"href":"https:\/\/webs.uab.cat\/mire\/wp-json\/wp\/v2\/media?parent=91"}],"curies":[{"name":"wp","href":"https:\/\/api.w.org\/{rel}","templated":true}]}}

Carla Quesada Pallarès

<div class="wp-block-columns alignfull are-vertically-aligned-center has-background is-layout-flex wp-container-core-columns-is-layout-9d6595d7 wp-block-columns-is-layout-flex" style="background-color:#f1f2f4">
<div class="wp-block-column is-vertically-aligned-center is-layout-flow wp-block-column-is-layout-flow"><div class="wp-block-image is-style-rounded">
<figure class="alignright size-medium is-resized"><img loading="lazy" decoding="async" width="300" height="300" src="https://webs.uab.cat/mire/wp-content/uploads/sites/657/2025/07/Carla_Quesada-300x300.jpg" alt="" class="wp-image-77" style="width:240px" srcset="https://webs.uab.cat/mire/wp-content/uploads/sites/657/2025/07/Carla_Quesada-300x300.jpg 300w, https://webs.uab.cat/mire/wp-content/uploads/sites/657/2025/07/Carla_Quesada-1024x1024.jpg 1024w, https://webs.uab.cat/mire/wp-content/uploads/sites/657/2025/07/Carla_Quesada-150x150.jpg 150w, https://webs.uab.cat/mire/wp-content/uploads/sites/657/2025/07/Carla_Quesada-768x768.jpg 768w, https://webs.uab.cat/mire/wp-content/uploads/sites/657/2025/07/Carla_Quesada.jpg 1200w" sizes="auto, (max-width: 300px) 100vw, 300px" /></figure>
</div>


<div style="height:20px" aria-hidden="true" class="wp-block-spacer"></div>
</div>



<div class="wp-block-column is-vertically-aligned-center is-layout-flow wp-block-column-is-layout-flow">
<div class="wp-block-buttons is-layout-flex wp-block-buttons-is-layout-flex">
<div class="wp-block-button"><a class="wp-block-button__link has-background wp-element-button" href="https://orcid.org/0000-0002-5997-1536" style="background:linear-gradient(135deg,rgb(232,80,29) 0%,rgb(232,80,29) 100%)" target="_blank" rel="noreferrer noopener">ORCID</a></div>



<div class="wp-block-button"><a class="wp-block-button__link has-background wp-element-button" href="https://portalrecerca.uab.cat/es/persons/carla-quesada-pallar%C3%A8s-6" style="background:linear-gradient(135deg,rgb(232,80,29) 0%,rgb(232,80,29) 100%)" target="_blank" rel="noreferrer noopener">Portal de recerca</a></div>
</div>
</div>
</div>



<div class="wp-block-columns alignwide is-layout-flex wp-container-core-columns-is-layout-9d6595d7 wp-block-columns-is-layout-flex">
<div class="wp-block-column is-layout-flow wp-block-column-is-layout-flow">
<p class="has-text-color has-link-color has-small-font-size wp-elements-23240f9dad854f5cbdf24ae6d0aa796d" style="color:#e8501d">CAT</p>



<p>Dra. en Educació. Professora Agregada Serra Húnter de l’Àrea de Mètodes de Recerca i Diagnòstic en Educació del Departament de Pedagogia Aplicada de la Facultat de Ciències de l’Educació. Forma part del grup de recerca PAFIU-GRID (Grup de Recerca i Innovació en Dissenys GRID. Tecnologia i aplicació multimèdia i digital als dissenys observacionals). Els seus interessos de recerca se centren en el desenvolupament de la competència investigadora i en com s’aplica en el context de la pràctica basada en l’evidència; a més, investiga sobre els processos de transferència de l’aprenentatge en la formació contínua i al llarg de la vida.</p>
</div>



<div class="wp-block-column is-layout-flow wp-block-column-is-layout-flow">
<p class="has-text-color has-link-color has-small-font-size wp-elements-65b36b4a8708c5d6c190420d49a041b8" style="color:#e8501d">ES</p>



<p>Doctora en Educación. Profesora Agregada Serra Húnter del Área de Métodos de Investigación y Diagnóstico en Educación del Departamento de Pedagogía Aplicada de la Facultad de Ciencias de la Educación. Forma parte del grupo de investigación PAFIU-GRID (Grupo de Investigación e Innovación en Diseños GRID. Tecnología y aplicación multimedia y digital en los diseños observacionales). Sus intereses de investigación se centran en el desarrollo de la competencia investigadora y en su aplicación en el contexto de la práctica basada en la evidencia; además, investiga sobre los procesos de transferencia del aprendizaje en la formación continua y a lo largo de la vida.</p>
</div>



<div class="wp-block-column is-layout-flow wp-block-column-is-layout-flow">
<p class="has-text-color has-link-color has-small-font-size wp-elements-43e6e81a12bfcea3d5e81e8d3ae66b85" style="color:#e8501d">EN</p>



<p>PhD in Education. Serra Húnter Associate Professor in the Area of Research Methods and Educational Diagnosis in the Department of Applied Pedagogy at the Faculty of Educational Sciences. She is a member of the PAFIU-GRID research group (Research and Innovation Group in GRID Designs. Technology and multimedia and digital application in observational designs). Her research interests focus on the development of research competence and its application in the context of evidence-based practice; she also investigates learning transfer processes in continuing and lifelong education.</p>
</div>
</div>

<p>CAT Dra. en Educació. Professora Agregada Serra Húnter de l’Àrea de Mètodes de Recerca i Diagnòstic en Educació del Departament de Pedagogia Aplicada de la Facultat de Ciències de l’Educació. Forma part del grup de recerca PAFIU-GRID (Grup de Recerca i Innovació en Dissenys GRID. Tecnologia i aplicació multimèdia i digital als dissenys observacionals). Els [&hellip;]</p>
