{"id":102,"date":"2013-01-09T18:22:50","date_gmt":"2013-01-09T18:22:50","guid":{"rendered":"https:\/\/webs.uab.cat\/mitografsgrecs\/continguts\/"},"modified":"2022-07-23T20:32:45","modified_gmt":"2022-07-23T20:32:45","slug":"continguts","status":"publish","type":"page","link":"https:\/\/webs.uab.cat\/mitografsgrecs\/continguts\/","title":{"rendered":"Continguts"},"content":{"rendered":"\n<p>El Simposi Apollodoriana s\u2019organitza i se celebra en el marc del projecte sobre mitografia grega, finan\u00e7at pel Ministerio de Ciencia e Innovaci\u00f3n \u201cLos mitos en Grecia: edici\u00f3n y comentario de los mit\u00f3grafos antiguos\u201d (FFI2010-16301). Sota l\u2019ep\u00edgraf mitografia s\u2019apleguen un conjunt d\u2019escrits en prosa que transmeten reculls sistem\u00e0tics de narracions m\u00edtiques, seguint criteris diferents i amb finalitat principalment informativa o erudita, datables, sobretot, en darrers temps de l\u2019hel\u00b7lenisme i en els primers segles de l\u2019edat imperial. Els seus predecessors s\u00f3n els anomenats log\u00f2grafs del segle v aC. A difer\u00e8ncia d\u2019aquests, que seleccionen i depuren les versions dels mites amb una actitud propera a la dels fil\u00f2sofs f\u00edsics (aix\u00ed Hecateu de Milet), a voltes des de les seves ciutats estant (Acusilau des d\u2019Argos, Ferecides des d\u2019Atenes), com a fonts de la hist\u00f2ria dels or\u00edgens, i dels atid\u00f2grafs dels segles iv i iii, que recerquen \u2212i manipulen\u2212 les llegendes locals sobre institucions i costums, els reculls dels mit\u00f2grafs tenen com a finalitat immediata la informaci\u00f3 dels lectors en l\u2019abundant tresor m\u00edtic dels grecs, enriquit al llarg dels segles pels successius tractaments literaris. Tret d\u2019aquesta voluntat expositiva, els texts mitogr\u00e0fics no formen un grup homogeni pel que fa als continguts i a la forma, la qual cosa fa que la integraci\u00f3 en un cap\u00edtol dels nostres manuals, com a g\u00e8nere o com a subg\u00e8nere literaris, no sigui gaire f\u00e0cil. Per altra banda, ben sovint les dates s\u00f3n dif\u00edcils de determinar, la identificaci\u00f3 dels autors no \u00e9s segura, i a voltes ens les havem amb textos pseudoepigr\u00e0fics, com ara justament el text que constitueix el centre de debat del present Simposi.<br><br><a href=\"https:\/\/webs.uab.cat\/mitografsgrecs\/llegirmes\/\" data-type=\"page\" data-id=\"105\">Llegir m\u00e9s<\/a><\/p>\n\n\n\n<!--more Llegir m\u00e9s-->\n","protected":false},"excerpt":{"rendered":"<p>El Simposi Apollodoriana s\u2019organitza i se celebra en el marc del projecte sobre mitografia grega, finan\u00e7at pel Ministerio de Ciencia e Innovaci\u00f3n \u201cLos mitos en Grecia: edici\u00f3n y comentario de los mit\u00f3grafos antiguos\u201d (FFI2010-16301). Sota l\u2019ep\u00edgraf mitografia s\u2019apleguen un conjunt d\u2019escrits en prosa que transmeten reculls sistem\u00e0tics de narracions m\u00edtiques, seguint criteris diferents i amb [&hellip;]<\/p>\n","protected":false},"author":44,"featured_media":0,"parent":0,"menu_order":0,"comment_status":"closed","ping_status":"closed","template":"","meta":{"footnotes":""},"class_list":["post-102","page","type-page","status-publish","hentry"],"_links":{"self":[{"href":"https:\/\/webs.uab.cat\/mitografsgrecs\/wp-json\/wp\/v2\/pages\/102","targetHints":{"allow":["GET"]}}],"collection":[{"href":"https:\/\/webs.uab.cat\/mitografsgrecs\/wp-json\/wp\/v2\/pages"}],"about":[{"href":"https:\/\/webs.uab.cat\/mitografsgrecs\/wp-json\/wp\/v2\/types\/page"}],"author":[{"embeddable":true,"href":"https:\/\/webs.uab.cat\/mitografsgrecs\/wp-json\/wp\/v2\/users\/44"}],"replies":[{"embeddable":true,"href":"https:\/\/webs.uab.cat\/mitografsgrecs\/wp-json\/wp\/v2\/comments?post=102"}],"version-history":[{"count":1,"href":"https:\/\/webs.uab.cat\/mitografsgrecs\/wp-json\/wp\/v2\/pages\/102\/revisions"}],"predecessor-version":[{"id":226,"href":"https:\/\/webs.uab.cat\/mitografsgrecs\/wp-json\/wp\/v2\/pages\/102\/revisions\/226"}],"wp:attachment":[{"href":"https:\/\/webs.uab.cat\/mitografsgrecs\/wp-json\/wp\/v2\/media?parent=102"}],"curies":[{"name":"wp","href":"https:\/\/api.w.org\/{rel}","templated":true}]}}