{"id":89,"date":"2012-10-19T14:51:37","date_gmt":"2012-10-19T14:51:37","guid":{"rendered":"https:\/\/webs.uab.cat\/mitografsgrecs\/raul-segarra\/"},"modified":"2022-07-22T07:21:39","modified_gmt":"2022-07-22T07:21:39","slug":"raul-segarra","status":"publish","type":"page","link":"https:\/\/webs.uab.cat\/mitografsgrecs\/raul-segarra\/","title":{"rendered":"Ra\u00fcl Segarra"},"content":{"rendered":"\n<p><strong>Montessori Figueres<\/strong><br><strong>Parc del Manol s\/n Pol\u00edgon Vilatenim Sud (17600) Figueres<\/strong><br><strong>a\/e: raul.segarra.lopez@gmail.com \/ Tel\u00e8fon: +34 972 67 23 67<\/strong><\/p>\n\n\n\n<h2 class=\"wp-block-heading\"><strong>L\u00ednies de recerca<\/strong><\/h2>\n\n\n\n<p>a\/ Edici\u00f3 cr\u00edtica: Hel\u00b7lanic de Lesbos<br>b\/ Mitografia grega<\/p>\n\n\n\n<h2 class=\"wp-block-heading\"><strong>Tria de publicacions<\/strong><\/h2>\n\n\n\n<p>1. \u201cHel\u00b7lanic de Lesbos i Zalmoxis\u201d, in E. Borrell; P. G\u00f3mez (ed.),<em> Artes ad humanitatem<\/em>. Vol. 1, Barcelona (2010), ps. 269-276.<br>2. \u201cEl fr. 2 de Hes\u00edodo y las genealog\u00edas de Deucali\u00f3n y Hel\u00e9n\u201d, in J. P\u00e0mias (ed.), <em>Parua Mythographica<\/em>, Oberhaid (2011), ps. 45-51<br>3. \u201cProblemas metodol\u00f3gicos en torno a la literalidad de la citas en el estudio de un autor fragmentario\u201d <em>in <\/em>Castro, A. &amp; al. (eds.)<em>, Learning From The Past: Methodological Considerations on Studies of Antiquity and Middle Ages. Proceedings of the First Postgraduate Conference on Studies of Antiquity and Middle Ages, British Archaeological Reports International Series<\/em>, Oxford.<\/p>\n","protected":false},"excerpt":{"rendered":"<p>Montessori FigueresParc del Manol s\/n Pol\u00edgon Vilatenim Sud (17600) Figueresa\/e: raul.segarra.lopez@gmail.com \/ Tel\u00e8fon: +34 972 67 23 67 L\u00ednies de recerca a\/ Edici\u00f3 cr\u00edtica: Hel\u00b7lanic de Lesbosb\/ Mitografia grega Tria de publicacions 1. \u201cHel\u00b7lanic de Lesbos i Zalmoxis\u201d, in E. Borrell; P. G\u00f3mez (ed.), Artes ad humanitatem. Vol. 1, Barcelona (2010), ps. 269-276.2. \u201cEl fr. [&hellip;]<\/p>\n","protected":false},"author":44,"featured_media":0,"parent":0,"menu_order":0,"comment_status":"closed","ping_status":"closed","template":"","meta":{"footnotes":""},"class_list":["post-89","page","type-page","status-publish","hentry"],"_links":{"self":[{"href":"https:\/\/webs.uab.cat\/mitografsgrecs\/wp-json\/wp\/v2\/pages\/89","targetHints":{"allow":["GET"]}}],"collection":[{"href":"https:\/\/webs.uab.cat\/mitografsgrecs\/wp-json\/wp\/v2\/pages"}],"about":[{"href":"https:\/\/webs.uab.cat\/mitografsgrecs\/wp-json\/wp\/v2\/types\/page"}],"author":[{"embeddable":true,"href":"https:\/\/webs.uab.cat\/mitografsgrecs\/wp-json\/wp\/v2\/users\/44"}],"replies":[{"embeddable":true,"href":"https:\/\/webs.uab.cat\/mitografsgrecs\/wp-json\/wp\/v2\/comments?post=89"}],"version-history":[{"count":1,"href":"https:\/\/webs.uab.cat\/mitografsgrecs\/wp-json\/wp\/v2\/pages\/89\/revisions"}],"predecessor-version":[{"id":207,"href":"https:\/\/webs.uab.cat\/mitografsgrecs\/wp-json\/wp\/v2\/pages\/89\/revisions\/207"}],"wp:attachment":[{"href":"https:\/\/webs.uab.cat\/mitografsgrecs\/wp-json\/wp\/v2\/media?parent=89"}],"curies":[{"name":"wp","href":"https:\/\/api.w.org\/{rel}","templated":true}]}}

Raül Segarra

<p><strong>Montessori Figueres</strong><br><strong>Parc del Manol s/n Polígon Vilatenim Sud (17600) Figueres</strong><br><strong>a/e: raul.segarra.lopez@gmail.com / Telèfon: +34 972 67 23 67</strong></p>



<h2 class="wp-block-heading"><strong>Línies de recerca</strong></h2>



<p>a/ Edició crítica: Hel·lanic de Lesbos<br>b/ Mitografia grega</p>



<h2 class="wp-block-heading"><strong>Tria de publicacions</strong></h2>



<p>1. “Hel·lanic de Lesbos i Zalmoxis”, in E. Borrell; P. Gómez (ed.),<em> Artes ad humanitatem</em>. Vol. 1, Barcelona (2010), ps. 269-276.<br>2. “El fr. 2 de Hesíodo y las genealogías de Deucalión y Helén”, in J. Pàmias (ed.), <em>Parua Mythographica</em>, Oberhaid (2011), ps. 45-51<br>3. “Problemas metodológicos en torno a la literalidad de la citas en el estudio de un autor fragmentario” <em>in </em>Castro, A. &amp; al. (eds.)<em>, Learning From The Past: Methodological Considerations on Studies of Antiquity and Middle Ages. Proceedings of the First Postgraduate Conference on Studies of Antiquity and Middle Ages, British Archaeological Reports International Series</em>, Oxford.</p>

<p>Montessori FigueresParc del Manol s/n Polígon Vilatenim Sud (17600) Figueresa/e: raul.segarra.lopez@gmail.com / Telèfon: +34 972 67 23 67 Línies de recerca a/ Edició crítica: Hel·lanic de Lesbosb/ Mitografia grega Tria de publicacions 1. “Hel·lanic de Lesbos i Zalmoxis”, in E. Borrell; P. Gómez (ed.), Artes ad humanitatem. Vol. 1, Barcelona (2010), ps. 269-276.2. “El fr. [&hellip;]</p>
