{"id":17,"date":"2018-11-27T10:13:19","date_gmt":"2018-11-27T09:13:19","guid":{"rendered":"http:\/\/blogs.uab.cat\/modelsguiesdocents\/?page_id=17"},"modified":"2018-11-27T10:13:19","modified_gmt":"2018-11-27T09:13:19","slug":"benvinguts","status":"publish","type":"page","link":"https:\/\/webs.uab.cat\/modelsguiesdocents\/","title":{"rendered":"\u2605"},"content":{"rendered":"<p>Per tal de facilitar la feina al professorat de la UAB responsable de les guies docents, s\u2019ha preparat aquest blog que ha de servir de suport en el proc\u00e9s de preparaci\u00f3 de la versi\u00f3 en angl\u00e8s de les guies.<\/p>\n<p>En aquest recurs trobareu indicacions sobre fraseologia i exemples de guies docents per a la versi\u00f3 anglesa, corresponents a tots els \u00e0mbits de coneixement del campus.<\/p>\n<p>Cal assenyalar que les compet\u00e8ncies i els resultats d\u2019aprenentatge ja estan tradu\u00efts i que els trobareu carregats a l\u2019aplicaci\u00f3 de les guies docents quan entreu a la pestanya corresponent a la versi\u00f3 anglesa (igual que en les versions catalana i castellana).<\/p>\n<p>Tamb\u00e9 trobareu un espai de consulta en l\u00ednia per tal de solucionar dubtes o aclarir conceptes en el proc\u00e9s de revisi\u00f3. Les respostes es publicaran en el mateix blog, de manera que s\u2019anir\u00e0 configurant un espai en forma de preguntes freq\u00fcents.<\/p>\n<p><span style=\"color: #ff0000\">{pendent continguts en CA}<\/span><\/p>\n<hr \/>\n","protected":false},"excerpt":{"rendered":"<p>Per tal de facilitar la feina al professorat de la UAB responsable de les guies docents, s\u2019ha preparat aquest blog que ha de servir de suport en el proc\u00e9s de preparaci\u00f3 de la versi\u00f3 en angl\u00e8s de les guies. En aquest recurs trobareu indicacions sobre fraseologia i exemples de guies docents per a la versi\u00f3 [&hellip;]<\/p>\n","protected":false},"author":59,"featured_media":0,"parent":0,"menu_order":0,"comment_status":"closed","ping_status":"closed","template":"","meta":{"footnotes":""},"class_list":["post-17","page","type-page","status-publish","hentry"],"_links":{"self":[{"href":"https:\/\/webs.uab.cat\/modelsguiesdocents\/wp-json\/wp\/v2\/pages\/17","targetHints":{"allow":["GET"]}}],"collection":[{"href":"https:\/\/webs.uab.cat\/modelsguiesdocents\/wp-json\/wp\/v2\/pages"}],"about":[{"href":"https:\/\/webs.uab.cat\/modelsguiesdocents\/wp-json\/wp\/v2\/types\/page"}],"author":[{"embeddable":true,"href":"https:\/\/webs.uab.cat\/modelsguiesdocents\/wp-json\/wp\/v2\/users\/59"}],"replies":[{"embeddable":true,"href":"https:\/\/webs.uab.cat\/modelsguiesdocents\/wp-json\/wp\/v2\/comments?post=17"}],"version-history":[{"count":0,"href":"https:\/\/webs.uab.cat\/modelsguiesdocents\/wp-json\/wp\/v2\/pages\/17\/revisions"}],"wp:attachment":[{"href":"https:\/\/webs.uab.cat\/modelsguiesdocents\/wp-json\/wp\/v2\/media?parent=17"}],"curies":[{"name":"wp","href":"https:\/\/api.w.org\/{rel}","templated":true}]}}