{"id":404,"date":"2022-11-24T12:15:20","date_gmt":"2022-11-24T10:15:20","guid":{"rendered":"https:\/\/webs.uab.cat\/musc\/?page_id=404"},"modified":"2022-11-24T12:15:20","modified_gmt":"2022-11-24T10:15:20","slug":"inici","status":"publish","type":"page","link":"https:\/\/webs.uab.cat\/musc\/","title":{"rendered":"Inici"},"content":{"rendered":"\n<p><strong>Les M\u00fasiques en les Societats Contempor\u00e0nies (2009 SGR 227)<\/strong><\/p>\n\n\n\n<p>Som un Grup de Recerca adscrit al&nbsp;<strong>Departament d&#8217;Art i de Musicologia<\/strong>&nbsp;de la Universitat Aut\u00f2noma de Barcelona (UAB) que comen\u00e7\u00e0&nbsp;a desenvolupar els seus projectes el 2006 i obtingu\u00e9 el reconeixement de&nbsp;la Generalitat de Catalunya com a Grup de Recerca Emergent l&#8217;any 2009. Aquest grup de recerca est\u00e0 format per&nbsp;<strong>un equip investigador amb membres de la UAB i personal d&#8217;altres centres<\/strong>, cosa que&nbsp;permet articular projectes amb projecci\u00f3 internacional, i tamb\u00e9 la producci\u00f3 d&#8217;enregistraments sonors i d&#8217;altres resultats de la recerca musicol\u00f2gica&nbsp;que li aporten singularitat.&nbsp;<strong>MUSC<\/strong>&nbsp;estudia&nbsp;<strong>la m\u00fasica en les manifestacions socials des d&#8217;un enfocament global i transversal<\/strong>, amb atenci\u00f3 renovada i criteri cient\u00edfic.<\/p>\n","protected":false},"excerpt":{"rendered":"<p>Les M\u00fasiques en les Societats Contempor\u00e0nies (2009 SGR 227) Som un Grup de Recerca adscrit al&nbsp;Departament d&#8217;Art i de Musicologia&nbsp;de la Universitat Aut\u00f2noma de Barcelona (UAB) que comen\u00e7\u00e0&nbsp;a desenvolupar els seus projectes el 2006 i obtingu\u00e9 el reconeixement de&nbsp;la Generalitat de Catalunya com a Grup de Recerca Emergent l&#8217;any 2009. Aquest grup de recerca est\u00e0 [&hellip;]<\/p>\n","protected":false},"author":20,"featured_media":0,"parent":0,"menu_order":0,"comment_status":"closed","ping_status":"closed","template":"","meta":{"footnotes":""},"class_list":["post-404","page","type-page","status-publish","hentry"],"_links":{"self":[{"href":"https:\/\/webs.uab.cat\/musc\/wp-json\/wp\/v2\/pages\/404","targetHints":{"allow":["GET"]}}],"collection":[{"href":"https:\/\/webs.uab.cat\/musc\/wp-json\/wp\/v2\/pages"}],"about":[{"href":"https:\/\/webs.uab.cat\/musc\/wp-json\/wp\/v2\/types\/page"}],"author":[{"embeddable":true,"href":"https:\/\/webs.uab.cat\/musc\/wp-json\/wp\/v2\/users\/20"}],"replies":[{"embeddable":true,"href":"https:\/\/webs.uab.cat\/musc\/wp-json\/wp\/v2\/comments?post=404"}],"version-history":[{"count":1,"href":"https:\/\/webs.uab.cat\/musc\/wp-json\/wp\/v2\/pages\/404\/revisions"}],"predecessor-version":[{"id":406,"href":"https:\/\/webs.uab.cat\/musc\/wp-json\/wp\/v2\/pages\/404\/revisions\/406"}],"wp:attachment":[{"href":"https:\/\/webs.uab.cat\/musc\/wp-json\/wp\/v2\/media?parent=404"}],"curies":[{"name":"wp","href":"https:\/\/api.w.org\/{rel}","templated":true}]}}