{"id":96,"date":"2009-12-21T10:35:05","date_gmt":"2009-12-21T10:35:05","guid":{"rendered":"https:\/\/webs.uab.cat\/musicaieducacio\/donde-estamos\/"},"modified":"2009-12-21T10:35:05","modified_gmt":"2009-12-21T10:35:05","slug":"donde-estamos","status":"publish","type":"page","link":"https:\/\/webs.uab.cat\/musicaieducacio\/es\/donde-estamos\/","title":{"rendered":"\u00bfD\u00f3nde estamos?"},"content":{"rendered":"<p>Unidad de M\u00fasica del Departament de Did\u00e0ctica de l&#8217;Expressi\u00f3 Musical, Pl\u00e0stica i Corporal<\/p>\n<p>Facultat de Ci\u00e8ncies de l&#8217;Educaci\u00f3 &#8211; Edifici G6 &#8211; despatx 157<\/p>\n<p>Campus de Bellaterra &#8211; Universitat Aut\u00f2noma de Barcelona<\/p>\n<p>&nbsp;<\/p>\n<p>Tel. 93 581 26 70&nbsp; \/&nbsp; 93 581 16 79<\/p>\n<p>Fax. 93 581 32 99<\/p>\n","protected":false},"excerpt":{"rendered":"<p>Unidad de M\u00fasica del Departament de Did\u00e0ctica de l&#8217;Expressi\u00f3 Musical, Pl\u00e0stica i Corporal Facultat de Ci\u00e8ncies de l&#8217;Educaci\u00f3 &#8211; Edifici G6 &#8211; despatx 157 Campus de Bellaterra &#8211; Universitat Aut\u00f2noma de Barcelona &nbsp; Tel. 93 581 26 70&nbsp; \/&nbsp; 93 581 16 79 Fax. 93 581 32 99<\/p>\n","protected":false},"author":20,"featured_media":0,"parent":0,"menu_order":0,"comment_status":"closed","ping_status":"closed","template":"","meta":{"footnotes":""},"class_list":["post-96","page","type-page","status-publish","hentry"],"_links":{"self":[{"href":"https:\/\/webs.uab.cat\/musicaieducacio\/es\/wp-json\/wp\/v2\/pages\/96","targetHints":{"allow":["GET"]}}],"collection":[{"href":"https:\/\/webs.uab.cat\/musicaieducacio\/es\/wp-json\/wp\/v2\/pages"}],"about":[{"href":"https:\/\/webs.uab.cat\/musicaieducacio\/es\/wp-json\/wp\/v2\/types\/page"}],"author":[{"embeddable":true,"href":"https:\/\/webs.uab.cat\/musicaieducacio\/es\/wp-json\/wp\/v2\/users\/20"}],"replies":[{"embeddable":true,"href":"https:\/\/webs.uab.cat\/musicaieducacio\/es\/wp-json\/wp\/v2\/comments?post=96"}],"version-history":[{"count":0,"href":"https:\/\/webs.uab.cat\/musicaieducacio\/es\/wp-json\/wp\/v2\/pages\/96\/revisions"}],"wp:attachment":[{"href":"https:\/\/webs.uab.cat\/musicaieducacio\/es\/wp-json\/wp\/v2\/media?parent=96"}],"curies":[{"name":"wp","href":"https:\/\/api.w.org\/{rel}","templated":true}]}}

¿Dónde estamos?

<p>Unidad de Música del Departament de Didàctica de l&#8217;Expressió Musical, Plàstica i Corporal</p>
<p>Facultat de Ciències de l&#8217;Educació &#8211; Edifici G6 &#8211; despatx 157</p>
<p>Campus de Bellaterra &#8211; Universitat Autònoma de Barcelona</p>
<p>&nbsp;</p>
<p>Tel. 93 581 26 70&nbsp; /&nbsp; 93 581 16 79</p>
<p>Fax. 93 581 32 99</p>

<p>Unidad de Música del Departament de Didàctica de l&#8217;Expressió Musical, Plàstica i Corporal Facultat de Ciències de l&#8217;Educació &#8211; Edifici G6 &#8211; despatx 157 Campus de Bellaterra &#8211; Universitat Autònoma de Barcelona &nbsp; Tel. 93 581 26 70&nbsp; /&nbsp; 93 581 16 79 Fax. 93 581 32 99</p>
