{"id":119,"date":"2011-02-09T11:18:33","date_gmt":"2011-02-09T09:18:33","guid":{"rendered":"https:\/\/webs.uab.cat\/mutagenesi\/integrantes\/"},"modified":"2011-02-10T12:16:52","modified_gmt":"2011-02-10T10:16:52","slug":"integrantes","status":"publish","type":"page","link":"https:\/\/webs.uab.cat\/mutagenesi\/es\/integrantes\/","title":{"rendered":"Integrantes"},"content":{"rendered":"<p><a name=\"puja\"><\/a>Actualmente el Grupo est\u00e1 formado por:<br \/>\n&nbsp;<\/p>\n<p>\n&nbsp;&nbsp;&nbsp;&nbsp;&nbsp; &#8211; <a href=\"http:\/\/grupsderecerca.uab.cat\/mutagenesi\/node\/249\">Ricard Marcos Dauder<\/a>&nbsp;(Dr., Catedr\u00e1tico de Gen\u00e9tica)&nbsp;<br \/>\n&nbsp;&nbsp;&nbsp;&nbsp;&nbsp; &#8211; <a href=\"http:\/\/grupsderecerca.uab.cat\/mutagenesi\/node\/253\">Amadeu Creus Capdevila<\/a>&nbsp; (Dr., Catedr\u00e1tico de Gen\u00e9tica)&nbsp;<br \/>\n&nbsp;&nbsp;&nbsp;&nbsp;&nbsp; &#8211; <a href=\"http:\/\/grupsderecerca.uab.cat\/mutagenesi\/node\/255\">Noel Xamena L\u00f3pez<\/a> (Dr., Catedr\u00e1tico&nbsp;de Gen\u00e9tica)<br \/>\n&nbsp;&nbsp;&nbsp;&nbsp;&nbsp; &#8211; <a href=\"http:\/\/grupsderecerca.uab.cat\/mutagenesi\/node\/256\">Mar\u00eda Antonia Vel\u00e1zquez Henar<\/a> (Dra.,&nbsp;Profesora Titular de Gen\u00e9tica)<br \/>\n&nbsp; &nbsp; &nbsp;&nbsp;<\/p>\n<p>&nbsp;&nbsp;&nbsp;&nbsp;&nbsp; &#8211; <a href=\"http:\/\/grupsderecerca.uab.cat\/mutagenesi\/node\/260\"> Susana Pastor Benito<\/a>&nbsp; (Dra., Contracto&nbsp;Asociado&nbsp;+ CIBER)<br \/>\n&nbsp;&nbsp;&nbsp;&nbsp;&nbsp; &#8211; <a href=\"http:\/\/grupsderecerca.uab.cat\/mutagenesi\/node\/258\"> Alba Hern\u00e1ndez Bonilla<\/a>&nbsp; (Dra., Profesora Agregada)<br \/>\n&nbsp;&nbsp;&nbsp;&nbsp;&nbsp; &#8211; <a href=\"http:\/\/grupsderecerca.uab.cat\/mutagenesi\/node\/259\"> Constanza Cort\u00e9s Crignola<\/a>&nbsp;(Dra., Contrato&nbsp;Postdoct)<br \/>\n&nbsp; &nbsp;&nbsp;<\/p>\n<p>&nbsp;&nbsp;&nbsp;&nbsp;&nbsp; &#8211; Alicia Marsa Salvany (Llic., Becaria&nbsp;PIF)<br \/>\n&nbsp;&nbsp;&nbsp;&nbsp;&nbsp; &#8211; Alba Garc\u00eda Rodr\u00edguez&nbsp;(Lic., Becaria&nbsp;PIF)<br \/>\n&nbsp;&nbsp;&nbsp;&nbsp;&nbsp; &#8211; Irene Barguilla Moreno&nbsp;(Lic., Becaria&nbsp;PIF)<br \/>\n&nbsp;&nbsp;&nbsp;&nbsp;&nbsp; &#8211; Josefa Domenech Cabrera&nbsp;(Lic., Becaria&nbsp;PIF)<br \/>\n&nbsp;&nbsp;&nbsp;&nbsp;&nbsp; &#8211; Sandra Ballesteros Ribera&nbsp;(Lic., Becaria&nbsp;PIF)<br \/>\n&nbsp; &nbsp;&nbsp;<\/p>\n<p>&nbsp;&nbsp;&nbsp;&nbsp;&nbsp; &#8211; Gl\u00f2ria Umbert Maestre (Lic. T\u00e9cnico Plantilla)<br \/>\n&nbsp;&nbsp;&nbsp;&nbsp;&nbsp; &#8211; Lourdes Alarc\u00f3n S\u00e1nchez; (Lic., T\u00e9cnico de Laboratorio contratato)<br \/>\n&nbsp;&nbsp;&nbsp;&nbsp;&nbsp; &#8211; Cristian Valiente Gil&nbsp;(Lic., T\u00e9cnico de Laboratorio contratado)<\/p>\n<p>&nbsp;<\/p>\n<p>&nbsp;<\/p>\n<p><a href=\"#puja\">Sube<\/a><\/p>\n","protected":false},"excerpt":{"rendered":"<p>Actualmente el Grupo est\u00e1 formado por: &nbsp; &nbsp;&nbsp;&nbsp;&nbsp;&nbsp; &#8211; Ricard Marcos Dauder&nbsp;(Dr., Catedr\u00e1tico de Gen\u00e9tica)&nbsp; &nbsp;&nbsp;&nbsp;&nbsp;&nbsp; &#8211; Amadeu Creus Capdevila&nbsp; (Dr., Catedr\u00e1tico de Gen\u00e9tica)&nbsp; &nbsp;&nbsp;&nbsp;&nbsp;&nbsp; &#8211; Noel Xamena L\u00f3pez (Dr., Catedr\u00e1tico&nbsp;de Gen\u00e9tica) &nbsp;&nbsp;&nbsp;&nbsp;&nbsp; &#8211; Mar\u00eda Antonia Vel\u00e1zquez Henar (Dra.,&nbsp;Profesora Titular de Gen\u00e9tica) &nbsp; &nbsp; &nbsp;&nbsp; &nbsp;&nbsp;&nbsp;&nbsp;&nbsp; &#8211; Susana Pastor Benito&nbsp; (Dra., Contracto&nbsp;Asociado&nbsp;+ CIBER) &nbsp;&nbsp;&nbsp;&nbsp;&nbsp; &#8211; [&hellip;]<\/p>\n","protected":false},"author":20,"featured_media":0,"parent":0,"menu_order":0,"comment_status":"closed","ping_status":"closed","template":"","meta":{"footnotes":""},"class_list":["post-119","page","type-page","status-publish","hentry"],"_links":{"self":[{"href":"https:\/\/webs.uab.cat\/mutagenesi\/es\/wp-json\/wp\/v2\/pages\/119","targetHints":{"allow":["GET"]}}],"collection":[{"href":"https:\/\/webs.uab.cat\/mutagenesi\/es\/wp-json\/wp\/v2\/pages"}],"about":[{"href":"https:\/\/webs.uab.cat\/mutagenesi\/es\/wp-json\/wp\/v2\/types\/page"}],"author":[{"embeddable":true,"href":"https:\/\/webs.uab.cat\/mutagenesi\/es\/wp-json\/wp\/v2\/users\/20"}],"replies":[{"embeddable":true,"href":"https:\/\/webs.uab.cat\/mutagenesi\/es\/wp-json\/wp\/v2\/comments?post=119"}],"version-history":[{"count":0,"href":"https:\/\/webs.uab.cat\/mutagenesi\/es\/wp-json\/wp\/v2\/pages\/119\/revisions"}],"wp:attachment":[{"href":"https:\/\/webs.uab.cat\/mutagenesi\/es\/wp-json\/wp\/v2\/media?parent=119"}],"curies":[{"name":"wp","href":"https:\/\/api.w.org\/{rel}","templated":true}]}}

<p><a name="puja"></a>Actualmente el Grupo está formado por:<br />
&nbsp;</p>
<p>
&nbsp;&nbsp;&nbsp;&nbsp;&nbsp; &#8211; <a href="http://grupsderecerca.uab.cat/mutagenesi/node/249">Ricard Marcos Dauder</a>&nbsp;(Dr., Catedrático de Genética)&nbsp;<br />
&nbsp;&nbsp;&nbsp;&nbsp;&nbsp; &#8211; <a href="http://grupsderecerca.uab.cat/mutagenesi/node/253">Amadeu Creus Capdevila</a>&nbsp; (Dr., Catedrático de Genética)&nbsp;<br />
&nbsp;&nbsp;&nbsp;&nbsp;&nbsp; &#8211; <a href="http://grupsderecerca.uab.cat/mutagenesi/node/255">Noel Xamena López</a> (Dr., Catedrático&nbsp;de Genética)<br />
&nbsp;&nbsp;&nbsp;&nbsp;&nbsp; &#8211; <a href="http://grupsderecerca.uab.cat/mutagenesi/node/256">María Antonia Velázquez Henar</a> (Dra.,&nbsp;Profesora Titular de Genética)<br />
&nbsp; &nbsp; &nbsp;&nbsp;</p>
<p>&nbsp;&nbsp;&nbsp;&nbsp;&nbsp; &#8211; <a href="http://grupsderecerca.uab.cat/mutagenesi/node/260"> Susana Pastor Benito</a>&nbsp; (Dra., Contracto&nbsp;Asociado&nbsp;+ CIBER)<br />
&nbsp;&nbsp;&nbsp;&nbsp;&nbsp; &#8211; <a href="http://grupsderecerca.uab.cat/mutagenesi/node/258"> Alba Hernández Bonilla</a>&nbsp; (Dra., Profesora Agregada)<br />
&nbsp;&nbsp;&nbsp;&nbsp;&nbsp; &#8211; <a href="http://grupsderecerca.uab.cat/mutagenesi/node/259"> Constanza Cortés Crignola</a>&nbsp;(Dra., Contrato&nbsp;Postdoct)<br />
&nbsp; &nbsp;&nbsp;</p>
<p>&nbsp;&nbsp;&nbsp;&nbsp;&nbsp; &#8211; Alicia Marsa Salvany (Llic., Becaria&nbsp;PIF)<br />
&nbsp;&nbsp;&nbsp;&nbsp;&nbsp; &#8211; Alba García Rodríguez&nbsp;(Lic., Becaria&nbsp;PIF)<br />
&nbsp;&nbsp;&nbsp;&nbsp;&nbsp; &#8211; Irene Barguilla Moreno&nbsp;(Lic., Becaria&nbsp;PIF)<br />
&nbsp;&nbsp;&nbsp;&nbsp;&nbsp; &#8211; Josefa Domenech Cabrera&nbsp;(Lic., Becaria&nbsp;PIF)<br />
&nbsp;&nbsp;&nbsp;&nbsp;&nbsp; &#8211; Sandra Ballesteros Ribera&nbsp;(Lic., Becaria&nbsp;PIF)<br />
&nbsp; &nbsp;&nbsp;</p>
<p>&nbsp;&nbsp;&nbsp;&nbsp;&nbsp; &#8211; Glòria Umbert Maestre (Lic. Técnico Plantilla)<br />
&nbsp;&nbsp;&nbsp;&nbsp;&nbsp; &#8211; Lourdes Alarcón Sánchez; (Lic., Técnico de Laboratorio contratato)<br />
&nbsp;&nbsp;&nbsp;&nbsp;&nbsp; &#8211; Cristian Valiente Gil&nbsp;(Lic., Técnico de Laboratorio contratado)</p>
<p>&nbsp;</p>
<p>&nbsp;</p>
<p><a href="#puja">Sube</a></p>

<p>Actualmente el Grupo está formado por: &nbsp; &nbsp;&nbsp;&nbsp;&nbsp;&nbsp; &#8211; Ricard Marcos Dauder&nbsp;(Dr., Catedrático de Genética)&nbsp; &nbsp;&nbsp;&nbsp;&nbsp;&nbsp; &#8211; Amadeu Creus Capdevila&nbsp; (Dr., Catedrático de Genética)&nbsp; &nbsp;&nbsp;&nbsp;&nbsp;&nbsp; &#8211; Noel Xamena López (Dr., Catedrático&nbsp;de Genética) &nbsp;&nbsp;&nbsp;&nbsp;&nbsp; &#8211; María Antonia Velázquez Henar (Dra.,&nbsp;Profesora Titular de Genética) &nbsp; &nbsp; &nbsp;&nbsp; &nbsp;&nbsp;&nbsp;&nbsp;&nbsp; &#8211; Susana Pastor Benito&nbsp; (Dra., Contracto&nbsp;Asociado&nbsp;+ CIBER) &nbsp;&nbsp;&nbsp;&nbsp;&nbsp; &#8211; [&hellip;]</p>
