{"id":148,"date":"2017-10-13T17:25:00","date_gmt":"2017-10-13T15:25:00","guid":{"rendered":"https:\/\/webs.uab.cat\/mutagenesi\/de-2006-a-2010\/"},"modified":"2017-10-13T17:25:00","modified_gmt":"2017-10-13T15:25:00","slug":"de-2006-a-2010","status":"publish","type":"page","link":"https:\/\/webs.uab.cat\/mutagenesi\/de-2006-a-2010\/","title":{"rendered":"De 2006 a 2010"},"content":{"rendered":"<p><a name=\"puja\"><\/a><strong>2010<\/strong><\/p>\n<p>237. PAIVA L., A. HERN\u00c1NDEZ, V. MART\u00cdNEZ, A. CREUS, D. QUINTEROS, R. MARCOS. Association between <em>GSTO2 <\/em>polymorphism and the urinary arsenic profile in copper industry workers. <em>Environmental Research,<\/em> 110(5): 463-468 (2010).<\/p>\n<p>238. STOYANOVA E., S.B. SANDOVAL, L.A. Z\u00da\u00d1IGA, N. EL-YAMANI, E. COLL, S. PASTOR, J. REYES, E. ANDR\u00c9S, J. BALLARIN, N. XAMENA, R. MARCOS. Oxidative DNA damage in chronic renal failure patients. <em>Nephrology Dialysis Transplantation, <\/em>25(3): 879-885 (2010).<\/p>\n<p>239. LIVIAC D., A. CREUS, R. MARCOS. DNA damage induction by two halogenated acetaldehydes, byproducts of water disinfection.<em> Water Research, <\/em>44(8): 2638-2646 (2010).<\/p>\n<p>240. DEMIR E., S. KOCAO\u011eLU, B. KAYA, R. MARCOS. Induction of adaptive response in <em>Drosophila<\/em> after exposure to low doses of UVB. <em>International Journal of Radiation Biology,<\/em> 86(11): 957-963 (2010).<\/p>\n<p>241. AKDI A., E.M. GIM\u00c9NEZ, W. GARCIA-QUISPES, S. PASTOR, J. CASTELL, J. BIARN\u00c9S, R. MARCOS, A. VEL\u00c1ZQUEZ. <em>WDR3<\/em> gene haplotype associated with thyroid cancer risk is a Spanish population. <em>Thyroid,<\/em> 20(7): 803-809 (2010).<\/p>\n<p>242. LIVIAC D., E.D. WAGNER, W.A. MITCH, M.J. ALTONJI, M.J. PLEWA. Genotoxicity of water concentrates from recreational pools after various disinfection methods. <a href=\"http:\/\/www.ncbi.nlm.nih.gov\/pubmed\/20380372\"><em>Environmental Science Technology,<\/em> 44(9): 3527-3532<\/a> (2010).<\/p>\n<p>243. LIVIAC D., A. CREUS, R. MARCOS. Genotoxicity testing of three monohaloacetic acids in TK6 cells using the cytokinesis-block micronucleus assay.<em> Mutagenesis<\/em>, 25 (5): 505-509 (2010).<\/p>\n<p>244. SAMPAYO-REYES A., A. HERN\u00c1NDEZ, N. EL-YAMANI, C. L\u00d3PEZ-CAMPOS, E. MAYET-MACHADO, C.B. RINC\u00d3N-CASTA\u00d1EDA, M.L. LIMONES-AGUILAR, J.E. L\u00d3PEZ-CAMPOS, M.B. DE LE\u00d3N, S. GONZ\u00c1LEZ-HERN\u00c1NDEZ, D. HINOJOSA-GARZA, R. MARCOS. Arsenic induces DNA damage in environmentally exposed Mexican children and adults. Influence of <em>GSTO1<\/em> and <em>AS3MT<\/em> polymorphisms. <em>Toxicological Sciences,<\/em> 117(1): 63-71 (2010).<\/p>\n<p>245. RICHARDSON S.D., D.M. DEMARINI, M. KOGEVINAS, P. FERNANDEZ, E. MARCO, C. LOURENCETTI, C. BALLESTE, D. HEEDERIK, K. MELIEFSTE, A.B. MCKAGUE, R. MARCOS, L. FONT-RIBERA, J.O. GRIMALT, C.M. VILLANUEVA. What\u2019s in the pool?&nbsp; A comprehensive identification of disinfection by-products and&nbsp;&nbsp; assessment of mutagenicity of chlorinated and brominated swimming pool water, <em>Environmental and Health Perspectives<\/em>, 118(11): 1523-1530 (2010).<\/p>\n<p>246. M. KOGEVINAS, C.M VILLANUEVA, L. FONT-RIBERA, D. LIVIAC, M. BUSTAMANTE, F. ESPINOZA, M.J. NIEUWENHUIJSEN, A. ESPINOSA, P. FERNANDEZ, D.M. DEMARINI, J.O. GRIMALT, T. GRUMMT, R. MARCOS. Genotoxic effects in swimmers exposed to disinfection by-products in indoor swimming pools. <em>Environmental and Health Perspectives,<\/em> 118(11): 1531-1537 (2010).<\/p>\n<p>247. FONT-RIBERA L., M. KOGEVINAS, J.P. ZOCK, F.P. G\u00d3MEZ, E. BARREIRO, M.J. NIEUWENHUIJSEN, P. FERN\u00c1NDEZ, J.O. GRIMALT, R. MARCOS, C..M. VILLANUEVA. Short-term changes in respiratory biomarkers after swimming in a chlorinated pool.<em> Environmental and Health Perspectives<\/em>, 118 (11) 1538-1544&nbsp;(2010).<\/p>\n<p>248. SANDOVAL S.B., E. STOYANOVA, E. COLL, S. PASTOR, J. REYES, E. ANDR\u00c9S, J. BALLARIN, N. XAMENA, R. MARCOS. Glomerular filtration rate index is associated with genetic damage in chronic renal failure patients. <em>Mutagenesis <\/em>25(6): 603-608 (2010).<\/p>\n<p><strong>&nbsp;<\/strong><\/p>\n<p><strong>2009<\/strong><\/p>\n<p>231. DECORDIER I., A. PAPINE, G. PLAS, S. ROESEMS, K. VANDE LOOCK, J. MORENO, E. CEMELI, D. ANDERSON, A. FUCIC, R. MARCOS, F. SOUSSALINE, M. KIRSCH-VOLDERS. Automated image analysis of cytokinesis-blocked micronuclei: an adapted protocol and a validated scoring procedure for biomonitoring. <em>Mutagenesis<\/em>, 24(1): 85-93 (2009).<\/p>\n<p>232. &nbsp; PRADO G., J.A. BHALLI, R. MARCOS. Genotoxicity of heptachlor and heptachlor epoxide in human TK6 lymphoblastoid cells.<em> Mutation Research (GTEM)<\/em>, 673(2): 87-91 (2009).<\/p>\n<p>233. &nbsp; G\u00dcERCI A., D. LIVIAC, R. MARCOS. Detection of excision repaired DNA damage in the comet assay by using Ara-C and hydroxyurea in three different cell types. <em>Cell Biology and Toxicology,<\/em> 25(1): 73-80 (2009).<\/p>\n<p>234.&nbsp;&nbsp; LIVIAC D., A. CREUS, R. MARCOS. Genotoxicity analysis of two halonitromethanes, a novel group of disinfection by-products (DBPs), in human cells treated in vitro <em>Environmental Research,<\/em> 109(3): 232-238 (2009).<\/p>\n<p>235. &nbsp; GARC\u00cdA-QUISPES W.A., E.R. CARMONA, A. CREUS, R. MARCOS. Genotoxic evaluation of two halonitromethane disinfection by-products in the <em>Drosophila<\/em> wing spot test. <em>Chemosphere,<\/em> 75(7): 906-909 (2009).&nbsp;&nbsp;<\/p>\n<p>236.&nbsp;&nbsp; LIVIAC D., A. CREUS, R. MARCOS. Genotoxicity analysis of two hydroxyl-furanones, byproducts of water disinfection, in human cells treated <em>in vitro<\/em>. <em>Environmental and Molecular Mutagenesis<\/em>, 50(5): 413-420 (2009).<\/p>\n<p>&nbsp;<\/p>\n<p><strong>2008<\/strong><\/p>\n<p>213.&nbsp;&nbsp; HERN\u00c1NDEZ A., N. XAMENA, J. SURRALL\u00c9S, C. SEKARAN, H. TOKUNAGA, D. QUINTEROS, A. CREUS, R. MARCOS. Role of the <em>Met287Thr<\/em> polymorphism in the <em>AS3MT<\/em> gene on the metabolic arsenic profile. <em>Mutation Research (FMMM),<\/em> 637(1-2): 80-92 (2008).<\/p>\n<p>214.&nbsp;&nbsp; CARMONA E.R., E. KOSSATZ, A. CREUS, R. MARCOS. Genotoxic evaluation of two mercury compounds in the Drosophila wing spot test. <em>Chemosphere,<\/em> 70(10): 1910-1914 (2008).<\/p>\n<p>215.&nbsp;&nbsp; PAIVAL., R. MARCOS, A. CREUS, M. COGGAN, A.J. OAKLEY, P.G. BOARD. Polymorphism of glutathione transferase Omega 1 in a population exposed to a high environmental arsenic burden. <em>&nbsp;Pharmacogenetics and Genomics<\/em>, 18(1): 1-10 (2008).<\/p>\n<p>216.&nbsp;&nbsp; PAIVA L.,&nbsp;V. MART\u00cdNEZ, A. CREUS, D. QUINTEROS, R. MARCOS. Evaluation of micronucleus frequencies in blood lymphocytes from smelting plant workers exposed to arsenic. <em>Environmental and Molecular Mutagenesis,<\/em> 49(3): 200-205 (2008).<\/p>\n<p>217. ENNANCEUR S., D. RIDHA, R. MARCOS.Genotoxicity of the organochlorine pesticides 1,1-dichloro-2,2-bis(p-chlorophenyl)ethylene (DDE) and hexachloro-benzene (HCB) in cultured human lymphocytes<strong>. <\/strong><em>Chemosphere,<\/em> 71(7): 1335-1339 (2008).<\/p>\n<p>218. &nbsp; ESPINOZA F., D. SILVERMAN, M. KOGEVINAS, A. CREUS,&nbsp;F. FERN\u00c1NDEZ, M. GARC\u00cdA-CLOSAS, A. TARD\u00d3N, R. GARC\u00cdA-CLOSAS, C. SERRA, A. CARRATO, N. ROTHMAN, M. DOSEMECI, N. MALATS, R. MARCOS. Micronuclei assessment in the urothelial cells of women using hair dyes and its modulation by genetic polymorphisms. <em>Cancer Letters,<\/em> 263(2): 259-266 (2008).<\/p>\n<p>219. &nbsp; HERN\u00c1NDEZ A., N. XAMENA, C. SEKARAN, H. TOKUNAGA, A. SAMPAYO-REYES, D. QUINTEROS, A. CREUS, R. MARCOS. High arsenic metabolic efficiency in<em> AS3MT<\/em> <em>287Thr<\/em> allele carriers. <em>Pharmacogenetics and Genomics,<\/em> 18(4): 349-355 (2008).<\/p>\n<p>220. &nbsp; BAIDA A., M. AKDI, E. GONZALEZ-FLORES, P. GALOFR\u00c9, R. MARCOS, A. VEL\u00c1ZQUEZ. Strong association of chromosome 1p12 loci with thyroid cancer susceptibility. <em>Cancer Epidemiology Biomarkers and Prevention<\/em>, 17(6): 1499-1504 (2008).<\/p>\n<p>221. &nbsp; GUZM\u00c1N A., C. GARC\u00cdA, A.P. MAR\u00cdN, R.J. PROUDLOCK, A.R. FERN\u00c1NDEZ DE HENESTROSA, M.T. RUIZ, A. TORTAJADA, M. LLOYD, R. MARCOS. Evaluation of the genotoxic potential of three phenyltetrahydropyridinyl butylazole-derived sigma-receptor ligand drug candidates.<em> Mutation Research (GTEM)<\/em>, 653(1-2): 91-98 (2008).<\/p>\n<p>222. &nbsp; GUILLAMET E., A. CREUS, J. PONTI, E. SABBIONI, S. FORTANER, R. MARCOS. DNA-damage induction by eight metal compounds in TK6 human lymphoblastoid cells: Results obtained with the alkaline Comet assay. <em>Mutation Research (GTEM)<\/em>, 654(1): 22-28 (2008).<\/p>\n<p>223. &nbsp; HERN\u00c1NDEZ A., R. MARCOS. Genetic variations associated with interindividual sensitivity in the response to arsenic exposure. <em>Pharmacogenomics<\/em>, 9(8): 1113-1132 (2008).<\/p>\n<p>224. GUZM\u00c1N A., C. GARC\u00cdA, A.P. MAR\u00cdN, A. TORTAJADA, M.T. RUIZ, A.R. FERN\u00c1NDEZ DE HENESTROSA, R. MARCOS. Formation of micronucleated erythrocytes in mouse bone marrow under conditions of hypothermia is not associated with stimulation of erythropoiesis.<em> Mutation Research (GTEM)<\/em>, 656(1-2): 8-13 (2008).<\/p>\n<p>225. SORIANO C., A. CREUS,&nbsp;R. MARCOS. Arsenic trioxide mutational spectrum analysis. <em>Mutation Research (FMMM)<\/em>, 642(1-2): 1-7 (2008).<\/p>\n<p>226. &nbsp; RIO P., N.W. MEZA, A. GONZ\u00c1LEZ-MURILLO, S. NAVARRO, L. ALVAREZ, J. SURRALL\u00c9S, M. CASTELL\u00c0, G. GUENECHEA, J.C. SEGOVIA, H. HANENBERG, J.A. BUEREN. <em>In vivo<\/em> proliferation advantage of genetically corrected hematopoietic stem cells in a mouse model of Fanconi anemia FA-D1. <em>Blood<\/em>, 112: 4853-4861 (2008).<\/p>\n<p>227. RAM\u00cdREZ M.J., J. SURRALL\u00c9S. Laser confocal microscopy analysis of human interphase nuclei by three-dimensional FISH reveals dynamic perinucleolar clustering of telomeres. <em>Cytogenetics and Genome Research, <\/em>122: 237-242 (2008).<\/p>\n<p>228. GUZM\u00c1N A., A.P. MAR\u00cdN, C. GARC\u00cdA, A.R. FERN\u00c1NDEZ DE HENESTROSA, M.T. RUIZ, A. TORTAJADA, R. MARCOS. Induction of hypothermic conditions associated with increased micronuclei formation in sigma-1 receptor knockout mice after administration of the antipsychotic compound E-5842. <em>Environmental and Molecular Mutagenesis, <\/em>49(9): 727-733 (2008).<\/p>\n<p>229. &nbsp; HERN\u00c1NDEZ A., N. XAMENA, J. SURRALL\u00c9S, P. GALOFR\u00c9, A. CREUS, A. VEL\u00c1ZQUEZ, R. MARCOS. Role of <em>GST<\/em> and <em>NAT2<\/em> polymorphisms in thyroid cancer. <em>Journal of Endocrinological Investigation,<\/em> 31(11): 1025-1031 (2008).<\/p>\n<p>230. VAN ZEEBURG H., P. SNIJDERS, T. WU, E. GLUCKMAN, J. SOULIER, J. SURRALL\u00c9S, M. CASTELL\u00c0, J. VAN DER WAL, J. WENNERBERG, J. C, EUNIKE VELLEUER, R. DIETRICH, W. EBELL, E. BLOEMENA, H. JOENJE, R. LEEMANS, R.H. BRAKENHOFF. Clinical and molecular characteristics of squamous cell carcinomas from Fanconi anemia patients. <em>Journal of the National Cancer Institute, <\/em>100: 1649-1653 (2008).<\/p>\n<p>&nbsp;<\/p>\n<p><strong>2007<\/strong><\/p>\n<p>203. VILLANUEVA C.M., K.P. CANTOR, J.O. GRIMALT, N. MALATS, D. SILVERMAN, A. TARDON, R. GARCIA-CLOSAS, C. SERRA, A. CARRATO, G. CASTA\u00d1O-VINYALS, R. MARCOS, N. ROTHMAN, F.X. REAL, M. DOSEMECI, M. KOGEVINAS. Bladder cancer and exposure to water disinfection by-products through ingestion, bathing, showering and swimming pool attendance. <em>The American Journal of Epidemiology<\/em>, 165: 148-256 (2007).<\/p>\n<p>204. &nbsp; BOGLIOLO M., A. LYAKHOVICH, E. CALL\u00c9N, M. CASTELL\u00c0, E. CAPPELLI, M.J. RAM\u00cdREZ, A. CREUS, R. MARCOS, R. KALB, K. NEVELING, D. SCHINDLER, J. SURRALL\u00c9S. Histone H2AX and Fanconi anemia FANCD2 function in the same pathway to maintain chromosome stability. <em>EMBO Journal<\/em><em>,<\/em> 26: 1340-1351 (2007).<\/p>\n<p>205. &nbsp; CASADO J.A., E. CALL\u00c9N, A. JACOME, P. RIO, M. CASTELL\u00c0, S. LOBITZ, T. FERRO, A. MU\u00d1OZ, J. SEVILLA, A. CANTALEJO, E. CELA, J. CERVERA, J. S\u00c1NCHEZ-CALERO, I. BADELL, J. ESTELLA, A. DASI, T. OLIV\u00c9, J.J. ORTEGA, A. RODRIGUEZ-VILLA, M. TAPIA, A. MOLINES, L. MADERO, J.C. SEGOVIA, K. NEVELING, R. KALB, D. SCHINDLER, H. HANENBERG, J. SURRALL\u00c9S, J.A. BUEREN. A comprehensive strategy for the subtyping of patients with Fanconi anaemia: conclusions from the Spanish Fanconi Anemia Research Network.<em> Journal of Medical Genetics,<\/em> 44: 241-249 (2007).<\/p>\n<p>206. &nbsp; KALB R., K. NEVELING, H. HOEHN, K. GOETTSCHE, S.D. BATTISH, C. HUNT, M. BERWICK, E. CALL\u00c9N, J. SURRALL\u00c9S, J.A. CASADO, J. BUEREN, A. DASI,&nbsp; C.M. ZWAAN, R. VERVENNE, G. PALS, J. DE WINTER, H. JOENJE, M. GROMPE, A.D. AUERBACH, H. HANENBERG, D. SCHINDLER. Hypomorphic mutations in the central Fanconi anemia gene \/FANCD2\/ sustain a significant group of&nbsp;FA-D2 patients with severe phenotype. <em>American Journal of Human Genetics<em>,<\/em><\/em> 80: 895-910 (2007).<\/p>\n<p>207. &nbsp; CASTELL\u00c0 M., S. PUERTO, A. CREUS, R. MARCOS, J. SURRALL\u00c9S. Telomere length modulates human radiation sensitivity in vitro. <em>Toxicology Letters,<\/em> 172: 29-36 (2007).<\/p>\n<p>208. SORIANO C., A. CREUS, R. MARCOS. Gene-mutation induction by arsenic compounds in the mouse lymphoma assay. <em>Mutation Research (GTEM), <\/em>634: 40-50 (2007).<\/p>\n<p>209. &nbsp; LYAKHOVICH E., J. SURRALL\u00c9S. FANCD2 depletion sensitises cancer cells repopulation ability in vitro. <em>Cancer Letters,<\/em> 256: 186-197 (2007).<\/p>\n<p>210. &nbsp; LYAKHOVICH E., J. SURRALL\u00c9S. New roads to FA\/BRCA pathway. <em>Cell Cycle,<\/em> 69: 1019-1023 (2007).<\/p>\n<p>211. &nbsp; LYAKHOVICH E., J. SURRALL\u00c9S. How Fanconi anemia and breast cancer are connected. En: <em>Frontiers in breast cancer research.<\/em> L.P. Fortugno (Ed.) Nova Science Publisher, Inc. Cap. 10 (2007).<\/p>\n<p>212. &nbsp; LYAKHOVICH E., F. CANALS, M. NOSOV, J. SURRALL\u00c9S. A DIGE-based approach to study interacting proteins. <em>Journal of Biochemical and Biophysical Methods<\/em>, 70: 693-695 (2007).<\/p>\n<p><strong>&nbsp;<\/strong><\/p>\n<p><strong>2006<\/strong><\/p>\n<p>188. &nbsp; MARCOS R., V. MART\u00cdNEZ, A. HERN\u00c1NDEZ, A. CREUS, C. SEKARAN, H. TOKUNAGA, D. QUINTEROS. Metabolic profile in workers occupationally exposed to arsenic. Role of <em>GST<\/em> polymorphisms. <em>Journal of Occupational and Environmental Medicine <\/em>48: 334-341 (2006).<\/p>\n<p>189. &nbsp; RIZKI M, E. KOSSATZ, A. VEL\u00c1ZQUEZ, A. CREUS, M. FARINA, S. FORTANER, E. SABBIONI,&nbsp;R. MARCOS. Metabolism of arsenic in Drosophila melanogaster and the genotoxicity of dimethylarsinic acid in the Drosophila Wing Spot Test. <em>Environmental and Molecular Mutagenesis<\/em> 47: 162-168 (2006).<\/p>\n<p>190. &nbsp; BADAL M. A. PORTELA, E. BALDRICH, R. MARCOS, O. CABR\u00c9, N. XAMENA. An FB-NOF mediated duplication of the white gene is responsible for the zeste1 phenotype in some <em>Drosophila melanogaster<\/em> unstable strains. <em>Molecular Genetics and Genomics<\/em>, 275: 35-43 (2006).<\/p>\n<p>191. &nbsp; PAIVA L., V. MART\u00cdNEZ,&nbsp;A. CREUS, D. QUINTEROS, R. MARCOS. Sister chromatid exchanges analysis in smelting plant workers exposed to arsenic. <em>Environmental and Molecular Mutagenesis,<\/em> 47: 230-235 (2006).<\/p>\n<p>192. &nbsp; LYAKHOVICH A, J. SURRALL\u00c9S. Disruption of the Fanconi anemia\/BRCA pathway in spodadic tumors. <em>Cancer Letters<\/em>, 232: 99-106 (2006).<\/p>\n<p>193. &nbsp; FERRARA G., E. LOFFREDO, N. SENESI, R. MARCOS. Humic acids reduce the genotoxicity of mitomycin C in the human lymphoblastoid cell line TK6. <em>Mutation Research (GTEM),<\/em> 603: 27-32.194 (2006).<\/p>\n<p>194. &nbsp; BADAL M., A. PORTELA, N. XAMENA, O. CABR\u00c9. Molecular and bioinformatics analysis of the FB-NOF transposable element. <em>Gene<\/em>, 371: 130-135 (2006).<\/p>\n<p>195. &nbsp; HERN\u00c1NDEZ A., N. XAMENA, S. GUTI\u00c9RREZ, A. VEL\u00c1ZQUEZ, A. CREUS, J. SURRALL\u00c9S, P. GALOFR\u00c9, R. MARCOS. Basal and induced MN frequencies in different <em>GST <\/em>and <em>NAT2 <\/em>genetic backgrounds. <em>Mutation Research (GTEM),<\/em> 606: 12-20 (2006).<\/p>\n<p>196. KIRSCH-VOLDERS M., R. MATEUCA, M. ROELANTS, A. TREMP, E. ZEIGER, S. BONASSI, N. HOLLAND, W.P. CHANG, P. AKA, M, DE BOECK, L.GODDERIS, V. HAUFROID, H. ISHIKAWA, B. LAFFON, R. MARCOS, L. MIGLIORE, H. NORPPA, J.P. TEIXEIRA, A. ZIJNO, M. FENECH. The effects of <em>GSTM1<\/em> and <em>GSTT1<\/em> polymorphisms on micronucleus frequencies in human lymphocytes <em>in vivo<\/em>. <em>Cancer Epidemiology and Biomarkers Prevention<\/em>, 15:1038-1042 (2006).<\/p>\n<p>197. &nbsp; PITARQUE M., A. CREUS, R. MARCOS. Analysis of glutathione and vitamin C effects on the benzenetriol-induced DNA damage in isolated human lymphocytes. <em>TheScientificWorldJournal,<\/em> 6: 1191-1201 (2006).<\/p>\n<p>198. &nbsp; CEMELI E., R. MARCOS, D. ANDERSON. Genotoxic and antigenotoxic properties of selenium compounds in the in vitro micronucleus assay with human whole blood lymphocytes and TK6 lymphoblastoid cells. <em>TheScientificWorldJournal,<\/em> 6: 1202-1210<\/p>\n<p>199. PIPERAKIS S.M., K. KONTOGIANNI, M.M. PIPERAKIS, R. MARCOS, S. TSILIMIGAKI. Effects of pesticides on occupationally exposed humans. <em>TheScientificWorldJournal<\/em> 6: 1211-1220 (2006).<\/p>\n<p>200. &nbsp; NAVARRO S., N.W. MEZA, O. QUINTANA-BUSTAMANTE, J.A. CASADO, A. JACOME, K. MCALLISTER, S. PUERTO, J. SURRALL\u00c9S, J.C. SEGOVIA, J.A. BUEREN. Hematopoietic dysfunction in a mouse model for Fanconi anemia group D1. <em>Molecular Therapy<\/em> 14: 525-535 (2006).<\/p>\n<p>201. &nbsp; G\u00dcERCI A.M., L.A. Z\u00da\u00d1IGA, R. MARCOS. Valor predictivo del ensayo cometa en la evaluaci\u00f3n de&nbsp; radiosensibilidad individual en sangre perif\u00e9rica. <em>Theoria,<\/em> 15: 41-52 (2006).<\/p>\n<p>202. CHOWDHURY UK., RA.ZAKHARYAN, A. HERN\u00c1NDEZ, MD. AVRAM, MJ. KOPPLIN, HV. APOSHIAN. Glutathione-S-transferase-omega [MMA(V) reductase] knockout mice: enzyme and arsenic species concentrations in tissues after arsenate administration. <em>Toxicology and Applied Pharmacology<\/em>, 216: 446-457 (2006).<\/p>\n<p>&nbsp;<\/p>\n<p><a href=\"#puja\">Puja<\/a><\/p>\n","protected":false},"excerpt":{"rendered":"<p>2010 237. PAIVA L., A. HERN\u00c1NDEZ, V. MART\u00cdNEZ, A. CREUS, D. QUINTEROS, R. MARCOS. Association between GSTO2 polymorphism and the urinary arsenic profile in copper industry workers. Environmental Research, 110(5): 463-468 (2010). 238. STOYANOVA E., S.B. SANDOVAL, L.A. Z\u00da\u00d1IGA, N. EL-YAMANI, E. COLL, S. PASTOR, J. REYES, E. ANDR\u00c9S, J. BALLARIN, N. XAMENA, R. MARCOS. [&hellip;]<\/p>\n","protected":false},"author":20,"featured_media":0,"parent":0,"menu_order":0,"comment_status":"closed","ping_status":"closed","template":"","meta":{"footnotes":""},"class_list":["post-148","page","type-page","status-publish","hentry"],"_links":{"self":[{"href":"https:\/\/webs.uab.cat\/mutagenesi\/wp-json\/wp\/v2\/pages\/148","targetHints":{"allow":["GET"]}}],"collection":[{"href":"https:\/\/webs.uab.cat\/mutagenesi\/wp-json\/wp\/v2\/pages"}],"about":[{"href":"https:\/\/webs.uab.cat\/mutagenesi\/wp-json\/wp\/v2\/types\/page"}],"author":[{"embeddable":true,"href":"https:\/\/webs.uab.cat\/mutagenesi\/wp-json\/wp\/v2\/users\/20"}],"replies":[{"embeddable":true,"href":"https:\/\/webs.uab.cat\/mutagenesi\/wp-json\/wp\/v2\/comments?post=148"}],"version-history":[{"count":0,"href":"https:\/\/webs.uab.cat\/mutagenesi\/wp-json\/wp\/v2\/pages\/148\/revisions"}],"wp:attachment":[{"href":"https:\/\/webs.uab.cat\/mutagenesi\/wp-json\/wp\/v2\/media?parent=148"}],"curies":[{"name":"wp","href":"https:\/\/api.w.org\/{rel}","templated":true}]}}