{"id":177,"date":"2017-12-12T10:44:30","date_gmt":"2017-12-12T08:44:30","guid":{"rendered":"https:\/\/webs.uab.cat\/mutagenesi\/ricard-marcos-dauder\/"},"modified":"2022-07-19T10:22:36","modified_gmt":"2022-07-19T08:22:36","slug":"ricard-marcos-dauder","status":"publish","type":"page","link":"https:\/\/webs.uab.cat\/mutagenesi\/ricard-marcos-dauder\/","title":{"rendered":"Ricard Marcos Dauder"},"content":{"rendered":"\n<figure class=\"wp-block-image is-resized\"><img loading=\"lazy\" decoding=\"async\" src=\"https:\/\/webs.uab.cat\/mutagenesi\/wp-content\/uploads\/sites\/53\/2017\/12\/ricard.jpg\" alt=\"\" class=\"wp-image-174\" width=\"699\" height=\"524\" srcset=\"https:\/\/webs.uab.cat\/mutagenesi\/wp-content\/uploads\/sites\/53\/2017\/12\/ricard.jpg 800w, https:\/\/webs.uab.cat\/mutagenesi\/wp-content\/uploads\/sites\/53\/2017\/12\/ricard-300x225.jpg 300w, https:\/\/webs.uab.cat\/mutagenesi\/wp-content\/uploads\/sites\/53\/2017\/12\/ricard-768x576.jpg 768w\" sizes=\"auto, (max-width: 699px) 100vw, 699px\" \/><\/figure>\n\n\n\n<p><\/p>\n\n\n\n<p><a href=\"mailto:ricard.marcos@uab.es\">Ricard.Marcos@uab.cat&nbsp;<\/a><\/p>\n\n\n\n<p>&nbsp;<\/p>\n\n\n\n<p><strong>Situaci\u00f3 actual:<\/strong><\/p>\n\n\n\n<p>&#8211; Catedr\u00e0tic de Gen\u00e8tica a la Universitat Aut\u00f2noma de Barcelona<\/p>\n\n\n\n<p>&#8211; Coordinador del M\u00e0ster de Gen\u00e8tica Avan\u00e7ada<\/p>\n\n\n\n<p>&#8211; Coordinador del Programa de Doctorat de Gen\u00e8tica<\/p>\n\n\n\n<p>&#8211; Director del Servei d&#8217;Avaluaci\u00f3 Mutag\u00e8nica<\/p>\n\n\n\n<p>&nbsp;<\/p>\n\n\n\n<p><strong>Activitat Cient\u00edfica:<\/strong><\/p>\n\n\n\n<p>&#8211; Sis trams de recerca concedits<\/p>\n\n\n\n<p>&#8211; Investigador principal de:<\/p>\n\n\n\n<p>&nbsp;&nbsp; &nbsp;&#8211; 19 projectes nacionals<\/p>\n\n\n\n<p>&nbsp; &nbsp; &#8211; 12 projectes europeus<\/p>\n\n\n\n<p>&nbsp; &nbsp; &#8211; 23 altres projectes<\/p>\n\n\n\n<p>&#8211; Direcci\u00f3 de treballs:<\/p>\n\n\n\n<p>&nbsp; &nbsp; &nbsp;&#8211; 49 Tesis Doctorals<\/p>\n\n\n\n<p>&nbsp; &nbsp; &nbsp;&#8211; 59 Treballs de recerca (Tesines, m\u00e0ster, etc.)<\/p>\n\n\n\n<p>&#8211; Producci\u00f3 cient\u00edfica:<\/p>\n\n\n\n<p>&nbsp; &nbsp; &nbsp;&#8211; 321 Articles publicats<\/p>\n\n\n\n<p>&nbsp; &nbsp; &nbsp;&#8211; 341 presentacions en reunions cient\u00edfiques<\/p>\n\n\n\n<p>&#8211; Organitzador de Congressos:<\/p>\n\n\n\n<p>&nbsp; &nbsp;&nbsp; &#8211; 3 Nacionals (SEMA 1989, 2000, 2009)<\/p>\n\n\n\n<p>&nbsp; &nbsp; &nbsp;&#8211; 1 Internacional (EEMS 1993)<\/p>\n\n\n\n<p>&nbsp;<\/p>\n\n\n\n<p><strong>Altres activitats:<\/strong><\/p>\n\n\n\n<p>&#8211; President de la Societat Espanyola de Mutag\u00e8nesi Ambiental (SEMA)<\/p>\n\n\n\n<p>&#8211; Premi Fritz Sobels de l&#8217;European Environmental Mutagen Society (EEMS) (Setembre 2010)<\/p>\n\n\n\n<p>&#8211; Honorable Mention at the Scientific and Technological Achievment Award of the United States Environmental Protection Agency for the &#8220;First comprehensive characterization of DBPs in indoor swimming pool water and their role in the water &#8216;s mutagenicity&#8221;<\/p>\n\n\n\n<p>&#8211; Traductor de 3 llibres<\/p>\n\n\n\n<p>&#8211; Avaluador en m\u00e9s de 15 revistes cient\u00edfiques<\/p>\n\n\n\n<p>&#8211; Avaluador cient\u00edfic de diferents organismes (ANEP, ANECA, CONACIT, ACSUG, UE)<\/p>\n\n\n\n<p>&#8211; Representant espanyol en Comissions Internacionals (OECD, UE)<\/p>\n\n\n\n<p>&nbsp;<\/p>\n","protected":false},"excerpt":{"rendered":"<p>Ricard.Marcos@uab.cat&nbsp; &nbsp; Situaci\u00f3 actual: &#8211; Catedr\u00e0tic de Gen\u00e8tica a la Universitat Aut\u00f2noma de Barcelona &#8211; Coordinador del M\u00e0ster de Gen\u00e8tica Avan\u00e7ada &#8211; Coordinador del Programa de Doctorat de Gen\u00e8tica &#8211; Director del Servei d&#8217;Avaluaci\u00f3 Mutag\u00e8nica &nbsp; Activitat Cient\u00edfica: &#8211; Sis trams de recerca concedits &#8211; Investigador principal de: &nbsp;&nbsp; &nbsp;&#8211; 19 projectes nacionals &nbsp; &nbsp; [&hellip;]<\/p>\n","protected":false},"author":20,"featured_media":0,"parent":0,"menu_order":0,"comment_status":"closed","ping_status":"closed","template":"","meta":{"footnotes":""},"class_list":["post-177","page","type-page","status-publish","hentry"],"_links":{"self":[{"href":"https:\/\/webs.uab.cat\/mutagenesi\/wp-json\/wp\/v2\/pages\/177","targetHints":{"allow":["GET"]}}],"collection":[{"href":"https:\/\/webs.uab.cat\/mutagenesi\/wp-json\/wp\/v2\/pages"}],"about":[{"href":"https:\/\/webs.uab.cat\/mutagenesi\/wp-json\/wp\/v2\/types\/page"}],"author":[{"embeddable":true,"href":"https:\/\/webs.uab.cat\/mutagenesi\/wp-json\/wp\/v2\/users\/20"}],"replies":[{"embeddable":true,"href":"https:\/\/webs.uab.cat\/mutagenesi\/wp-json\/wp\/v2\/comments?post=177"}],"version-history":[{"count":1,"href":"https:\/\/webs.uab.cat\/mutagenesi\/wp-json\/wp\/v2\/pages\/177\/revisions"}],"predecessor-version":[{"id":408,"href":"https:\/\/webs.uab.cat\/mutagenesi\/wp-json\/wp\/v2\/pages\/177\/revisions\/408"}],"wp:attachment":[{"href":"https:\/\/webs.uab.cat\/mutagenesi\/wp-json\/wp\/v2\/media?parent=177"}],"curies":[{"name":"wp","href":"https:\/\/api.w.org\/{rel}","templated":true}]}}