{"id":81,"date":"2011-02-09T11:26:19","date_gmt":"2011-02-09T09:26:19","guid":{"rendered":"https:\/\/webs.uab.cat\/mutagenesi\/de-1981-1985\/"},"modified":"2011-02-09T11:26:19","modified_gmt":"2011-02-09T09:26:19","slug":"de-1981-1985","status":"publish","type":"page","link":"https:\/\/webs.uab.cat\/mutagenesi\/de-1981-1985\/","title":{"rendered":"De 1981 a 1985"},"content":{"rendered":"<p><strong><a name=\"puja\"><\/a>1981<\/strong><\/p>\n<p>1. MARCOS, R., J. L\u00d3PEZ DE SEP\u00daLVEDA, N. XAMENA &amp; A. CREUS. Effect of ethidium bromide on Drosophila melanogaster and Drosophila simulans. Experientia, 37: 559-560<\/p>\n<p>2. L\u00d3PEZ DE SEP\u00daLVEDA, J., R. MARCOS, N. XAMENA &amp; A. CREUS. Mutagenicity of ethidium bromide in the sex-linked recessive lethal assay in Drosophila melanogaster. Mutation Research, 91: 337-340<\/p>\n<p>&nbsp;<\/p>\n<p><strong>1982<\/strong><\/p>\n<p>3. MARCOS, R., J. LLOBERAS, A. CREUS, N. XAMENA &amp; O. CABR\u00c9. Effect of cycloheximide on different stages of Drosophila melanogaster. Toxicology Letters, 13: 105-112<\/p>\n<p>4. MARCOS, R., N. XAMENA &amp; A. CREUS. Utilizaci\u00f3n de Drosophila en la detecci\u00f3n de agentes potencialmente cancer\u00edgenos. Revista Espa\u00f1ola de Oncolog\u00eda, 29: 557-561<\/p>\n<p>&nbsp;<\/p>\n<p><strong>1983<\/strong><\/p>\n<p>5. ALBA, P., M.D. FERR\u00c9S, N. XAMENA, A. CREUS &amp; R. MARCOS. Differences between Drosophila melanogaster and its sibling species D. simulans in sensitivity to acridine orange treatment. Experientia, 39: 300-301<\/p>\n<p>6. CREUS, A., N. XAMENA &amp; R. MARCOS. Sensitivity of different strains of Drosophila melanogaster to endosulfan and malathion. Toxicology Letters, 16: 323-330<\/p>\n<p>7. ALBA, P., M.D. FERR\u00c9S, N. XAMENA, A. CREUS &amp; R. MARCOS. Genotoxicity of acridine orange and acriflavine in Drosophila melanogaster. Mutation Research, 121: 199-203<\/p>\n<p>8. CREUS, A., N. XAMENA &amp; R. MARCOS. Positive response of diethylstilbestrol in the sex-linked recessive lethal assay in Drosophila after larval feeding. Mutation Research, 122: 309-313<\/p>\n<p>9. MARCOS, R., A. CREUS &amp; N. XAMENA. Utilizaci\u00f3n de Drosophila en la detecci\u00f3n de agentes potencialmente cancer\u00edgenos. Memorias y Actas del Primer Congreso de Investigaci\u00f3n sobre el c\u00e1ncer en Espa\u00f1a, Ed. Y. Valladares, pp. 331-334<\/p>\n<p>&nbsp;<\/p>\n<p><strong>1984<\/strong><\/p>\n<p>10. FERR\u00c9S, M.D., P. ALBA, N. XAMENA, A. CREUS &amp; R. MARCOS. Induction of male recombination in Drosophila melanogaster by chemical treatment. Mutation Research, 126: 245-250<\/p>\n<p>11. VEL\u00c1ZQUEZ, A., A. CREUS, N. XAMENA &amp; R. MARCOS. Mutagenicity of the insecticide endosulfan in Drosophila melanogaster. Mutation Research, 136: 115-118<\/p>\n<p>12. XAMENA, N., A. CREUS &amp; R. MARCOS. Mutagenic activity of some intercalating compounds in the Drosophila zeste somatic eye mutation test. Mutation Research, 138: 169-173<\/p>\n<p>&nbsp;<\/p>\n<p><strong>1985<\/strong><\/p>\n<p>13. XAMENA, N., A. CREUS &amp; R. MARCOS. Evaluation of genetic damage induced by 8-ethoxycaffeine in Drosophila melanogaster. Mutation Research, 149: 189-192<\/p>\n<p>14. XAMENA, N., A. CREUS &amp; R. MARCOS. Effects of intercalating mutagens on crossing-over in Drosophila melanogaster females. Experientia, 41: 1078-1079<\/p>\n<p>15. XAMENA, N., A. CREUS, A. VEL\u00c1ZQUEZ &amp; R. MARCOS. Testing of chloroquine and quinacrine for mutagenicity in Drosophila melanogaster. Mutation Research, 158: 177-180<\/p>\n<p>&nbsp;<\/p>\n<p><a href=\"#puja\">Puja<\/a><\/p>\n","protected":false},"excerpt":{"rendered":"<p>1981 1. MARCOS, R., J. L\u00d3PEZ DE SEP\u00daLVEDA, N. XAMENA &amp; A. CREUS. Effect of ethidium bromide on Drosophila melanogaster and Drosophila simulans. Experientia, 37: 559-560 2. L\u00d3PEZ DE SEP\u00daLVEDA, J., R. MARCOS, N. XAMENA &amp; A. CREUS. Mutagenicity of ethidium bromide in the sex-linked recessive lethal assay in Drosophila melanogaster. Mutation Research, 91: 337-340 [&hellip;]<\/p>\n","protected":false},"author":20,"featured_media":0,"parent":0,"menu_order":0,"comment_status":"closed","ping_status":"closed","template":"","meta":{"footnotes":""},"class_list":["post-81","page","type-page","status-publish","hentry"],"_links":{"self":[{"href":"https:\/\/webs.uab.cat\/mutagenesi\/wp-json\/wp\/v2\/pages\/81","targetHints":{"allow":["GET"]}}],"collection":[{"href":"https:\/\/webs.uab.cat\/mutagenesi\/wp-json\/wp\/v2\/pages"}],"about":[{"href":"https:\/\/webs.uab.cat\/mutagenesi\/wp-json\/wp\/v2\/types\/page"}],"author":[{"embeddable":true,"href":"https:\/\/webs.uab.cat\/mutagenesi\/wp-json\/wp\/v2\/users\/20"}],"replies":[{"embeddable":true,"href":"https:\/\/webs.uab.cat\/mutagenesi\/wp-json\/wp\/v2\/comments?post=81"}],"version-history":[{"count":0,"href":"https:\/\/webs.uab.cat\/mutagenesi\/wp-json\/wp\/v2\/pages\/81\/revisions"}],"wp:attachment":[{"href":"https:\/\/webs.uab.cat\/mutagenesi\/wp-json\/wp\/v2\/media?parent=81"}],"curies":[{"name":"wp","href":"https:\/\/api.w.org\/{rel}","templated":true}]}}