{"id":85,"date":"2011-02-09T11:41:20","date_gmt":"2011-02-09T09:41:20","guid":{"rendered":"https:\/\/webs.uab.cat\/mutagenesi\/de-2001-2005\/"},"modified":"2011-02-09T11:41:20","modified_gmt":"2011-02-09T09:41:20","slug":"de-2001-2005","status":"publish","type":"page","link":"https:\/\/webs.uab.cat\/mutagenesi\/de-2001-2005\/","title":{"rendered":"De 2001 a 2005"},"content":{"rendered":"<p><strong><a name=\"puja\"><\/a>2005<\/strong><\/p>\n<p>181. MARTINEZ V., A. CREUS, W. VENEGAS, A. ARROYO, J.P BECK, T.W. GEBEL, J. SURRALL\u00c9S, &amp; R. MARCOS. Micronuclei assessment in buccal cells of people environmentally exposed to arsenic. Toxicology Letters 155: 319-327<\/p>\n<p>182. CALL\u00c9N, E., J.A. CASADO, M.D. TISCHKOWITZ, J.A. BUEREN, A. CREUS, R. MARCOS, A. DASI, J.M. ESTELLA, A. MU\u00d1OZ, J.J ORTEGA, J. DE WINTER, H. JOENJE, D. SCHINDLER, H. HANENBERG, S.V. HODGSON, C.G. MATHEW &amp; J. SURRALL\u00c9S. A common founder mutation in FANCA underlies the world highest prevalence of Fanconi anemia in Gypsy families from Spain.. Blood 105: 1946-1949<\/p>\n<p>183. L\u00d3PEZ A., N. XAMENA, R. MARCOS &amp; A. VEL\u00c1ZQUEZ. Germline genomic instabilit in PCNA mutants of Drosophila:DNA fingerprinting and microsatellite analysis. Mutation Research (FMMM) 570: 253-265<\/p>\n<p>184. BAIDA A., S.M. FARRINGTON, P. GALOFR\u00c9, R. MARCOS &amp; A. VEL\u00c1ZQUEZ Polymorphic THRA1 and BAT-40 repeats are associated with thyroid cancer susceptibility. Cancer Epidemiology Biomarkers and Prevention 14: 638-642<\/p>\n<p>185. GONZ\u00c1LEZ BORROTO J.I., A. CREUS, R. MARCOS &amp; J. ZAPATERO. In vivo genotoxic evaluation of the furylethylene derivative 1-(5-bromofur-2-yl)-2-nitroethene in mouse bone marrow. Environmental Toxicology and Pharmacology 20: 241-245<\/p>\n<p>186. GONZ\u00c1LEZ BORROTO J.I., G. P\u00c9REZ, A. CREUS &amp; R. MARCOS. Comparative genotoxic evaluation of 2-furylethylenes and 5-nitrofurans by using the Comet assay in TK6 cells. Mutagenesis 20: 193-197<\/p>\n<p>187. ZAKHARYAN RA., G. TSAPRAILIS, UK. CHOWDHUTY, A. HERN\u00c1NDEZ, HV. APOSHIAN. Interaction of sodium selenite, glutathion, arsenic species and omega class human glutathione transferase. Chemical Research in Toxicology, 18: 1287-1295<\/p>\n<p>&nbsp;<\/p>\n<p><strong>2004<\/strong><\/p>\n<p>169. FERN\u00c0NDEZ-L\u00d3PEZ L., E. PI\u00d1EIRO, R. MARCOS, A. VEL\u00c1ZQUEZ &amp; J. SURRALL\u00c9S. Induction of instability of normal length trinucleotide repeat within human disease genes. <a href=\"http:\/\/www.ncbi.nlm.nih.gov\/pubmed\/14729843?dopt=Abstract\" target=\"_blank\" rel=\"noopener\">Journal of Medical Genetics 41:e3 <\/a><\/p>\n<p>170. GONZ\u00c1LEZ BORROTO J.I., G. P\u00c9REZ, A. CREUS &amp; R. MARCOS. Genotoxicity testing of the furylethylene derivative 1-(5-bromofur-2-yl)-2-bromo-2-nitroethene in cultured human lymphocytes. <a href=\"http:\/\/www.ncbi.nlm.nih.gov\/pubmed\/14667464?dopt=Abstract\" target=\"_blank\" rel=\"noopener\">Food and Chemical Toxicology, 42: 187-193 <\/a><\/p>\n<p>171. GUILLAMET E., A. CREUS, J. PONTI, E. SABBIONI. S. FORTANER &amp; R. MARCOS. In vitro DNA damage by arsenic compounds in human lymphoblastoid cell line (TK6), assessed by the alkaline Comet assay. <a href=\"http:\/\/www.ncbi.nlm.nih.gov\/pubmed\/14981159?dopt=Abstract\" target=\"_blank\" rel=\"noopener\">Mutagenesis, 19: 129-135 <\/a><\/p>\n<p>172. P\u00c9REZ MACHADO G., J.I. GONZ\u00c1LEZ BORROTO, N. CASTA\u00d1EDO, A. CREUS &amp; R. MARCOS. In vitro genotoxicity testing of the furylethylene derivative (UC-245) in human cells. <a href=\"http:\/\/www.ncbi.nlm.nih.gov\/pubmed\/14681316?dopt=Abstract\" target=\"_blank\" rel=\"noopener\">Mutagenesis, 19: 75-80<\/a><\/p>\n<p>173. KAYA B., R. MARCOS, A. YANIKOGLU &amp; A. CREUS. Evaluation of the genotoxicity of four herbicides in the wing spot test of Drosophila melanogaster using two different crosses. <a href=\"http:\/\/www.ncbi.nlm.nih.gov\/pubmed\/14706518?dopt=Abstract\" target=\"_blank\" rel=\"noopener\">Mutation Research, 557: 53-62<\/a><\/p>\n<p>174. CALL\u00c9N E., A. CREUS, R. MARCOS, J.A. BUEREN, J.A. CASADO, M. TISCHKOWITZ, C. MATHEW &amp; J. SURRALL\u00c9S. Quantitative PCR analysis of Spanish Fanconi anaemia patients reveals a high incidence of large intragenic deletions in the FANCA gene. <a href=\"http:\/\/www.ncbi.nlm.nih.gov\/pubmed\/14706518?dopt=Abstract\" target=\"_blank\" rel=\"noopener\">Cytogenetics and Genome Research, 104: 341-345<\/a><\/p>\n<p>175. RIZKI M., E. KOSSATZ, A. CREUS &amp; R. MARCOS. Modulating the genotoxicity by cadmium treatment. Studies in the wing spot test in Drosophila. <a href=\"http:\/\/www.ncbi.nlm.nih.gov\/pubmed\/14706518?dopt=Abstract\" target=\"_blank\" rel=\"noopener\">Environmental and Molecular Mutagenesis, 43: 196-203<\/a><\/p>\n<p>176. CALLEN E. &amp; J.&nbsp; SURRALL\u00c9S. Telomere dysfunction in genome instability syndromes. <a href=\"http:\/\/www.ncbi.nlm.nih.gov\/pubmed\/14706518?dopt=Abstract\" target=\"_blank\" rel=\"noopener\">Mutation Research- Reviews in Mutation Research, 567: 85-104<\/a><\/p>\n<p>177. SURRALL\u00c9S J., S.P. JACKSON, M. JASIN, M.B. KASTAN, S.C. WEST &amp; H. JOENJE. <a href=\"http:\/\/www.ncbi.nlm.nih.gov\/pubmed\/14706518?dopt=Abstract\" target=\"_blank\" rel=\"noopener\">Molecular cross-talk among chromosome fragility syndromes. Genes and Development, 18: 1359-1370<\/a><\/p>\n<p>178. MART\u00cdNEZ V., A. CREUS, W. VENEGAS, A. ARROYO, J.P BECK, T.W. GEBEL, J. SURRALL\u00c9S &amp; R. MARCOS. <a href=\"http:\/\/www.ncbi.nlm.nih.gov\/pubmed\/14706518?dopt=Abstract\" target=\"_blank\" rel=\"noopener\">Evaluation of micronucleus induction in a Chilean population evironmentally exposed to arsenic. Mutation Research, 564: 65-74<\/a><\/p>\n<p>179. ABOU-EISHA A., R. MARCOS &amp; A. CREUS. <a href=\"http:\/\/www.ncbi.nlm.nih.gov\/pubmed\/14706518?dopt=Abstract\" target=\"_blank\" rel=\"noopener\">Genotoxic studies on the antimicrobial drug sulfamethoxazole in cultured human lymphocytes. Mutation Research, 564: 51-56<\/a><\/p>\n<p>180. CALL\u00c9N E., M. TISCHKOWITZ, A. CREUS, R. MARCOS, J.A. BUEREN, J.A. CASADO, C. MATHEW &amp; J. SURRALL\u00c9S. <a href=\"http:\/\/www.ncbi.nlm.nih.gov\/pubmed\/14706518?dopt=Abstract\" target=\"_blank\" rel=\"noopener\">Quantitative PCR analysis reveals a high incidence of large intragenic deletions in the FANCA gene in Spanish Fanconi anaemia patients. En: Chomosome aberrations. G. Obe y A.T. Natarajan (Eds.) S. Karger Publ. Basel.&nbsp; pp.241-245<\/a><\/p>\n<p>&nbsp;<\/p>\n<p><strong>2003<\/strong><\/p>\n<p>158. FENECH, M., BONASSI, S., TURNE,R J., LANDO, C., CEPPI, M.,&nbsp; CHANG, W.P., HOLLAND, N., KIRSCH-VOLDERS, M., ZEIGER, E., BIGATTI, M.P., BOLOGNES, C., JIA, C., DE LUCA, G., DI GIORGIO, M., FERGUSON, L.R., FUCIC, A., GARCIA LIMA, O., HADJIDEKOVA, V., HRELIA, P., JAWORSKA, A., JOKSIC, G., KRISHNAJA, A.P., LEE, T-K., MARTELLI, A., MCKAY, M.J., MIGLIORE, L., MIRKOVA, E., M\u00dcLLER, W-U., ODAGIRI, Y., ORSIERE, T.T., SCARF\u00cc, M.R., SILVA, M.J., SOFUNI, T., SURRALLES, J., TRENTA, G.,VOROBTSOVA, I., VRAL, A., ZIJNO, A. Intra- and inter-laboratory variation in the scoring of micronuclei and nucleoplasmic bridges in binucleated human lymphocytes.&nbsp; Results of an international slide-scoring exercise by the HUMN project. <a href=\"http:\/\/www.ncbi.nlm.nih.gov\/pubmed\/12504754?dopt=Abstract\" target=\"_blank\" rel=\"noopener\">Mutation Research. Genetic Toxicology and Environmental Mutagenesis, 534: 45-64<\/a><\/p>\n<p>159. HERN\u00c1NDEZ, A., W. CESPEDES, N. XAMENA, J. SURRALL\u00c9S, A. CREUS, P. GALOFR\u00c9 &amp; R. MARCOS. Glutathione S-transferase polymorphisms in thyroid cancer patients. <a href=\"http:\/\/www.ncbi.nlm.nih.gov\/pubmed\/12536075?dopt=Abstract\" target=\"_blank\" rel=\"noopener\">Cancer Letters 190: 37-44<\/a><\/p>\n<p>160. PASTOR, S., A. CREUS, T. PARR\u00d3N, A. CEBULSKA-WASILEWSKA, C. SIFFEL, S. PIPERAKIS &amp; R. MARCOS. Biomonitoring of four European populations occupationally exposed to pesticides: use of micronuclei as biomarkers. <a href=\"http:\/\/www.ncbi.nlm.nih.gov\/pubmed\/12714690?dopt=Abstract\" target=\"_blank\" rel=\"noopener\">Mutagenesis 18: 249-258<\/a><\/p>\n<p>161. GONZ\u00c1LEZ-BORROTO, J., A. CREUS, R. MARCOS, R. MOLLA &amp; J. ZAPATERO. The mutagenic potential of the furylethylene derivative 2-furyl-1-nitroethene in the mouse bone marrow micronucleus test. <a href=\"http:\/\/www.ncbi.nlm.nih.gov\/pubmed\/12655038?dopt=Abstract\" target=\"_blank\" rel=\"noopener\">Toxicological Sciences 72: 359-362<\/a><\/p>\n<p>162. CASTILLO, V., CABR\u00c9, O., MARCOS, R., &amp; J. SURRALL\u00c9S. Molecular cloning of the Drosophila Fanconi anaemia gene FANCD2 cDNA. <a href=\"http:\/\/www.ncbi.nlm.nih.gov\/pubmed\/12767353?dopt=Abstract\" target=\"_blank\" rel=\"noopener\">DNA Repair 2: 751-758<\/a><\/p>\n<p>163. BAIDA A., A. L\u00d3PEZ, R. MARCOS &amp; A. VEL\u00c1ZQUEZ. Germline mutations at microsatellite loci in homozygous and heterozygous mutants for mismatch repair and PCNA genes in Drosophila. <a href=\"http:\/\/www.ncbi.nlm.nih.gov\/pubmed\/12826283?dopt=Abstract\" target=\"_blank\" rel=\"noopener\">DNA Repair, 2: 827-833<\/a><\/p>\n<p>164. PI\u00d1EIRO E., L. FERN\u00c0NDEZ-L\u00d3PEZ, J. G\u00c1MEZ, R. MARCOS, J. SURRALL\u00c9S &amp; A. VEL\u00c1ZQUEZ. Mutagenic stress modulates the dinamics of CTG repeat instability associated to myotonic distrophy type 1. <a href=\"http:\/\/www.ncbi.nlm.nih.gov\/pubmed\/14627806?dopt=Abstract\" target=\"_blank\" rel=\"noopener\">Nucleic Acids Research, 31: 6733-6740 <\/a><\/p>\n<p>165. BALDRICH E., A. VEL\u00c1ZQUEZ, N. XAMENA &amp; O. CABR\u00c9. Germline mutations induced by N-nitroso-N-ethylurea do not affect the inserted copia retrotransposon in a Drosophila melanogaster wa mutant. <a href=\"http:\/\/www.ncbi.nlm.nih.gov\/pubmed\/14614188?dopt=Abstract\" target=\"_blank\" rel=\"noopener\">Mutagenesis, 18: 527-531<\/a><\/p>\n<p>166. CEMELI E., J. CARDER, D. ANDERSON, E. GUILLAMET, M.J. MORILLAS, A. CREUS &amp; R. MARCOS. Antigenotoxic properties of selenium compounds on potassium dichromate and hydrogen peroxide. <a href=\"http:\/\/www.ncbi.nlm.nih.gov\/pubmed\/14691980?dopt=Abstract\" target=\"_blank\" rel=\"noopener\">Teratogenesis, Carcinogenesis and Mutagenesis, Supl. 2: 53-67<\/a><\/p>\n<p>167. KIRSCH-VOLDERS M, SOFUNI T, AARDEMA M, ALBERTINI S, EASTMOND D, FENECH M, ISHIDATE M JR, KIRCHNER S, LORGE E, MORITA T, NORPPA H, SURRALLES J,VANHAUWAERT A, WAKATA A. Report from the in vitro micronucleus assay working group. <a href=\"http:\/\/www.ncbi.nlm.nih.gov\/pubmed\/14550499?dopt=Abstract\" target=\"_blank\" rel=\"noopener\">Mutation Research,. 540:153-163<\/a><\/p>\n<p>168. CEBULSKA-WASILEWSKA A., R. MARCOS, S. PIPERAKIS, C. SIFFEL, Z. DRAG, W. DYGA, S. KRASNOWOLSKI, A. PANEK, I. PAWLYK, W. NIEDZWIEDZ. Studies on the influence of occupational exposure to pesticides in various countries on the susceptibility and repair capacity of UV induced damage.<a href=\"http:\/\/www.ncbi.nlm.nih.gov\/pubmed\/14550499?dopt=Abstract\" target=\"_blank\" rel=\"noopener\"> Human Monitoring for Genetic Effects:186-197<\/a><\/p>\n<p>&nbsp;<\/p>\n<p><strong>2002<\/strong><\/p>\n<p>142. PASTOR, S., L. LUCERO, S. GUTI\u00c9RREZ, R. DURBAN, C. G\u00d3MEZ, T. PARR\u00d3N, A.CREUS &amp; R. MARCOS. A follow- up study on the micronucleus frequency in Spanish agricultural workers exposed to pesticides. <a href=\"http:\/\/www.ncbi.nlm.nih.gov\/pubmed\/11752238?dopt=Abstract\" target=\"_blank\" rel=\"noopener\">Mutagenesis, 17: 79-82<\/a><\/p>\n<p>143. MORILLAS, M.J., E. GUILLAMET, J. SURRALL\u00c9S, A. CREUS &amp; R. MARCOS. Spontaneous and induced genetic damage in T lymphocyte subsets evaluated by the Comet assay. <a href=\"http:\/\/www.ncbi.nlm.nih.gov\/pubmed\/11815243?dopt=Abstract\" target=\"_blank\" rel=\"noopener\">Mutation Research, 514: 39-48<\/a><\/p>\n<p>144. L\u00d3PEZ, A., N. XAMENA, R. MARCOS &amp; A. VEL\u00c1ZQUEZ. Germ cells microsatellite instability. The effect of different mutagens in a missmatch repair mutant of Drosophila (spel1). <a href=\"http:\/\/www.ncbi.nlm.nih.gov\/pubmed\/11815247?dopt=Abstract\" target=\"_blank\" rel=\"noopener\">Mutation Research, 514: 87-94<\/a><\/p>\n<p>145. CALL\u00c9N, E., E. SAMPER, M.J. RAM\u00cdREZ, A. CREUS, R. MARCOS, J.J. ORTEGA, T. OLIV\u00c9, I. BADELL, M.A. BLASCO &amp; J. SURRALL\u00c9S. Breaks at telomeres and TRF-independent end fusions in Fanconi anemia. <a href=\"http:\/\/www.ncbi.nlm.nih.gov\/pubmed\/11854176?dopt=Abstract\" target=\"_blank\" rel=\"noopener\">Human Molecular Genetics, 11: 439-444<\/a><\/p>\n<p>146. RIZKI, M., E. KOSSATZ, N. XAMENA, A. CREUS &amp; R. MARCOS. Influence of sodium arsenite on the genotoxicity of potassium dichromate and ethyl methanesulfonate: sudies with the wing spot test in Drosophila. <a href=\"http:\/\/www.ncbi.nlm.nih.gov\/pubmed\/11813296?dopt=Abstract\" target=\"_blank\" rel=\"noopener\">Environmental and Molecular Mutagenesis, 39: 49-54<\/a><\/p>\n<p>147. PITARQUE, M., A. VAGLENOV, N. NOSKO, S. PAVLOVA, V. PETKOVA, A. HIRVONEN, A. CREUS, H. NORPPA &amp; R. MARCOS.Sister chromatid exchanges and micronuclei in peripheral lymphocytes of shoe factory workers exposed to solvents. <a href=\"http:\/\/www.ncbi.nlm.nih.gov\/pubmed\/11940458?dopt=Abstract\" target=\"_blank\" rel=\"noopener\">Environmental Health Perspectives, 110: 399-404<\/a><\/p>\n<p>148.&nbsp; CALL\u00c9N, E., M.J. RAM\u00cdREZ, A. CREUS, R. MARCOS, J.J. ORTEGA, T. OLIV\u00c9, I. BADELL &amp; J. SURRALL\u00c9S. Relationship between chromosome fragility, aneuploidy and severity of the haematological disease in Fanconi anaemia. <a href=\"http:\/\/www.ncbi.nlm.nih.gov\/pubmed\/12106648?dopt=Abstract\" target=\"_blank\" rel=\"noopener\">Mutation Research, 504: 75-83<\/a><\/p>\n<p>149. CALL\u00c9N, E., M.J. RAM\u00cdREZ, A. CREUS, R. MARCOS, S. FRIAS, B. MOLINA, T. OLIV\u00c9, I. BADELL, J.J. ORTEGA &amp; J. SURRALL\u00c9S. The clastogenic response of the 1q12 heterochromatic region to DNA cross-linking agents is independent of the Fanconi anaemia pathway. <a href=\"http:\/\/www.ncbi.nlm.nih.gov\/pubmed\/12151343?dopt=Abstract\" target=\"_blank\" rel=\"noopener\">Carcinogenesis, 23:1267-1271<\/a><\/p>\n<p>150. PASTOR, S., A. CREUS, N. XAMENA, C. SIFFEL &amp; R. MARCOS. Occupational exposure to pesticides and cytogenetic damage. Results of a Hungarian population study using the micronucleus assay in lmphocytes and buccal cells. <a href=\"http:\/\/www.ncbi.nlm.nih.gov\/pubmed\/12203402?dopt=Abstract\" target=\"_blank\" rel=\"noopener\">Environmental and Molecular Mutagenesis, 40:101-109<\/a><br \/>\n151. GONZ\u00c1LEZ BORROTO, J.I., A. CREUS &amp; R. MARCOS. Genotoxic evaluation of the furylethylene derivative 1-(5-bromofur-2-yl)-2-nitroethene in cultured human lymphocytes. <a href=\"http:\/\/www.ncbi.nlm.nih.gov\/pubmed\/12160903?dopt=Abstract\" target=\"_blank\" rel=\"noopener\">Mutation Research, 519: 179-185<\/a><\/p>\n<p>152. SURRALL\u00c9S, J., M.J. RAM\u00cdREZ, R. MARCOS, A.T. NATARAJAN &amp; L.H.F. MULLENDERS. Clusters of transcription-coupled repair in the human genome. <a href=\"http:\/\/www.ncbi.nlm.nih.gov\/pubmed\/12142466?dopt=Abstract\" target=\"_blank\" rel=\"noopener\">Proceedings of the National Academy of&nbsp; Sciences, USA, 99:10571-10574<\/a><\/p>\n<p>153. KAYA, B., A. CREUS, A. VELAZQUEZ, A YANIKOGLU, R. MARCOS. Genotoxicity is modulated by ascorbic acid. Studies using the wing spot test in Drosophila. <a href=\"http:\/\/www.ncbi.nlm.nih.gov\/pubmed\/12297148?dopt=Abstract\" target=\"_blank\" rel=\"noopener\">Mutation Research, 520: 93-101<\/a><\/p>\n<p>154. L\u00d3PEZ, A., A. BAIDA, R. MARCOS, N. XAMENA &amp; A. VEL\u00c1ZQUEZ. Spontaneous and bleomycin-induced genomic alterations in the progeny of Drosophila treated males depends on the Msh2 status. DNA fingerprinting analysis, <a href=\"http:\/\/www.ncbi.nlm.nih.gov\/pubmed\/12531022?dopt=Abstract\" target=\"_blank\" rel=\"noopener\">DNA Repair, 1: 941-954<\/a><\/p>\n<p>155. BOGLIOLO, M., O. CABR\u00c9, E. CALL\u00c9N, V. CASTILLO, A. CREUS, R. MARC0S &amp; J. SURRALL\u00c9S. The Fanconi anemia genome stability and tumour suppressor network. <a href=\"http:\/\/www.ncbi.nlm.nih.gov\/pubmed\/12435850?dopt=Abstract\" target=\"_blank\" rel=\"noopener\">Mutagenesis, 17: 529-538<\/a><\/p>\n<p>156. CEBULSKA-WASILEWSKA, A., R. MARCOS, S. PIPERAKIS, C. SIFFEL, Z. DRAG, W. DYGA, S. KRASNOWOLSKI, A. PANEK, I. PAWLYK, W. NIEDZWIEDZ. Influence of occupational exposure to pesticides on the susceptibility and repair capacity of UV induced damage. Polish Journal of Environmental Studies, 11: 86-89<\/p>\n<p>&nbsp;<\/p>\n<p><strong>2001<\/strong><\/p>\n<p>136. RIZKI, M., S. AMRANI, A. CREUS, N. XAMENA, &amp; R. MARCOS. Antigenotoxic properties of selenium. Studies in the wing spot test in Drosophila. <a href=\"http:\/\/www.ncbi.nlm.nih.gov\/pubmed\/11170243?dopt=Abstract\" target=\"_blank\" rel=\"noopener\">Environmental Molecular Mutagenesis, 37: 70-75<\/a><\/p>\n<p>137. VAGLENOV, A., A. CREUS, S. LALTCHEV, V. PETKOVA, S. PAVLOVA &amp; R. MARCOS. Occupational exposure to lead and induction of genetic damage. <a href=\"http:\/\/www.ncbi.nlm.nih.gov\/pubmed\/11333192?dopt=Abstract\" target=\"_blank\" rel=\"noopener\">Environmental Health Perspectives, 109: 295-298<\/a><\/p>\n<p>138. PUERTO, S., M.J. RAM\u00cdREZ, R. MARCOS, A. CREUS &amp; J. SURRALL\u00c9S. Radiation induced chromosome aberrations in human euchromatic (17cen-p53) and heterochromatic&nbsp; (1cen-1q12) regions. <a href=\"http:\/\/www.ncbi.nlm.nih.gov\/pubmed\/11420395?dopt=Abstract\" target=\"_blank\" rel=\"noopener\">Mutagenesis 16: 291-296<\/a><\/p>\n<p>139. PASTOR, S., S.GUTI\u00c9RREZ, A.CREUS, A. CEBULSKA-WASILIEVSKA &amp; R. MARCOS. Micronuclei in peripheral blood lymphocytes and buccal epithelial cells of Polish farmers exposed to pesticides. <a href=\"http:\/\/www.ncbi.nlm.nih.gov\/pubmed\/11448652?dopt=Abstract\" target=\"_blank\" rel=\"noopener\">Mutation Research, 495: 147-156<\/a><\/p>\n<p>140. GONZ\u00c1LEZ-BORROTO, J., A. CREUS &amp; R. MARCOS. Genotoxic evaluation of the furylethylene derivative 2-furyl-1-nitroethene in cultured human lymphocytes. <a href=\"http:\/\/www.ncbi.nlm.nih.gov\/pubmed\/11525921?dopt=Abstract\" target=\"_blank\" rel=\"noopener\">Mutation Research, 497: 177-184<\/a><\/p>\n<p>141. PASTOR, S., S. GUTI\u00c9RREZ, A.CREUS, N. XAMENA, S. PIPERAKIS &amp; R. MARCOS. Cytogenetic analysis of Greek farmers by using the micronucleus assay in peripheral blood lymphocytes and in buccal epithelial cells. <a href=\"http:\/\/www.ncbi.nlm.nih.gov\/pubmed\/11682646?dopt=Abstract\" target=\"_blank\" rel=\"noopener\">Mutagenesis, 16: 539-545<\/a><\/p>\n<p>&nbsp;<\/p>\n<p><a href=\"#puja\">Puja<\/a><\/p>\n","protected":false},"excerpt":{"rendered":"<p>2005 181. MARTINEZ V., A. CREUS, W. VENEGAS, A. ARROYO, J.P BECK, T.W. GEBEL, J. SURRALL\u00c9S, &amp; R. MARCOS. Micronuclei assessment in buccal cells of people environmentally exposed to arsenic. Toxicology Letters 155: 319-327 182. CALL\u00c9N, E., J.A. CASADO, M.D. TISCHKOWITZ, J.A. BUEREN, A. CREUS, R. MARCOS, A. DASI, J.M. ESTELLA, A. MU\u00d1OZ, J.J ORTEGA, [&hellip;]<\/p>\n","protected":false},"author":20,"featured_media":0,"parent":0,"menu_order":0,"comment_status":"closed","ping_status":"closed","template":"","meta":{"footnotes":""},"class_list":["post-85","page","type-page","status-publish","hentry"],"_links":{"self":[{"href":"https:\/\/webs.uab.cat\/mutagenesi\/wp-json\/wp\/v2\/pages\/85","targetHints":{"allow":["GET"]}}],"collection":[{"href":"https:\/\/webs.uab.cat\/mutagenesi\/wp-json\/wp\/v2\/pages"}],"about":[{"href":"https:\/\/webs.uab.cat\/mutagenesi\/wp-json\/wp\/v2\/types\/page"}],"author":[{"embeddable":true,"href":"https:\/\/webs.uab.cat\/mutagenesi\/wp-json\/wp\/v2\/users\/20"}],"replies":[{"embeddable":true,"href":"https:\/\/webs.uab.cat\/mutagenesi\/wp-json\/wp\/v2\/comments?post=85"}],"version-history":[{"count":0,"href":"https:\/\/webs.uab.cat\/mutagenesi\/wp-json\/wp\/v2\/pages\/85\/revisions"}],"wp:attachment":[{"href":"https:\/\/webs.uab.cat\/mutagenesi\/wp-json\/wp\/v2\/media?parent=85"}],"curies":[{"name":"wp","href":"https:\/\/api.w.org\/{rel}","templated":true}]}}