{"id":94,"date":"2011-02-09T13:10:01","date_gmt":"2011-02-09T11:10:01","guid":{"rendered":"https:\/\/webs.uab.cat\/mutagenesi\/tesis-de-llicenciatura-i-treballs-de-magister-de-2003-2005\/"},"modified":"2011-02-09T13:10:01","modified_gmt":"2011-02-09T11:10:01","slug":"tesis-de-llicenciatura-i-treballs-de-magister-de-2003-2005","status":"publish","type":"page","link":"https:\/\/webs.uab.cat\/mutagenesi\/tesis-de-llicenciatura-i-treballs-de-magister-de-2003-2005\/","title":{"rendered":"Tesis de Llicenciatura i Treballs de M\u00e0ster de 2006 a 2009"},"content":{"rendered":"<p><strong>49. <\/strong>El ensayo de micron\u00facleos (MN) en c\u00e9lulas uroteliales como medida de genotoxicidad asociada al uso de tintes del cabello. Felicidad Espinoza Soto. Treball de M\u00e0ster. Director: R. Marcos. Lectura: 4-4-2006.<\/p>\n<p><strong>50. <\/strong>Investigaci\u00f3n del potencial genot\u00f3xico del f\u00e1rmaco experimental E-5842 en el test del micron\u00facleo en m\u00e9dula \u00f3sea de rat\u00f3n. Antonio Guzm\u00e1n Cano. Treball de M\u00e0ster. Director: R. Marcos. Lectura: 30-3-2006.<\/p>\n<p><strong>51.<\/strong> Papel de la longitud telom\u00e9rica en el da\u00f1o basal e inducido en linfocitos de cord\u00f3n umbilical. Jennifer Moreno Palomo. Treball de M\u00e0ster. Director: R. Marcos. Lectura: 12-7-2006.<\/p>\n<p><strong>52. <\/strong>Utilizaci\u00f3n del ensayo de linfoma de rat\u00f3n en estudios de genotoxicidad. Carolina Soriano T\u00e1rraga. Treball de M\u00e0ster. Directors: R. Marcos i A. Creus. Lectura: 12-7-2006.<\/p>\n<p><strong>53. <\/strong>Evaluaci\u00f3n genot\u00f3xica de diversos subproductos de la cloraci\u00f3n del agua de consumo. Danae Marcela Liviac Mu\u00f1oz. Treball de M\u00e0ster. Director: R. Marcos. Lectura: 13-9-2006.<\/p>\n<p><strong>54.<\/strong> Evaluaci\u00f3n genot\u00f3xica de dos compuestos de mercurio en el ensayo de recombinaci\u00f3n y mutaci\u00f3n som\u00e1tica (SMART) en alas de Drosophila melanogaster. Erico R. Carmona Ort\u00edz. Treball de M\u00e0ster. Directors: R. Marcos i A. Creus. Lectura: 14-9-2006.<\/p>\n<p><strong>55.<\/strong> Aplicaci\u00f3n de t\u00e9cnicas de citogen\u00e9tica molecular para la detecci\u00f3n de aneuploid\u00eda y clastogenicidad en c\u00e9lulas humanas expuestas a ars\u00e9nico. Magaly J. Ch\u00e1vez Delgado. Treball de M\u00e0ster. Director: R. Marcos. Lectura: 14-9-2006.<\/p>\n<p><strong>56. <\/strong>Relaci\u00f3n dosis-respuesta frente a la radiaci\u00f3n gamma en linfocitos humanos. Resultados en el ensayo del cometa. Liliana Andrea Z\u00fa\u00f1iga Venegas. Treball de M\u00e0ster. Directors: R. Marcos i A. Creus. Lectura: 12-2-2007.<\/p>\n<p><strong>57.<\/strong> Evaluaci\u00f3n del da\u00f1o gen\u00e9tico en pacientes con insuficiencia renal en di\u00e1lisis, mediante el ensayo del cometa. Elitsa Georgieva Stoyanova. Treball de M\u00e0ster. Director: R. Marcos. Lectura: 12-9-2007.<\/p>\n<p><strong>58.<\/strong> Da\u00f1o gen\u00e9tico, medido con el ensayo de micron\u00facleos, en pacientes con insuficiencia renal cr\u00f3nica sometidos a hemodi\u00e1lisis. S\u00edlvia Berenice Sandoval Loera. Treball de M\u00e0ster. Director: R. Marcos. Lectura: 12-9-2007.<\/p>\n<p><strong>59.<\/strong> Validaci\u00f3n de resultados de prote\u00f3mica diferencial entre Fanconi anemia FAA y FAC por real time PCR. Jordi Villa Fontes. Treball de M\u00e0ster. Director: J. Surrall\u00e9s. Lectura: 12-9-2007.<\/p>\n<p><strong>60.<\/strong> Susceptibilidad gen\u00e9tica y c\u00e1ncer de tiroides. Marta Vila Pueyo. Treball de M\u00e0ster. Directora: A. Vel\u00e1zquez. Lectura: 12-9-2007.<\/p>\n<p><strong>61. <\/strong>Efecto del \u00e1cido f\u00f3lico en la longitud telom\u00e9rica. Roger Casanovas Viaplana. Treball de M\u00e0ster. Director: J. Surrall\u00e9s. Lectura: 12-9-2007.<\/p>\n<p><strong>62<\/strong>. Estudio de polimorfismos del gen WDR y la susceptibilidad al c\u00e1ncer de tiroides. Abdelmounaim Akdi. Treball de M\u00e0ster. Directors: A. Vel\u00e1zquez i R. Marcos. Lectura: 8-4-2008.<\/p>\n<p><strong>63. <\/strong>Estudios de asociaci\u00f3n entre los genes ERCC1, ERCC2 y ERCC5 con el c\u00e1ncer de tiroides. Eddy Ren\u00e9 Gonz\u00e1lez Flores. Treball de M\u00e0ster. Directors: R. Marcos i A. Vel\u00e1zquez. Lectura: 8-4-2008.<\/p>\n<p><strong>64.<\/strong> Evaluaci\u00f3n genot\u00f3xica de dos subproductos de la desinfecci\u00f3n del agua (tricloronitrometano y bromonitrometano) en el ensayo de mutaci\u00f3n y recombinaci\u00f3n som\u00e1tica (SMART) de alas, en Drosophila melanogaster. Wilser Andr\u00e9s Garc\u00eda Quispes. Treball de M\u00e0ster. Director: R. Marcos. Lectura: 9-7-2008.<\/p>\n<p><strong>65.<\/strong> Estudi de l\u2019activaci\u00f3 de la ruta FA\/BRCA en resposta a baixes dosis de radiaci\u00f3 ionitzant.&nbsp;Pau Castillo Bosch.&nbsp;Treball de M\u00e0ster. Director: J. Surrall\u00e9s. Lectura: 9-7-2008.<\/p>\n<p><strong>66.<\/strong> \u00c1cido f\u00f3lico y tel\u00f3meros: estudio de su efecto y comparaci\u00f3n de t\u00e9cnicas de an\u00e1lisis. Gonzalo Hern\u00e1ndez Viedma. Treball de M\u00e0ster. Director: J. Surrall\u00e9s. Lectura: 10-9-2008.<\/p>\n<p><strong>67. <\/strong>Evaluaci\u00f3n genot\u00f3xica del tri\u00f3xido de ars\u00e9nico (TOA) en la l\u00ednea celular TK6. Roxana Moya Torrico. Treball de M\u00e0ster Director: R. Marcos. Lectura: 10-9-2008.<\/p>\n<p><strong>68.<\/strong> Optimitzaci\u00f3 de l\u2019assaig del Cometa. David Marti Amengual Vich.&nbsp;Treball de M\u00e0ster. Director: N. Xamena. Lectura: 10-9-2008.<\/p>\n<p><strong>69. <\/strong>Mecanismes de genotoxicitat de l\u2019ars\u00e8nic; estudi de la desregulaci\u00f3 g\u00e8nica indu\u00efda per l\u2019exposici\u00f3 cr\u00f2nica a aquest element utilitzant com a model una l\u00ednea cel\u00b7lular hepatocit\u00e0ria, HepG2. Anna Pastoret Calder\u00f3.&nbsp;Treball de M\u00e0ster. Directors: R. Marcos i A. Hern\u00e1ndez. Lectura: 14-7-2009.<\/p>\n<p><strong>70. <\/strong>Optimizaci\u00f3n e implementaci\u00f3n de la t\u00e9cnica de MLPA y de la secuenciaci\u00f3n para el diagn\u00f3stico molecular de las mutaciones m\u00e1s frecuentes en el gen FANCA en pacientes con anemia de Fanconi de la poblaci\u00f3n cauc\u00e1sica espa\u00f1ola. Juan PabloTrujillo Quintero.&nbsp;Treball de M\u00e0ster. Director: J. Surrall\u00e9s Lectura: 14-7-2009.<\/p>\n<p><strong>71. <\/strong>C\u00e1ncer de tiroides: expresi\u00f3n y metilaci\u00f3n de los genes WDR3 y TBX15 en l\u00edneas celulares humanas. Esteban Mariano Gim\u00e9nez.&nbsp;Treball de M\u00e0ster. Directora: A. Vel\u00e1zquez. Lectura: 10-9-2009.<\/p>\n","protected":false},"excerpt":{"rendered":"<p>49. El ensayo de micron\u00facleos (MN) en c\u00e9lulas uroteliales como medida de genotoxicidad asociada al uso de tintes del cabello. Felicidad Espinoza Soto. Treball de M\u00e0ster. Director: R. Marcos. Lectura: 4-4-2006. 50. Investigaci\u00f3n del potencial genot\u00f3xico del f\u00e1rmaco experimental E-5842 en el test del micron\u00facleo en m\u00e9dula \u00f3sea de rat\u00f3n. Antonio Guzm\u00e1n Cano. Treball de [&hellip;]<\/p>\n","protected":false},"author":20,"featured_media":0,"parent":0,"menu_order":0,"comment_status":"closed","ping_status":"closed","template":"","meta":{"footnotes":""},"class_list":["post-94","page","type-page","status-publish","hentry"],"_links":{"self":[{"href":"https:\/\/webs.uab.cat\/mutagenesi\/wp-json\/wp\/v2\/pages\/94","targetHints":{"allow":["GET"]}}],"collection":[{"href":"https:\/\/webs.uab.cat\/mutagenesi\/wp-json\/wp\/v2\/pages"}],"about":[{"href":"https:\/\/webs.uab.cat\/mutagenesi\/wp-json\/wp\/v2\/types\/page"}],"author":[{"embeddable":true,"href":"https:\/\/webs.uab.cat\/mutagenesi\/wp-json\/wp\/v2\/users\/20"}],"replies":[{"embeddable":true,"href":"https:\/\/webs.uab.cat\/mutagenesi\/wp-json\/wp\/v2\/comments?post=94"}],"version-history":[{"count":0,"href":"https:\/\/webs.uab.cat\/mutagenesi\/wp-json\/wp\/v2\/pages\/94\/revisions"}],"wp:attachment":[{"href":"https:\/\/webs.uab.cat\/mutagenesi\/wp-json\/wp\/v2\/media?parent=94"}],"curies":[{"name":"wp","href":"https:\/\/api.w.org\/{rel}","templated":true}]}}