{"id":53,"date":"2015-05-07T11:31:36","date_gmt":"2015-05-07T11:31:36","guid":{"rendered":"https:\/\/webs.uab.cat\/nasca\/sectores-i-ii\/"},"modified":"2022-08-05T12:00:47","modified_gmt":"2022-08-05T12:00:47","slug":"sectores-i-ii","status":"publish","type":"page","link":"https:\/\/webs.uab.cat\/nasca\/sectores-i-ii\/","title":{"rendered":"Sectores I-II"},"content":{"rendered":"\n<p><a href=\"https:\/\/webs.uab.cat\/nasca\/excavacion\/\" data-type=\"page\" data-id=\"50\">Excavaci\u00f3n<\/a>\u00a0\u00bb Sectores I-II<\/p>\n\n\n\n<p>Las excavaciones en Cerro de El Trigal documentan una serie de edificios ubicados en la cima. Se trata de edificios singulares, que sirvieron de ubicaci\u00f3n a actividades de trabajo y de gesti\u00f3n econ\u00f3mico-pol\u00edtica de la comunidad. Conocemos dos fases, asociadas cada una a uno de estos edificios singulares.<\/p>\n\n\n\n<p>En una primera fase (Horizonte de Cerro de El Trigal I, c. 700-450 cal ANE), el edificio de los almacenes destinado a pr\u00e1cticas de almacenamiento centralizado. En una serie de recept\u00e1culos alineados formando trazados perpendiculares entre s\u00ed, donde la comunidad pudo guardar las reservas de alimentos.<\/p>\n\n\n\n<p>Respecto al Edificio de los Patios, constitu\u00eda el centro econ\u00f3mico-pol\u00edtico de la segunda fase (Horizonte de Cerro de El Trigal II, c. 450-100 cal ANE). Es un conjunto de espacios abiertos y estancias, donde se realizaron trabajos colectivos, tanto de procesado de alimentos como de producci\u00f3n artesanal (alfarer\u00eda, hilado y tejido, fabricaci\u00f3n de herramientas l\u00edticos, fabricaci\u00f3n de adornos sobre concha).&nbsp;<\/p>\n\n\n\n<figure class=\"wp-block-image\"><img decoding=\"async\" src=\"http:\/\/jornades.uab.cat\/nasca\/sites\/jornades.uab.cat.nasca\/files\/images\/Trigal-Cerro-Planimetria_1.preview_0.jpg\" alt=\"\" title=\"\"\/><\/figure>\n\n\n\n<p><span class=\"inline inline-none\"><\/span><\/p>\n","protected":false},"excerpt":{"rendered":"<p>Excavaci\u00f3n\u00a0\u00bb Sectores I-II Las excavaciones en Cerro de El Trigal documentan una serie de edificios ubicados en la cima. Se trata de edificios singulares, que sirvieron de ubicaci\u00f3n a actividades de trabajo y de gesti\u00f3n econ\u00f3mico-pol\u00edtica de la comunidad. Conocemos dos fases, asociadas cada una a uno de estos edificios singulares. En una primera fase [&hellip;]<\/p>\n","protected":false},"author":20,"featured_media":0,"parent":0,"menu_order":0,"comment_status":"closed","ping_status":"closed","template":"","meta":{"footnotes":""},"class_list":["post-53","page","type-page","status-publish","hentry"],"_links":{"self":[{"href":"https:\/\/webs.uab.cat\/nasca\/wp-json\/wp\/v2\/pages\/53","targetHints":{"allow":["GET"]}}],"collection":[{"href":"https:\/\/webs.uab.cat\/nasca\/wp-json\/wp\/v2\/pages"}],"about":[{"href":"https:\/\/webs.uab.cat\/nasca\/wp-json\/wp\/v2\/types\/page"}],"author":[{"embeddable":true,"href":"https:\/\/webs.uab.cat\/nasca\/wp-json\/wp\/v2\/users\/20"}],"replies":[{"embeddable":true,"href":"https:\/\/webs.uab.cat\/nasca\/wp-json\/wp\/v2\/comments?post=53"}],"version-history":[{"count":1,"href":"https:\/\/webs.uab.cat\/nasca\/wp-json\/wp\/v2\/pages\/53\/revisions"}],"predecessor-version":[{"id":134,"href":"https:\/\/webs.uab.cat\/nasca\/wp-json\/wp\/v2\/pages\/53\/revisions\/134"}],"wp:attachment":[{"href":"https:\/\/webs.uab.cat\/nasca\/wp-json\/wp\/v2\/media?parent=53"}],"curies":[{"name":"wp","href":"https:\/\/api.w.org\/{rel}","templated":true}]}}