{"id":29,"date":"2024-04-30T13:05:15","date_gmt":"2024-04-30T11:05:15","guid":{"rendered":"https:\/\/webs.uab.cat\/nitrecercat\/?page_id=29"},"modified":"2025-09-03T13:33:53","modified_gmt":"2025-09-03T11:33:53","slug":"nit-de-la-recerca-a-catalunya","status":"publish","type":"page","link":"https:\/\/webs.uab.cat\/nitrecercat\/","title":{"rendered":"Nit de la recerca a la UAB"},"content":{"rendered":"\n<div class=\"wp-block-cover alignfull\" style=\"min-height:351px;aspect-ratio:unset;\"><span aria-hidden=\"true\" class=\"wp-block-cover__background has-background-dim-0 has-background-dim has-background-gradient\" style=\"background:linear-gradient(135deg,rgb(5,5,80) 0%,rgb(31,82,170) 100%)\"><\/span><img loading=\"lazy\" decoding=\"async\" width=\"3968\" height=\"217\" class=\"wp-block-cover__image-background wp-image-63\" alt=\"\" src=\"https:\/\/webs.uab.cat\/nitrecercat\/wp-content\/uploads\/sites\/565\/2024\/05\/fons-nit.png\" style=\"object-position:25% 92%\" data-object-fit=\"cover\" data-object-position=\"25% 92%\" srcset=\"https:\/\/webs.uab.cat\/nitrecercat\/wp-content\/uploads\/sites\/565\/2024\/05\/fons-nit.png 3968w, https:\/\/webs.uab.cat\/nitrecercat\/wp-content\/uploads\/sites\/565\/2024\/05\/fons-nit-300x16.png 300w, https:\/\/webs.uab.cat\/nitrecercat\/wp-content\/uploads\/sites\/565\/2024\/05\/fons-nit-1024x56.png 1024w, https:\/\/webs.uab.cat\/nitrecercat\/wp-content\/uploads\/sites\/565\/2024\/05\/fons-nit-768x42.png 768w, https:\/\/webs.uab.cat\/nitrecercat\/wp-content\/uploads\/sites\/565\/2024\/05\/fons-nit-1536x84.png 1536w, https:\/\/webs.uab.cat\/nitrecercat\/wp-content\/uploads\/sites\/565\/2024\/05\/fons-nit-2048x112.png 2048w, https:\/\/webs.uab.cat\/nitrecercat\/wp-content\/uploads\/sites\/565\/2024\/05\/fons-nit-1200x66.png 1200w, https:\/\/webs.uab.cat\/nitrecercat\/wp-content\/uploads\/sites\/565\/2024\/05\/fons-nit-1980x108.png 1980w\" sizes=\"auto, (max-width: 3968px) 100vw, 3968px\" \/><div class=\"wp-block-cover__inner-container is-layout-flow wp-block-cover-is-layout-flow\">\n<h2 class=\"wp-block-heading alignwide has-white-color has-text-color\" style=\"font-size:48px;line-height:1.2\">divendres 26 de setembre<br>de 17 a 22h<\/h2>\n\n\n\n<p class=\"has-blanc-coco-color has-text-color has-link-color wp-elements-08334811b563d2ef5b751a5aafd55d29\"><strong>La Nit Europea de la Recerca \u00e9s un esdeveniment p\u00fablic dedicat a la divulgaci\u00f3 de la ci\u00e8ncia. El seu objectiu \u00e9s apropar la recerca, la innovaci\u00f3 i els seus protagonistes al p\u00fablic de totes les edats de manera planera i divertida.<\/strong><\/p>\n\n\n\n<p>Vine al Campus de la UAB a celebrar aquest festa de la ci\u00e8ncia amb els seus protagonistes!<\/p>\n<\/div><\/div>\n\n\n\r\n<ul class=\"staff-grid\">\r\n<style>\r\n\t.staff-grid{\r\n\t\tgrid-template-columns: auto auto !important;\r\n\t}\r\n\t.staff-list-item img {\r\n    -o-object-fit: cover;\r\n    object-fit: cover;\r\n    border-radius: 0%;\r\n    height: 100%;\r\n    width: 100%;\r\n\t\t\r\n}\r\n<\/style>\r\n\r\n\t\r\n<li class=\"staff-list-item\">\r\n\t<figure>\r\n\t\t\r\n\t\t<img decoding=\"async\" src=\"https:\/\/webs.uab.cat\/nitrecercat\/wp-content\/uploads\/sites\/565\/2024\/07\/facultad-filosofia-letras-universidad-autonoma-barcelona-uab_97.jpg.webp\" alt=\"L'escola va a la Universitat\">\r\n\t\t\r\n\t<\/figure>\r\n\t<div>\r\n\t\t<p><strong>L&#8217;escola va a la Universitat<\/strong><\/p>\r\n\t\t<p><\/p>\r\n\t<\/div>\r\n<\/li>\r\n\t<style>\r\n\t.staff-grid{\r\n\t\tgrid-template-columns: auto auto !important;\r\n\t}\r\n\t.staff-list-item img {\r\n    -o-object-fit: cover;\r\n    object-fit: cover;\r\n    border-radius: 0%;\r\n    height: 100%;\r\n    width: 100%;\r\n\t\t\r\n}\r\n<\/style>\r\n\r\n\t\r\n<li class=\"staff-list-item\">\r\n\t<figure>\r\n\t\t\r\n\t\t<img decoding=\"async\" src=\"https:\/\/webs.uab.cat\/nitrecercat\/wp-content\/uploads\/sites\/565\/2024\/07\/iStock-2158051568-e1724661409270.jpg\" alt=\"La universitat va a l'escola\">\r\n\t\t\r\n\t<\/figure>\r\n\t<div>\r\n\t\t<p><strong>La universitat va a l&#8217;escola<\/strong><\/p>\r\n\t\t<p><\/p>\r\n\t<\/div>\r\n<\/li>\r\n\t<style>\r\n\t.staff-grid{\r\n\t\tgrid-template-columns: auto auto !important;\r\n\t}\r\n\t.staff-list-item img {\r\n    -o-object-fit: cover;\r\n    object-fit: cover;\r\n    border-radius: 0%;\r\n    height: 100%;\r\n    width: 100%;\r\n\t\t\r\n}\r\n<\/style>\r\n\r\n\t\r\n<li class=\"staff-list-item\">\r\n\t<figure>\r\n\t\t\r\n\t\t<img decoding=\"async\" src=\"https:\/\/webs.uab.cat\/nitrecercat\/wp-content\/uploads\/sites\/565\/2024\/07\/xerrada-e1724661425774.jpg\" alt=\"Microxerrades\">\r\n\t\t\r\n\t<\/figure>\r\n\t<div>\r\n\t\t<p><strong>Microxerrades<\/strong><\/p>\r\n\t\t<p><\/p>\r\n\t<\/div>\r\n<\/li>\r\n\t<style>\r\n\t.staff-grid{\r\n\t\tgrid-template-columns: auto auto !important;\r\n\t}\r\n\t.staff-list-item img {\r\n    -o-object-fit: cover;\r\n    object-fit: cover;\r\n    border-radius: 0%;\r\n    height: 100%;\r\n    width: 100%;\r\n\t\t\r\n}\r\n<\/style>\r\n\r\n\t\r\n<li class=\"staff-list-item\">\r\n\t<figure>\r\n\t\t\r\n\t\t<img decoding=\"async\" src=\"https:\/\/webs.uab.cat\/nitrecercat\/wp-content\/uploads\/sites\/565\/2024\/07\/WhatsApp-Image-2023-09-30-at-12.47.31-2048x1366-1.jpeg\" alt=\"Fira de tallers\">\r\n\t\t\r\n\t<\/figure>\r\n\t<div>\r\n\t\t<p><strong>Fira de tallers<\/strong><\/p>\r\n\t\t<p><\/p>\r\n\t<\/div>\r\n<\/li>\r\n\t<style>\r\n\t.staff-grid{\r\n\t\tgrid-template-columns: auto auto !important;\r\n\t}\r\n\t.staff-list-item img {\r\n    -o-object-fit: cover;\r\n    object-fit: cover;\r\n    border-radius: 0%;\r\n    height: 100%;\r\n    width: 100%;\r\n\t\t\r\n}\r\n<\/style>\r\n\r\n\t\r\n<li class=\"staff-list-item\">\r\n\t<figure>\r\n\t\t\r\n\t\t<img decoding=\"async\" src=\"https:\/\/webs.uab.cat\/nitrecercat\/wp-content\/uploads\/sites\/565\/2024\/07\/iStock-2158051568-e1724661409270.jpg\" alt=\"Visites a centres de recerca de la UAB\">\r\n\t\t\r\n\t<\/figure>\r\n\t<div>\r\n\t\t<p><strong>Visites a centres de recerca de la UAB<\/strong><\/p>\r\n\t\t<p><\/p>\r\n\t<\/div>\r\n<\/li>\r\n\t\r\n<\/ul>\r\n\n\n\n<div data-wp-interactive=\"core\/file\" class=\"wp-block-file alignfull\"><object data-wp-bind--hidden=\"!state.hasPdfPreview\" hidden class=\"wp-block-file__embed\" data=\"https:\/\/webs.uab.cat\/nitrecercat\/wp-content\/uploads\/sites\/565\/2025\/09\/mapa-2.pdf\" type=\"application\/pdf\" style=\"width:100%;height:870px\" aria-label=\"Incrustaci\u00f3 del fitxer mapa.\"><\/object><a id=\"wp-block-file--media-a21b24e2-a2d6-4681-8c90-1f0c8cebd48e\" href=\"https:\/\/webs.uab.cat\/nitrecercat\/wp-content\/uploads\/sites\/565\/2025\/09\/mapa-2.pdf\">mapa<\/a><a href=\"https:\/\/webs.uab.cat\/nitrecercat\/wp-content\/uploads\/sites\/565\/2025\/09\/mapa-2.pdf\" class=\"wp-block-file__button wp-element-button\" download aria-describedby=\"wp-block-file--media-a21b24e2-a2d6-4681-8c90-1f0c8cebd48e\">Baixa<\/a><\/div>\n\n\n\n<div class=\"wp-block-cover alignfull\" style=\"min-height:351px;aspect-ratio:unset;\"><span aria-hidden=\"true\" class=\"wp-block-cover__background has-background-dim-0 has-background-dim has-background-gradient\" style=\"background:linear-gradient(135deg,rgb(5,5,80) 0%,rgb(31,82,170) 100%)\"><\/span><img loading=\"lazy\" decoding=\"async\" width=\"3968\" height=\"217\" class=\"wp-block-cover__image-background wp-image-63\" alt=\"\" src=\"https:\/\/webs.uab.cat\/nitrecercat\/wp-content\/uploads\/sites\/565\/2024\/05\/fons-nit.png\" style=\"object-position:25% 92%\" data-object-fit=\"cover\" data-object-position=\"25% 92%\" srcset=\"https:\/\/webs.uab.cat\/nitrecercat\/wp-content\/uploads\/sites\/565\/2024\/05\/fons-nit.png 3968w, https:\/\/webs.uab.cat\/nitrecercat\/wp-content\/uploads\/sites\/565\/2024\/05\/fons-nit-300x16.png 300w, https:\/\/webs.uab.cat\/nitrecercat\/wp-content\/uploads\/sites\/565\/2024\/05\/fons-nit-1024x56.png 1024w, https:\/\/webs.uab.cat\/nitrecercat\/wp-content\/uploads\/sites\/565\/2024\/05\/fons-nit-768x42.png 768w, https:\/\/webs.uab.cat\/nitrecercat\/wp-content\/uploads\/sites\/565\/2024\/05\/fons-nit-1536x84.png 1536w, https:\/\/webs.uab.cat\/nitrecercat\/wp-content\/uploads\/sites\/565\/2024\/05\/fons-nit-2048x112.png 2048w, https:\/\/webs.uab.cat\/nitrecercat\/wp-content\/uploads\/sites\/565\/2024\/05\/fons-nit-1200x66.png 1200w, https:\/\/webs.uab.cat\/nitrecercat\/wp-content\/uploads\/sites\/565\/2024\/05\/fons-nit-1980x108.png 1980w\" sizes=\"auto, (max-width: 3968px) 100vw, 3968px\" \/><div class=\"wp-block-cover__inner-container is-layout-flow wp-block-cover-is-layout-flow\">\n<p>Amb el cofinancament de<\/p>\n\n\n\n<div class=\"wp-block-columns is-layout-flex wp-container-core-columns-is-layout-9d6595d7 wp-block-columns-is-layout-flex\">\n<div class=\"wp-block-column is-layout-flow wp-block-column-is-layout-flow\">\n<figure class=\"wp-block-image size-large\"><img loading=\"lazy\" decoding=\"async\" width=\"1024\" height=\"207\" src=\"https:\/\/webs.uab.cat\/nitrecercat\/wp-content\/uploads\/sites\/565\/2025\/07\/mcin-fecyt-web-1024x207.jpeg\" alt=\"\" class=\"wp-image-775\" srcset=\"https:\/\/webs.uab.cat\/nitrecercat\/wp-content\/uploads\/sites\/565\/2025\/07\/mcin-fecyt-web-1024x207.jpeg 1024w, https:\/\/webs.uab.cat\/nitrecercat\/wp-content\/uploads\/sites\/565\/2025\/07\/mcin-fecyt-web-300x61.jpeg 300w, https:\/\/webs.uab.cat\/nitrecercat\/wp-content\/uploads\/sites\/565\/2025\/07\/mcin-fecyt-web-768x155.jpeg 768w, https:\/\/webs.uab.cat\/nitrecercat\/wp-content\/uploads\/sites\/565\/2025\/07\/mcin-fecyt-web-1536x311.jpeg 1536w, https:\/\/webs.uab.cat\/nitrecercat\/wp-content\/uploads\/sites\/565\/2025\/07\/mcin-fecyt-web-2048x414.jpeg 2048w, https:\/\/webs.uab.cat\/nitrecercat\/wp-content\/uploads\/sites\/565\/2025\/07\/mcin-fecyt-web-1200x243.jpeg 1200w, https:\/\/webs.uab.cat\/nitrecercat\/wp-content\/uploads\/sites\/565\/2025\/07\/mcin-fecyt-web-1980x401.jpeg 1980w\" sizes=\"auto, (max-width: 1024px) 100vw, 1024px\" \/><\/figure>\n<\/div>\n\n\n\n<div class=\"wp-block-column is-layout-flow wp-block-column-is-layout-flow\">\n<figure class=\"wp-block-image size-large\"><img loading=\"lazy\" decoding=\"async\" width=\"1024\" height=\"228\" src=\"https:\/\/webs.uab.cat\/nitrecercat\/wp-content\/uploads\/sites\/565\/2025\/07\/EN_Co-fundedbytheEU_RGB_WHITE-1024x228.png\" alt=\"\" class=\"wp-image-780\" srcset=\"https:\/\/webs.uab.cat\/nitrecercat\/wp-content\/uploads\/sites\/565\/2025\/07\/EN_Co-fundedbytheEU_RGB_WHITE-1024x228.png 1024w, https:\/\/webs.uab.cat\/nitrecercat\/wp-content\/uploads\/sites\/565\/2025\/07\/EN_Co-fundedbytheEU_RGB_WHITE-300x67.png 300w, https:\/\/webs.uab.cat\/nitrecercat\/wp-content\/uploads\/sites\/565\/2025\/07\/EN_Co-fundedbytheEU_RGB_WHITE-768x171.png 768w, https:\/\/webs.uab.cat\/nitrecercat\/wp-content\/uploads\/sites\/565\/2025\/07\/EN_Co-fundedbytheEU_RGB_WHITE-1536x343.png 1536w, https:\/\/webs.uab.cat\/nitrecercat\/wp-content\/uploads\/sites\/565\/2025\/07\/EN_Co-fundedbytheEU_RGB_WHITE-2048x457.png 2048w, https:\/\/webs.uab.cat\/nitrecercat\/wp-content\/uploads\/sites\/565\/2025\/07\/EN_Co-fundedbytheEU_RGB_WHITE-1200x268.png 1200w, https:\/\/webs.uab.cat\/nitrecercat\/wp-content\/uploads\/sites\/565\/2025\/07\/EN_Co-fundedbytheEU_RGB_WHITE-1980x442.png 1980w\" sizes=\"auto, (max-width: 1024px) 100vw, 1024px\" \/><\/figure>\n<\/div>\n<\/div>\n\n\n\n<p class=\"has-small-font-size\">Aquest projecte est\u00e0 cofinan\u00e7at pel programa de recerca i innovaci\u00f3 Horizon Europe de la Uni\u00f3 Europea sota el projecte NitRecerCat2425 (101162003).<\/p>\n\n\n\n<p class=\"has-small-font-size\">This project is co-funded by the European Union\u2019s research and innovation programme Horizon Europe, under the project NitRecercat2425 (101162003).<\/p>\n<\/div><\/div>\n\n\n\n<p><\/p>\n","protected":false},"excerpt":{"rendered":"","protected":false},"author":20,"featured_media":0,"parent":0,"menu_order":0,"comment_status":"closed","ping_status":"closed","template":"","meta":{"footnotes":""},"class_list":["post-29","page","type-page","status-publish","hentry"],"_links":{"self":[{"href":"https:\/\/webs.uab.cat\/nitrecercat\/wp-json\/wp\/v2\/pages\/29","targetHints":{"allow":["GET"]}}],"collection":[{"href":"https:\/\/webs.uab.cat\/nitrecercat\/wp-json\/wp\/v2\/pages"}],"about":[{"href":"https:\/\/webs.uab.cat\/nitrecercat\/wp-json\/wp\/v2\/types\/page"}],"author":[{"embeddable":true,"href":"https:\/\/webs.uab.cat\/nitrecercat\/wp-json\/wp\/v2\/users\/20"}],"replies":[{"embeddable":true,"href":"https:\/\/webs.uab.cat\/nitrecercat\/wp-json\/wp\/v2\/comments?post=29"}],"version-history":[{"count":51,"href":"https:\/\/webs.uab.cat\/nitrecercat\/wp-json\/wp\/v2\/pages\/29\/revisions"}],"predecessor-version":[{"id":868,"href":"https:\/\/webs.uab.cat\/nitrecercat\/wp-json\/wp\/v2\/pages\/29\/revisions\/868"}],"wp:attachment":[{"href":"https:\/\/webs.uab.cat\/nitrecercat\/wp-json\/wp\/v2\/media?parent=29"}],"curies":[{"name":"wp","href":"https:\/\/api.w.org\/{rel}","templated":true}]}}